[Wed Apr 15 01:09:18.920613 2026] [core:notice] [pid 13744:tid 34443511040] AH00113: /usr/local/www/apache24/noexec/ausflugsburgen/.htaccess:10 cannot use a full URL in a 401 ErrorDocument directive --- ignoring!
[Wed Apr 15 01:09:18.920706 2026] [core:notice] [pid 13745:tid 34443523840] AH00113: /usr/local/www/apache24/noexec/ausflugsburgen/.htaccess:10 cannot use a full URL in a 401 ErrorDocument directive --- ignoring!
[Wed Apr 15 01:09:18.920816 2026] [core:notice] [pid 13744:tid 34443511040] AH00113: /usr/local/www/apache24/noexec/ausflugsburgen/allgemein/.htaccess:10 cannot use a full URL in a 401 ErrorDocument directive --- ignoring!
[Wed Apr 15 01:09:18.920968 2026] [core:notice] [pid 13745:tid 34443523840] AH00113: /usr/local/www/apache24/noexec/ausflugsburgen/allgemein/.htaccess:10 cannot use a full URL in a 401 ErrorDocument directive --- ignoring!
[Wed Apr 15 01:09:19.003599 2026] [log_debug:info] [pid 13757:tid 34443509760] [client 4.205.44.31:51149] #shell2ban.web2ban#9#a12eb9adf151662148ceb0f3cc9188fb#[www.ost-see-urlaub.de] https://www.ost-see-urlaub.de GET /errors/notfound.htm HTTP/1.1 200 "" ""#
[Wed Apr 15 01:09:19.112451 2026] [log_debug:info] [pid 13756:tid 34443527680] [client 4.205.44.31:51075] #shell2ban.web2ban#9#a12eb9adf151662148ceb0f3cc9188fb#[stralsund.ost-see-urlaub.de] http://stralsund.ost-see-urlaub.de GET /bypass.php HTTP/1.1 301 "" ""#
[Wed Apr 15 01:09:19.332764 2026] [log_debug:info] [pid 13756:tid 34443518720] [client 4.205.44.31:51074] #shell2ban.web2ban#9#a12eb9adf151662148ceb0f3cc9188fb#[www.stralsund.ost-see-urlaub.de] https://www.stralsund.ost-see-urlaub.de GET /bypass.php HTTP/1.1 302 "" ""#
[Wed Apr 15 01:09:19.441638 2026] [log_debug:info] [pid 13757:tid 34445868544] [client 4.205.44.31:51149] #shell2ban.web2ban#9#a12eb9adf151662148ceb0f3cc9188fb#[www.ost-see-urlaub.de] https://www.ost-see-urlaub.de GET /errors/notfound.htm HTTP/1.1 200 "" ""#
[Wed Apr 15 01:09:19.550085 2026] [log_debug:info] [pid 13756:tid 34443518720] [client 4.205.44.31:51075] #shell2ban.web2ban#9#a12eb9adf151662148ceb0f3cc9188fb#[stralsund.ost-see-urlaub.de] http://stralsund.ost-see-urlaub.de GET /wp-one.php HTTP/1.1 301 "" ""#
[Wed Apr 15 01:09:19.551538 2026] [core:notice] [pid 13756:tid 34440273408] AH00113: /usr/local/www/apache24/noexec/ausflugsburgen/.htaccess:10 cannot use a full URL in a 401 ErrorDocument directive --- ignoring!
[Wed Apr 15 01:09:19.562433 2026] [core:notice] [pid 13759:tid 34440255232] AH00113: /usr/local/www/apache24/noexec/ausflugsburgen/.htaccess:10 cannot use a full URL in a 401 ErrorDocument directive --- ignoring!
[Wed Apr 15 01:09:19.586945 2026] [core:notice] [pid 13757:tid 34430948864] AH00113: /usr/local/www/apache24/noexec/ausflugsburgen/.htaccess:10 cannot use a full URL in a 401 ErrorDocument directive --- ignoring!
[Wed Apr 15 01:09:19.587510 2026] [core:notice] [pid 13757:tid 34430948864] AH00113: /usr/local/www/apache24/noexec/ausflugsburgen/.htaccess:10 cannot use a full URL in a 401 ErrorDocument directive --- ignoring!
[Wed Apr 15 01:09:19.587750 2026] [core:notice] [pid 13757:tid 34440277248] AH00113: /usr/local/www/apache24/noexec/ausflugsburgen/.htaccess:10 cannot use a full URL in a 401 ErrorDocument directive --- ignoring!
[Wed Apr 15 01:09:19.659009 2026] [log_debug:info] [pid 13756:tid 34443518720] [client 4.205.44.31:51074] #shell2ban.web2ban#9#a12eb9adf151662148ceb0f3cc9188fb#[www.stralsund.ost-see-urlaub.de] https://www.stralsund.ost-see-urlaub.de GET /wp-one.php HTTP/1.1 302 "" ""#
[Wed Apr 15 01:09:19.776546 2026] [log_debug:info] [pid 13757:tid 34445868544] [client 4.205.44.31:51149] #shell2ban.web2ban#9#a12eb9adf151662148ceb0f3cc9188fb#[www.ost-see-urlaub.de] https://www.ost-see-urlaub.de GET /errors/notfound.htm HTTP/1.1 200 "" ""#
[Wed Apr 15 01:09:19.885172 2026] [log_debug:info] [pid 13756:tid 34443518720] [client 4.205.44.31:51075] #shell2ban.web2ban#9#a12eb9adf151662148ceb0f3cc9188fb#[stralsund.ost-see-urlaub.de] http://stralsund.ost-see-urlaub.de GET /alexus.php HTTP/1.1 301 "" ""#
[Wed Apr 15 01:09:19.993817 2026] [log_debug:info] [pid 13756:tid 34443518720] [client 4.205.44.31:51074] #shell2ban.web2ban#9#a12eb9adf151662148ceb0f3cc9188fb#[www.stralsund.ost-see-urlaub.de] https://www.stralsund.ost-see-urlaub.de GET /alexus.php HTTP/1.1 302 "" ""#
[Wed Apr 15 01:09:20.102872 2026] [log_debug:info] [pid 13757:tid 34443521280] [client 4.205.44.31:51149] #shell2ban.web2ban#9#a12eb9adf151662148ceb0f3cc9188fb#[www.ost-see-urlaub.de] https://www.ost-see-urlaub.de GET /errors/notfound.htm HTTP/1.1 200 "" ""#
[Wed Apr 15 01:09:20.387870 2026] [log_debug:info] [pid 13756:tid 34443518720] [client 4.205.44.31:51075] #shell2ban.web2ban#9#a12eb9adf151662148ceb0f3cc9188fb#[stralsund.ost-see-urlaub.de] http://stralsund.ost-see-urlaub.de GET /wso1337.php HTTP/1.1 301 "" ""#
[Wed Apr 15 01:09:20.496518 2026] [log_debug:info] [pid 13756:tid 34443518720] [client 4.205.44.31:51074] #shell2ban.web2ban#9#a12eb9adf151662148ceb0f3cc9188fb#[www.stralsund.ost-see-urlaub.de] https://www.stralsund.ost-see-urlaub.de GET /wso1337.php HTTP/1.1 302 "" ""#
[Wed Apr 15 01:09:20.615923 2026] [log_debug:info] [pid 13757:tid 34443509760] [client 4.205.44.31:51149] #shell2ban.web2ban#9#a12eb9adf151662148ceb0f3cc9188fb#[www.ost-see-urlaub.de] https://www.ost-see-urlaub.de GET /errors/notfound.htm HTTP/1.1 200 "" ""#
[Wed Apr 15 01:09:20.724533 2026] [log_debug:info] [pid 13756:tid 34443527680] [client 4.205.44.31:51075] #shell2ban.web2ban#9#a12eb9adf151662148ceb0f3cc9188fb#[stralsund.ost-see-urlaub.de] http://stralsund.ost-see-urlaub.de GET /blog.php HTTP/1.1 301 "" ""#
[Wed Apr 15 01:09:20.815350 2026] [core:notice] [pid 13757:tid 34440277248] AH00113: /usr/local/www/apache24/noexec/ausflugsziele/.htaccess:10 cannot use a full URL in a 401 ErrorDocument directive --- ignoring!
[Wed Apr 15 01:09:20.815359 2026] [core:notice] [pid 13757:tid 34430948864] AH00113: /usr/local/www/apache24/noexec/ausflugsziele/.htaccess:10 cannot use a full URL in a 401 ErrorDocument directive --- ignoring!
[Wed Apr 15 01:09:20.815439 2026] [core:notice] [pid 13757:tid 34440247552] AH00113: /usr/local/www/apache24/noexec/ausflugsziele/.htaccess:10 cannot use a full URL in a 401 ErrorDocument directive --- ignoring!
[Wed Apr 15 01:09:20.827961 2026] [core:notice] [pid 13744:tid 34440265728] AH00113: /usr/local/www/apache24/noexec/ausflugsziele/.htaccess:10 cannot use a full URL in a 401 ErrorDocument directive --- ignoring!
[Wed Apr 15 01:09:20.828112 2026] [core:notice] [pid 13745:tid 34440270848] AH00113: /usr/local/www/apache24/noexec/ausflugsziele/.htaccess:10 cannot use a full URL in a 401 ErrorDocument directive --- ignoring!
[Wed Apr 15 01:09:20.832935 2026] [log_debug:info] [pid 13756:tid 34443527680] [client 4.205.44.31:51074] #shell2ban.web2ban#9#a12eb9adf151662148ceb0f3cc9188fb#[www.stralsund.ost-see-urlaub.de] https://www.stralsund.ost-see-urlaub.de GET /blog.php HTTP/1.1 302 "" ""#
[Wed Apr 15 01:09:20.943100 2026] [log_debug:info] [pid 13757:tid 34445869824] [client 4.205.44.31:51149] #shell2ban.web2ban#9#a12eb9adf151662148ceb0f3cc9188fb#[www.ost-see-urlaub.de] https://www.ost-see-urlaub.de GET /errors/notfound.htm HTTP/1.1 200 "" ""#
[Wed Apr 15 01:09:21.051694 2026] [log_debug:info] [pid 13756:tid 34443518720] [client 4.205.44.31:51075] #shell2ban.web2ban#9#a12eb9adf151662148ceb0f3cc9188fb#[stralsund.ost-see-urlaub.de] http://stralsund.ost-see-urlaub.de GET /it.php HTTP/1.1 301 "" ""#
[Wed Apr 15 01:09:21.160266 2026] [log_debug:info] [pid 13756:tid 34445860864] [client 4.205.44.31:51074] #shell2ban.web2ban#9#a12eb9adf151662148ceb0f3cc9188fb#[www.stralsund.ost-see-urlaub.de] https://www.stralsund.ost-see-urlaub.de GET /it.php HTTP/1.1 302 "" ""#
[Wed Apr 15 01:09:21.606795 2026] [log_debug:info] [pid 13757:tid 34445869824] [client 4.205.44.31:51149] #shell2ban.web2ban#9#a12eb9adf151662148ceb0f3cc9188fb#[www.ost-see-urlaub.de] https://www.ost-see-urlaub.de GET /errors/notfound.htm HTTP/1.1 200 "" ""#
[Wed Apr 15 01:09:21.715387 2026] [log_debug:info] [pid 13756:tid 34445860864] [client 4.205.44.31:51075] #shell2ban.web2ban#9#a12eb9adf151662148ceb0f3cc9188fb#[stralsund.ost-see-urlaub.de] http://stralsund.ost-see-urlaub.de GET /kiss.php HTTP/1.1 301 "" ""#
[Wed Apr 15 01:09:21.824164 2026] [log_debug:info] [pid 13756:tid 34445860864] [client 4.205.44.31:51074] #shell2ban.web2ban#9#a12eb9adf151662148ceb0f3cc9188fb#[www.stralsund.ost-see-urlaub.de] https://www.stralsund.ost-see-urlaub.de GET /kiss.php HTTP/1.1 302 "" ""#
[Wed Apr 15 01:09:21.954549 2026] [log_debug:info] [pid 13757:tid 34445869824] [client 4.205.44.31:51149] #shell2ban.web2ban#9#a12eb9adf151662148ceb0f3cc9188fb#[www.ost-see-urlaub.de] https://www.ost-see-urlaub.de GET /errors/notfound.htm HTTP/1.1 200 "" ""#
[Wed Apr 15 01:09:22.063593 2026] [log_debug:info] [pid 13756:tid 34443527680] [client 4.205.44.31:51075] #shell2ban.web2ban#9#a12eb9adf151662148ceb0f3cc9188fb#[stralsund.ost-see-urlaub.de] http://stralsund.ost-see-urlaub.de GET /0.php HTTP/1.1 301 "" ""#
[Wed Apr 15 01:09:22.172148 2026] [log_debug:info] [pid 13756:tid 34443527680] [client 4.205.44.31:51074] #shell2ban.web2ban#9#a12eb9adf151662148ceb0f3cc9188fb#[www.stralsund.ost-see-urlaub.de] https://www.stralsund.ost-see-urlaub.de GET /0.php HTTP/1.1 302 "" ""#
[Wed Apr 15 01:09:22.282879 2026] [log_debug:info] [pid 13757:tid 34443521280] [client 4.205.44.31:51149] #shell2ban.web2ban#9#a12eb9adf151662148ceb0f3cc9188fb#[www.ost-see-urlaub.de] https://www.ost-see-urlaub.de GET /errors/notfound.htm HTTP/1.1 200 "" ""#
[Wed Apr 15 01:09:22.618953 2026] [log_debug:info] [pid 13756:tid 34445860864] [client 4.205.44.31:51075] #shell2ban.web2ban#9#a12eb9adf151662148ceb0f3cc9188fb#[stralsund.ost-see-urlaub.de] http://stralsund.ost-see-urlaub.de GET /owl.php HTTP/1.1 301 "" ""#
[Wed Apr 15 01:09:22.727770 2026] [log_debug:info] [pid 13756:tid 34445860864] [client 4.205.44.31:51074] #shell2ban.web2ban#9#a12eb9adf151662148ceb0f3cc9188fb#[www.stralsund.ost-see-urlaub.de] https://www.stralsund.ost-see-urlaub.de GET /owl.php HTTP/1.1 302 "" ""#
[Wed Apr 15 01:09:22.846601 2026] [log_debug:info] [pid 13757:tid 34443521280] [client 4.205.44.31:51149] #shell2ban.web2ban#9#a12eb9adf151662148ceb0f3cc9188fb#[www.ost-see-urlaub.de] https://www.ost-see-urlaub.de GET /errors/notfound.htm HTTP/1.1 200 "" ""#
[Wed Apr 15 01:09:22.955666 2026] [log_debug:info] [pid 13756:tid 34443527680] [client 4.205.44.31:51075] #shell2ban.web2ban#9#a12eb9adf151662148ceb0f3cc9188fb#[stralsund.ost-see-urlaub.de] http://stralsund.ost-see-urlaub.de GET /vuln.php HTTP/1.1 301 "" ""#
[Wed Apr 15 01:09:23.073291 2026] [log_debug:info] [pid 13756:tid 34443527680] [client 4.205.44.31:51074] #shell2ban.web2ban#9#a12eb9adf151662148ceb0f3cc9188fb#[www.stralsund.ost-see-urlaub.de] https://www.stralsund.ost-see-urlaub.de GET /vuln.php HTTP/1.1 302 "" ""#
[Wed Apr 15 01:09:23.202626 2026] [log_debug:info] [pid 13757:tid 34443521280] [client 4.205.44.31:51149] #shell2ban.web2ban#9#a12eb9adf151662148ceb0f3cc9188fb#[www.ost-see-urlaub.de] https://www.ost-see-urlaub.de GET /errors/notfound.htm HTTP/1.1 200 "" ""#
[Wed Apr 15 01:09:23.329467 2026] [log_debug:info] [pid 13756:tid 34443527680] [client 4.205.44.31:51075] #shell2ban.web2ban#9#a12eb9adf151662148ceb0f3cc9188fb#[stralsund.ost-see-urlaub.de] http://stralsund.ost-see-urlaub.de GET /ohayo.php HTTP/1.1 301 "" ""#
[Wed Apr 15 01:09:24.145909 2026] [log_debug:info] [pid 13756:tid 34445860864] [client 4.205.44.31:51074] #shell2ban.web2ban#9#a12eb9adf151662148ceb0f3cc9188fb#[www.stralsund.ost-see-urlaub.de] https://www.stralsund.ost-see-urlaub.de GET /ohayo.php HTTP/1.1 302 "" ""#
[Wed Apr 15 01:09:24.254930 2026] [log_debug:info] [pid 13757:tid 34443521280] [client 4.205.44.31:51149] #shell2ban.web2ban#9#a12eb9adf151662148ceb0f3cc9188fb#[www.ost-see-urlaub.de] https://www.ost-see-urlaub.de GET /errors/notfound.htm HTTP/1.1 200 "" ""#
[Wed Apr 15 01:09:24.393598 2026] [log_debug:info] [pid 13756:tid 34445860864] [client 4.205.44.31:51075] #shell2ban.web2ban#9#a12eb9adf151662148ceb0f3cc9188fb#[stralsund.ost-see-urlaub.de] http://stralsund.ost-see-urlaub.de GET /cms.php HTTP/1.1 301 "" ""#
[Wed Apr 15 01:09:24.501976 2026] [log_debug:info] [pid 13756:tid 34445860864] [client 4.205.44.31:51074] #shell2ban.web2ban#9#a12eb9adf151662148ceb0f3cc9188fb#[www.stralsund.ost-see-urlaub.de] https://www.stralsund.ost-see-urlaub.de GET /cms.php HTTP/1.1 302 "" ""#
[Wed Apr 15 01:09:24.624564 2026] [log_debug:info] [pid 13757:tid 34443521280] [client 4.205.44.31:51149] #shell2ban.web2ban#9#a12eb9adf151662148ceb0f3cc9188fb#[www.ost-see-urlaub.de] https://www.ost-see-urlaub.de GET /errors/notfound.htm HTTP/1.1 200 "" ""#
[Wed Apr 15 01:09:24.733097 2026] [log_debug:info] [pid 13756:tid 34445860864] [client 4.205.44.31:51075] #shell2ban.web2ban#9#a12eb9adf151662148ceb0f3cc9188fb#[stralsund.ost-see-urlaub.de] http://stralsund.ost-see-urlaub.de GET /wp-uploads.php HTTP/1.1 301 "" ""#
[Wed Apr 15 01:09:24.850880 2026] [log_debug:info] [pid 13756:tid 34445860864] [client 4.205.44.31:51074] #shell2ban.web2ban#9#a12eb9adf151662148ceb0f3cc9188fb#[www.stralsund.ost-see-urlaub.de] https://www.stralsund.ost-see-urlaub.de GET /wp-uploads.php HTTP/1.1 302 "" ""#
[Wed Apr 15 01:09:24.959883 2026] [log_debug:info] [pid 13757:tid 34443521280] [client 4.205.44.31:51149] #shell2ban.web2ban#9#a12eb9adf151662148ceb0f3cc9188fb#[www.ost-see-urlaub.de] https://www.ost-see-urlaub.de GET /errors/notfound.htm HTTP/1.1 200 "" ""#
[Wed Apr 15 01:09:25.136330 2026] [log_debug:info] [pid 13756:tid 34445860864] [client 4.205.44.31:51075] #shell2ban.web2ban#9#a12eb9adf151662148ceb0f3cc9188fb#[stralsund.ost-see-urlaub.de] http://stralsund.ost-see-urlaub.de GET /Gel.php HTTP/1.1 301 "" ""#
[Wed Apr 15 01:09:25.245657 2026] [log_debug:info] [pid 13756:tid 34445860864] [client 4.205.44.31:51074] #shell2ban.web2ban#9#a12eb9adf151662148ceb0f3cc9188fb#[www.stralsund.ost-see-urlaub.de] https://www.stralsund.ost-see-urlaub.de GET /Gel.php HTTP/1.1 302 "" ""#
[Wed Apr 15 01:09:25.354578 2026] [log_debug:info] [pid 13757:tid 34445869824] [client 4.205.44.31:51149] #shell2ban.web2ban#9#a12eb9adf151662148ceb0f3cc9188fb#[www.ost-see-urlaub.de] https://www.ost-see-urlaub.de GET /errors/notfound.htm HTTP/1.1 200 "" ""#
[Wed Apr 15 01:09:25.474313 2026] [log_debug:info] [pid 13756:tid 34445860864] [client 4.205.44.31:51075] #shell2ban.web2ban#9#a12eb9adf151662148ceb0f3cc9188fb#[stralsund.ost-see-urlaub.de] http://stralsund.ost-see-urlaub.de GET /41.php HTTP/1.1 301 "" ""#
[Wed Apr 15 01:09:25.594657 2026] [log_debug:info] [pid 13756:tid 34445860864] [client 4.205.44.31:51074] #shell2ban.web2ban#9#a12eb9adf151662148ceb0f3cc9188fb#[www.stralsund.ost-see-urlaub.de] https://www.stralsund.ost-see-urlaub.de GET /41.php HTTP/1.1 302 "" ""#
[Wed Apr 15 01:09:25.703322 2026] [log_debug:info] [pid 13757:tid 34445869824] [client 4.205.44.31:51149] #shell2ban.web2ban#9#a12eb9adf151662148ceb0f3cc9188fb#[www.ost-see-urlaub.de] https://www.ost-see-urlaub.de GET /errors/notfound.htm HTTP/1.1 200 "" ""#
[Wed Apr 15 01:09:25.829332 2026] [log_debug:info] [pid 13756:tid 34445860864] [client 4.205.44.31:51075] #shell2ban.web2ban#9#a12eb9adf151662148ceb0f3cc9188fb#[stralsund.ost-see-urlaub.de] http://stralsund.ost-see-urlaub.de GET /4price.php HTTP/1.1 301 "" ""#
[Wed Apr 15 01:09:25.965981 2026] [log_debug:info] [pid 13756:tid 34445860864] [client 4.205.44.31:51074] #shell2ban.web2ban#9#a12eb9adf151662148ceb0f3cc9188fb#[www.stralsund.ost-see-urlaub.de] https://www.stralsund.ost-see-urlaub.de GET /4price.php HTTP/1.1 302 "" ""#
[Wed Apr 15 01:09:26.076899 2026] [log_debug:info] [pid 13757:tid 34445869824] [client 4.205.44.31:51149] #shell2ban.web2ban#9#a12eb9adf151662148ceb0f3cc9188fb#[www.ost-see-urlaub.de] https://www.ost-see-urlaub.de GET /errors/notfound.htm HTTP/1.1 200 "" ""#
[Wed Apr 15 01:09:26.187247 2026] [log_debug:info] [pid 13756:tid 34445860864] [client 4.205.44.31:51075] #shell2ban.web2ban#9#a12eb9adf151662148ceb0f3cc9188fb#[stralsund.ost-see-urlaub.de] http://stralsund.ost-see-urlaub.de GET /MARIJUANA.php HTTP/1.1 301 "" ""#
[Wed Apr 15 01:09:26.297086 2026] [log_debug:info] [pid 13756:tid 34445863424] [client 4.205.44.31:51074] #shell2ban.web2ban#9#a12eb9adf151662148ceb0f3cc9188fb#[www.stralsund.ost-see-urlaub.de] https://www.stralsund.ost-see-urlaub.de GET /MARIJUANA.php HTTP/1.1 302 "" ""#
[Wed Apr 15 01:09:26.750004 2026] [log_debug:info] [pid 13757:tid 34445869824] [client 4.205.44.31:51149] #shell2ban.web2ban#9#a12eb9adf151662148ceb0f3cc9188fb#[www.ost-see-urlaub.de] https://www.ost-see-urlaub.de GET /errors/notfound.htm HTTP/1.1 200 "" ""#
[Wed Apr 15 01:09:27.218176 2026] [log_debug:info] [pid 13756:tid 34445863424] [client 4.205.44.31:51075] #shell2ban.web2ban#9#a12eb9adf151662148ceb0f3cc9188fb#[stralsund.ost-see-urlaub.de] http://stralsund.ost-see-urlaub.de GET /.fk.php HTTP/1.1 301 "" ""#
[Wed Apr 15 01:09:27.326614 2026] [log_debug:info] [pid 13756:tid 34445863424] [client 4.205.44.31:51074] #shell2ban.web2ban#9#a12eb9adf151662148ceb0f3cc9188fb#[www.stralsund.ost-see-urlaub.de] https://www.stralsund.ost-see-urlaub.de GET /.fk.php HTTP/1.1 302 "" ""#
[Wed Apr 15 01:09:27.435276 2026] [log_debug:info] [pid 13757:tid 34443509760] [client 4.205.44.31:51149] #shell2ban.web2ban#9#a12eb9adf151662148ceb0f3cc9188fb#[www.ost-see-urlaub.de] https://www.ost-see-urlaub.de GET /errors/notfound.htm HTTP/1.1 200 "" ""#
[Wed Apr 15 01:09:27.546231 2026] [log_debug:info] [pid 13756:tid 34445863424] [client 4.205.44.31:51075] #shell2ban.web2ban#9#a12eb9adf151662148ceb0f3cc9188fb#[stralsund.ost-see-urlaub.de] http://stralsund.ost-see-urlaub.de GET /XxX.php HTTP/1.1 301 "" ""#
[Wed Apr 15 01:09:27.668440 2026] [log_debug:info] [pid 13756:tid 34445863424] [client 4.205.44.31:51074] #shell2ban.web2ban#9#a12eb9adf151662148ceb0f3cc9188fb#[www.stralsund.ost-see-urlaub.de] https://www.stralsund.ost-see-urlaub.de GET /XxX.php HTTP/1.1 302 "" ""#
[Wed Apr 15 01:09:27.777493 2026] [log_debug:info] [pid 13757:tid 34445869824] [client 4.205.44.31:51149] #shell2ban.web2ban#9#a12eb9adf151662148ceb0f3cc9188fb#[www.ost-see-urlaub.de] https://www.ost-see-urlaub.de GET /errors/notfound.htm HTTP/1.1 200 "" ""#
[Wed Apr 15 01:09:29.429786 2026] [log_debug:info] [pid 13756:tid 34445863424] [client 4.205.44.31:51173] #shell2ban.web2ban#9#a12eb9adf151662148ceb0f3cc9188fb#[stralsund.ost-see-urlaub.de] http://stralsund.ost-see-urlaub.de GET /alexuse.php HTTP/1.1 301 "" ""#
[Wed Apr 15 01:09:32.292362 2026] [log_debug:info] [pid 13745:tid 34443518720] [client 4.205.44.31:51195] #shell2ban.web2ban#9#a12eb9adf151662148ceb0f3cc9188fb#[www.stralsund.ost-see-urlaub.de] https://www.stralsund.ost-see-urlaub.de GET /alexuse.php HTTP/1.1 302 "" ""#
[Wed Apr 15 01:09:34.953683 2026] [log_debug:info] [pid 13758:tid 34445860864] [client 4.205.44.31:51089] #shell2ban.web2ban#9#a12eb9adf151662148ceb0f3cc9188fb#[www.ost-see-urlaub.de] https://www.ost-see-urlaub.de GET /errors/notfound.htm HTTP/1.1 200 "" ""#
[Wed Apr 15 01:09:38.580229 2026] [log_debug:info] [pid 13745:tid 34443518720] [client 4.205.44.31:51178] #shell2ban.web2ban#9#a12eb9adf151662148ceb0f3cc9188fb#[stralsund.ost-see-urlaub.de] http://stralsund.ost-see-urlaub.de GET /Sendemail.php HTTP/1.1 301 "" ""#
[Wed Apr 15 01:09:39.683025 2026] [core:notice] [pid 13759:tid 34440255232] AH00113: /usr/local/www/apache24/noexec/ausflugsburgen/.htaccess:10 cannot use a full URL in a 401 ErrorDocument directive --- ignoring!
[Wed Apr 15 01:09:43.002576 2026] [log_debug:info] [pid 13745:tid 34443518720] [client 4.205.44.31:51154] #shell2ban.web2ban#9#a12eb9adf151662148ceb0f3cc9188fb#[www.stralsund.ost-see-urlaub.de] https://www.stralsund.ost-see-urlaub.de GET /Sendemail.php HTTP/1.1 302 "" ""#
[Wed Apr 15 01:09:47.970871 2026] [log_debug:info] [pid 9025:tid 34445868544] [client 4.205.44.31:51082] #shell2ban.web2ban#9#a12eb9adf151662148ceb0f3cc9188fb#[www.ost-see-urlaub.de] https://www.ost-see-urlaub.de GET /errors/notfound.htm HTTP/1.1 200 "" ""#
[Wed Apr 15 01:09:53.278797 2026] [log_debug:info] [pid 13758:tid 34443517440] [client 4.205.44.31:51157] #shell2ban.web2ban#9#a12eb9adf151662148ceb0f3cc9188fb#[stralsund.ost-see-urlaub.de] http://stralsund.ost-see-urlaub.de GET /content.php HTTP/1.1 301 "" ""#
[Wed Apr 15 01:09:56.027982 2026] [log_debug:info] [pid 13757:tid 34443509760] [client 4.205.44.31:51139] #shell2ban.web2ban#9#a12eb9adf151662148ceb0f3cc9188fb#[www.stralsund.ost-see-urlaub.de] https://www.stralsund.ost-see-urlaub.de GET /content.php HTTP/1.1 302 "" ""#
[Wed Apr 15 01:10:00.007101 2026] [log_debug:info] [pid 13744:tid 34443513600] [client 4.205.44.31:51145] #shell2ban.web2ban#9#a12eb9adf151662148ceb0f3cc9188fb#[www.ost-see-urlaub.de] https://www.ost-see-urlaub.de GET /errors/notfound.htm HTTP/1.1 200 "" ""#
[Wed Apr 15 01:10:00.109022 2026] [core:notice] [pid 13745:tid 34445860864] AH00113: /usr/local/www/apache24/noexec/ausflugsziele/.htaccess:10 cannot use a full URL in a 401 ErrorDocument directive --- ignoring!
[Wed Apr 15 01:10:02.245488 2026] [log_debug:info] [pid 13759:tid 34443525120] [client 4.205.44.31:51081] #shell2ban.web2ban#9#a12eb9adf151662148ceb0f3cc9188fb#[stralsund.ost-see-urlaub.de] http://stralsund.ost-see-urlaub.de GET /olu.php HTTP/1.1 301 "" ""#
[Wed Apr 15 01:10:04.153353 2026] [log_debug:info] [pid 13756:tid 34445869824] [client 4.205.44.31:51167] #shell2ban.web2ban#9#a12eb9adf151662148ceb0f3cc9188fb#[www.stralsund.ost-see-urlaub.de] https://www.stralsund.ost-see-urlaub.de GET /olu.php HTTP/1.1 302 "" ""#
[Wed Apr 15 01:10:04.263166 2026] [log_debug:info] [pid 13744:tid 34443513600] [client 4.205.44.31:51145] #shell2ban.web2ban#9#a12eb9adf151662148ceb0f3cc9188fb#[www.ost-see-urlaub.de] https://www.ost-see-urlaub.de GET /errors/notfound.htm HTTP/1.1 200 "" ""#
[Wed Apr 15 01:10:04.391506 2026] [log_debug:info] [pid 13759:tid 34443525120] [client 4.205.44.31:51081] #shell2ban.web2ban#9#a12eb9adf151662148ceb0f3cc9188fb#[stralsund.ost-see-urlaub.de] http://stralsund.ost-see-urlaub.de GET /sad/about.php HTTP/1.1 301 "" ""#
[Wed Apr 15 01:10:04.513794 2026] [log_debug:info] [pid 13756:tid 34445869824] [client 4.205.44.31:51167] #shell2ban.web2ban#9#a12eb9adf151662148ceb0f3cc9188fb#[www.stralsund.ost-see-urlaub.de] https://www.stralsund.ost-see-urlaub.de GET /sad/about.php HTTP/1.1 302 "" ""#
[Wed Apr 15 01:10:04.646462 2026] [log_debug:info] [pid 13744:tid 34443513600] [client 4.205.44.31:51145] #shell2ban.web2ban#9#a12eb9adf151662148ceb0f3cc9188fb#[www.ost-see-urlaub.de] https://www.ost-see-urlaub.de GET /errors/notfound.htm HTTP/1.1 200 "" ""#
[Wed Apr 15 01:10:04.770478 2026] [log_debug:info] [pid 13759:tid 34443525120] [client 4.205.44.31:51081] #shell2ban.web2ban#9#a12eb9adf151662148ceb0f3cc9188fb#[stralsund.ost-see-urlaub.de] http://stralsund.ost-see-urlaub.de GET /wp-content/uploads/about.php HTTP/1.1 301 "" ""#
[Wed Apr 15 01:10:04.895314 2026] [log_debug:info] [pid 13756:tid 34445869824] [client 4.205.44.31:51167] #shell2ban.web2ban#9#a12eb9adf151662148ceb0f3cc9188fb#[www.stralsund.ost-see-urlaub.de] https://www.stralsund.ost-see-urlaub.de GET /wp-content/uploads/about.php HTTP/1.1 302 "" ""#
[Wed Apr 15 01:10:05.004613 2026] [log_debug:info] [pid 13744:tid 34443513600] [client 4.205.44.31:51145] #shell2ban.web2ban#9#a12eb9adf151662148ceb0f3cc9188fb#[www.ost-see-urlaub.de] https://www.ost-see-urlaub.de GET /errors/notfound.htm HTTP/1.1 200 "" ""#
[Wed Apr 15 01:10:05.119479 2026] [log_debug:info] [pid 13759:tid 34443525120] [client 4.205.44.31:51081] #shell2ban.web2ban#9#a12eb9adf151662148ceb0f3cc9188fb#[stralsund.ost-see-urlaub.de] http://stralsund.ost-see-urlaub.de GET /goat.php HTTP/1.1 301 "" ""#
[Wed Apr 15 01:10:05.246328 2026] [log_debug:info] [pid 13756:tid 34445869824] [client 4.205.44.31:51167] #shell2ban.web2ban#9#a12eb9adf151662148ceb0f3cc9188fb#[www.stralsund.ost-see-urlaub.de] https://www.stralsund.ost-see-urlaub.de GET /goat.php HTTP/1.1 302 "" ""#
[Wed Apr 15 01:10:05.357648 2026] [log_debug:info] [pid 13744:tid 34443513600] [client 4.205.44.31:51145] #shell2ban.web2ban#9#a12eb9adf151662148ceb0f3cc9188fb#[www.ost-see-urlaub.de] https://www.ost-see-urlaub.de GET /errors/notfound.htm HTTP/1.1 200 "" ""#
[Wed Apr 15 01:10:05.466670 2026] [log_debug:info] [pid 13759:tid 34443525120] [client 4.205.44.31:51081] #shell2ban.web2ban#9#a12eb9adf151662148ceb0f3cc9188fb#[stralsund.ost-see-urlaub.de] http://stralsund.ost-see-urlaub.de GET /alexusmailer%202.0.php HTTP/1.1 301 "" ""#
[Wed Apr 15 01:10:05.578624 2026] [log_debug:info] [pid 13756:tid 34443521280] [client 4.205.44.31:51167] #shell2ban.web2ban#9#a12eb9adf151662148ceb0f3cc9188fb#[www.stralsund.ost-see-urlaub.de] https://www.stralsund.ost-see-urlaub.de GET /alexusmailer%202.0.php HTTP/1.1 302 "" ""#
[Wed Apr 15 01:10:05.687737 2026] [log_debug:info] [pid 13744:tid 34443525120] [client 4.205.44.31:51145] #shell2ban.web2ban#9#a12eb9adf151662148ceb0f3cc9188fb#[www.ost-see-urlaub.de] https://www.ost-see-urlaub.de GET /errors/notfound.htm HTTP/1.1 200 "" ""#
[Wed Apr 15 01:10:05.822825 2026] [log_debug:info] [pid 13759:tid 34443525120] [client 4.205.44.31:51081] #shell2ban.web2ban#9#a12eb9adf151662148ceb0f3cc9188fb#[stralsund.ost-see-urlaub.de] http://stralsund.ost-see-urlaub.de GET /rss.php HTTP/1.1 301 "" ""#
[Wed Apr 15 01:10:06.163337 2026] [log_debug:info] [pid 13756:tid 34443521280] [client 4.205.44.31:51167] #shell2ban.web2ban#9#a12eb9adf151662148ceb0f3cc9188fb#[www.stralsund.ost-see-urlaub.de] https://www.stralsund.ost-see-urlaub.de GET /rss.php HTTP/1.1 302 "" ""#
[Wed Apr 15 01:10:06.273344 2026] [log_debug:info] [pid 13744:tid 34443513600] [client 4.205.44.31:51145] #shell2ban.web2ban#9#a12eb9adf151662148ceb0f3cc9188fb#[www.ost-see-urlaub.de] https://www.ost-see-urlaub.de GET /errors/notfound.htm HTTP/1.1 200 "" ""#
[Wed Apr 15 01:10:06.382413 2026] [log_debug:info] [pid 13759:tid 34443525120] [client 4.205.44.31:51081] #shell2ban.web2ban#9#a12eb9adf151662148ceb0f3cc9188fb#[stralsund.ost-see-urlaub.de] http://stralsund.ost-see-urlaub.de GET /wp-file.php HTTP/1.1 301 "" ""#
[Wed Apr 15 01:10:06.491010 2026] [log_debug:info] [pid 13756:tid 34445869824] [client 4.205.44.31:51167] #shell2ban.web2ban#9#a12eb9adf151662148ceb0f3cc9188fb#[www.stralsund.ost-see-urlaub.de] https://www.stralsund.ost-see-urlaub.de GET /wp-file.php HTTP/1.1 302 "" ""#
[Wed Apr 15 01:10:06.607483 2026] [log_debug:info] [pid 13744:tid 34443513600] [client 4.205.44.31:51145] #shell2ban.web2ban#9#a12eb9adf151662148ceb0f3cc9188fb#[www.ost-see-urlaub.de] https://www.ost-see-urlaub.de GET /errors/notfound.htm HTTP/1.1 200 "" ""#
[Wed Apr 15 01:10:06.935527 2026] [log_debug:info] [pid 13759:tid 34443525120] [client 4.205.44.31:51081] #shell2ban.web2ban#9#a12eb9adf151662148ceb0f3cc9188fb#[stralsund.ost-see-urlaub.de] http://stralsund.ost-see-urlaub.de GET /wso2.php HTTP/1.1 301 "" ""#
[Wed Apr 15 01:10:07.295701 2026] [log_debug:info] [pid 13756:tid 34443521280] [client 4.205.44.31:51167] #shell2ban.web2ban#9#a12eb9adf151662148ceb0f3cc9188fb#[www.stralsund.ost-see-urlaub.de] https://www.stralsund.ost-see-urlaub.de GET /wso2.php HTTP/1.1 302 "" ""#
[Wed Apr 15 01:10:07.404860 2026] [log_debug:info] [pid 13744:tid 34443513600] [client 4.205.44.31:51145] #shell2ban.web2ban#9#a12eb9adf151662148ceb0f3cc9188fb#[www.ost-see-urlaub.de] https://www.ost-see-urlaub.de GET /errors/notfound.htm HTTP/1.1 200 "" ""#
[Wed Apr 15 01:10:07.513950 2026] [log_debug:info] [pid 13759:tid 34443525120] [client 4.205.44.31:51081] #shell2ban.web2ban#9#a12eb9adf151662148ceb0f3cc9188fb#[stralsund.ost-see-urlaub.de] http://stralsund.ost-see-urlaub.de GET /wso1.php HTTP/1.1 301 "" ""#
[Wed Apr 15 01:10:07.622741 2026] [log_debug:info] [pid 13756:tid 34445869824] [client 4.205.44.31:51167] #shell2ban.web2ban#9#a12eb9adf151662148ceb0f3cc9188fb#[www.stralsund.ost-see-urlaub.de] https://www.stralsund.ost-see-urlaub.de GET /wso1.php HTTP/1.1 302 "" ""#
[Wed Apr 15 01:10:07.732232 2026] [log_debug:info] [pid 13744:tid 34443513600] [client 4.205.44.31:51145] #shell2ban.web2ban#9#a12eb9adf151662148ceb0f3cc9188fb#[www.ost-see-urlaub.de] https://www.ost-see-urlaub.de GET /errors/notfound.htm HTTP/1.1 200 "" ""#
[Wed Apr 15 01:10:07.841116 2026] [log_debug:info] [pid 13759:tid 34443525120] [client 4.205.44.31:51081] #shell2ban.web2ban#9#a12eb9adf151662148ceb0f3cc9188fb#[stralsund.ost-see-urlaub.de] http://stralsund.ost-see-urlaub.de GET /olux.php HTTP/1.1 301 "" ""#
[Wed Apr 15 01:10:07.950044 2026] [log_debug:info] [pid 13756:tid 34443521280] [client 4.205.44.31:51167] #shell2ban.web2ban#9#a12eb9adf151662148ceb0f3cc9188fb#[www.stralsund.ost-see-urlaub.de] https://www.stralsund.ost-see-urlaub.de GET /olux.php HTTP/1.1 302 "" ""#
[Wed Apr 15 01:10:08.066708 2026] [log_debug:info] [pid 13744:tid 34443513600] [client 4.205.44.31:51145] #shell2ban.web2ban#9#a12eb9adf151662148ceb0f3cc9188fb#[www.ost-see-urlaub.de] https://www.ost-see-urlaub.de GET /errors/notfound.htm HTTP/1.1 200 "" ""#
[Wed Apr 15 01:10:08.184968 2026] [log_debug:info] [pid 13759:tid 34445868544] [client 4.205.44.31:51081] #shell2ban.web2ban#9#a12eb9adf151662148ceb0f3cc9188fb#[stralsund.ost-see-urlaub.de] http://stralsund.ost-see-urlaub.de GET /wp-info.php HTTP/1.1 301 "" ""#
[Wed Apr 15 01:10:08.326998 2026] [log_debug:info] [pid 13756:tid 34445869824] [client 4.205.44.31:51167] #shell2ban.web2ban#9#a12eb9adf151662148ceb0f3cc9188fb#[www.stralsund.ost-see-urlaub.de] https://www.stralsund.ost-see-urlaub.de GET /wp-info.php HTTP/1.1 302 "" ""#
[Wed Apr 15 01:10:08.643745 2026] [log_debug:info] [pid 13744:tid 34443513600] [client 4.205.44.31:51145] #shell2ban.web2ban#9#a12eb9adf151662148ceb0f3cc9188fb#[www.ost-see-urlaub.de] https://www.ost-see-urlaub.de GET /errors/notfound.htm HTTP/1.1 200 "" ""#
[Wed Apr 15 01:10:08.753299 2026] [log_debug:info] [pid 13759:tid 34445868544] [client 4.205.44.31:51081] #shell2ban.web2ban#9#a12eb9adf151662148ceb0f3cc9188fb#[stralsund.ost-see-urlaub.de] http://stralsund.ost-see-urlaub.de GET /xl.php HTTP/1.1 301 "" ""#
[Wed Apr 15 01:10:08.874870 2026] [log_debug:info] [pid 13756:tid 34445869824] [client 4.205.44.31:51167] #shell2ban.web2ban#9#a12eb9adf151662148ceb0f3cc9188fb#[www.stralsund.ost-see-urlaub.de] https://www.stralsund.ost-see-urlaub.de GET /xl.php HTTP/1.1 302 "" ""#
[Wed Apr 15 01:10:09.008108 2026] [log_debug:info] [pid 13744:tid 34443513600] [client 4.205.44.31:51145] #shell2ban.web2ban#9#a12eb9adf151662148ceb0f3cc9188fb#[www.ost-see-urlaub.de] https://www.ost-see-urlaub.de GET /errors/notfound.htm HTTP/1.1 200 "" ""#
[Wed Apr 15 01:10:09.119841 2026] [log_debug:info] [pid 13759:tid 34445868544] [client 4.205.44.31:51081] #shell2ban.web2ban#9#a12eb9adf151662148ceb0f3cc9188fb#[stralsund.ost-see-urlaub.de] http://stralsund.ost-see-urlaub.de GET /wp-confiig.php HTTP/1.1 301 "" ""#
[Wed Apr 15 01:10:09.229027 2026] [log_debug:info] [pid 13756:tid 34445869824] [client 4.205.44.31:51167] #shell2ban.web2ban#9#a12eb9adf151662148ceb0f3cc9188fb#[www.stralsund.ost-see-urlaub.de] https://www.stralsund.ost-see-urlaub.de GET /wp-confiig.php HTTP/1.1 302 "" ""#
[Wed Apr 15 01:10:09.337966 2026] [log_debug:info] [pid 13744:tid 34443525120] [client 4.205.44.31:51145] #shell2ban.web2ban#9#a12eb9adf151662148ceb0f3cc9188fb#[www.ost-see-urlaub.de] https://www.ost-see-urlaub.de GET /errors/notfound.htm HTTP/1.1 200 "" ""#
[Wed Apr 15 01:10:09.462312 2026] [log_debug:info] [pid 13759:tid 34445868544] [client 4.205.44.31:51081] #shell2ban.web2ban#9#a12eb9adf151662148ceb0f3cc9188fb#[stralsund.ost-see-urlaub.de] http://stralsund.ost-see-urlaub.de GET /file-manager.php HTTP/1.1 301 "" ""#
[Wed Apr 15 01:10:09.703259 2026] [log_debug:info] [pid 13756:tid 34445869824] [client 4.205.44.31:51167] #shell2ban.web2ban#9#a12eb9adf151662148ceb0f3cc9188fb#[www.stralsund.ost-see-urlaub.de] https://www.stralsund.ost-see-urlaub.de GET /file-manager.php HTTP/1.1 302 "" ""#
[Wed Apr 15 01:10:10.021577 2026] [log_debug:info] [pid 13744:tid 34445868544] [client 4.205.44.31:51145] #shell2ban.web2ban#9#a12eb9adf151662148ceb0f3cc9188fb#[www.ost-see-urlaub.de] https://www.ost-see-urlaub.de GET /errors/notfound.htm HTTP/1.1 200 "" ""#
[Wed Apr 15 01:10:10.153799 2026] [log_debug:info] [pid 13759:tid 34445868544] [client 4.205.44.31:51081] #shell2ban.web2ban#9#a12eb9adf151662148ceb0f3cc9188fb#[stralsund.ost-see-urlaub.de] http://stralsund.ost-see-urlaub.de GET /uploader.php HTTP/1.1 301 "" ""#
[Wed Apr 15 01:10:10.282642 2026] [log_debug:info] [pid 13756:tid 34445871104] [client 4.205.44.31:51167] #shell2ban.web2ban#9#a12eb9adf151662148ceb0f3cc9188fb#[www.stralsund.ost-see-urlaub.de] https://www.stralsund.ost-see-urlaub.de GET /uploader.php HTTP/1.1 302 "" ""#
[Wed Apr 15 01:10:10.612928 2026] [log_debug:info] [pid 13744:tid 34445868544] [client 4.205.44.31:51145] #shell2ban.web2ban#9#a12eb9adf151662148ceb0f3cc9188fb#[www.ost-see-urlaub.de] https://www.ost-see-urlaub.de GET /errors/notfound.htm HTTP/1.1 200 "" ""#
[Wed Apr 15 01:10:10.872456 2026] [log_debug:info] [pid 13744:tid 34443525120] [client 83.138.87.173:16482] #shell2ban.web2ban#5#a7038edae6ec8d5a75afe7700a9b1f08#[harz-ferienwohnung-trautenstein.de] https://harz-ferienwohnung-trautenstein.de POST /wp-cron.php?doing_wp_cron=1776208209.9753119945526123046875 HTTP/1.1 200 "" "WordPress/6.8.5; https://harz-ferienwohnung-trautenstein.de"#
[Wed Apr 15 01:10:11.428835 2026] [log_debug:info] [pid 13759:tid 34445868544] [client 4.205.44.31:51081] #shell2ban.web2ban#9#a12eb9adf151662148ceb0f3cc9188fb#[stralsund.ost-see-urlaub.de] http://stralsund.ost-see-urlaub.de GET /leafmailer.php HTTP/1.1 301 "" ""#
[Wed Apr 15 01:10:11.541060 2026] [log_debug:info] [pid 13756:tid 34445869824] [client 4.205.44.31:51167] #shell2ban.web2ban#9#a12eb9adf151662148ceb0f3cc9188fb#[www.stralsund.ost-see-urlaub.de] https://www.stralsund.ost-see-urlaub.de GET /leafmailer.php HTTP/1.1 302 "" ""#
[Wed Apr 15 01:10:11.650014 2026] [log_debug:info] [pid 13744:tid 34443525120] [client 4.205.44.31:51145] #shell2ban.web2ban#9#a12eb9adf151662148ceb0f3cc9188fb#[www.ost-see-urlaub.de] https://www.ost-see-urlaub.de GET /errors/notfound.htm HTTP/1.1 200 "" ""#
[Wed Apr 15 01:10:11.758816 2026] [log_debug:info] [pid 13759:tid 34443527680] [client 4.205.44.31:51081] #shell2ban.web2ban#9#a12eb9adf151662148ceb0f3cc9188fb#[stralsund.ost-see-urlaub.de] http://stralsund.ost-see-urlaub.de GET /ALFA_DATA/alfacgiapi/perl.alfa HTTP/1.1 301 "" ""#
[Wed Apr 15 01:10:11.867612 2026] [log_debug:info] [pid 13756:tid 34445869824] [client 4.205.44.31:51167] #shell2ban.web2ban#9#a12eb9adf151662148ceb0f3cc9188fb#[www.stralsund.ost-see-urlaub.de] https://www.stralsund.ost-see-urlaub.de GET /ALFA_DATA/alfacgiapi/perl.alfa HTTP/1.1 302 "" ""#
[Wed Apr 15 01:10:11.976441 2026] [log_debug:info] [pid 13744:tid 34443525120] [client 4.205.44.31:51145] #shell2ban.web2ban#9#a12eb9adf151662148ceb0f3cc9188fb#[www.ost-see-urlaub.de] https://www.ost-see-urlaub.de GET /errors/notfound.htm HTTP/1.1 200 "" ""#
[Wed Apr 15 01:10:12.085573 2026] [log_debug:info] [pid 13759:tid 34443527680] [client 4.205.44.31:51081] #shell2ban.web2ban#9#a12eb9adf151662148ceb0f3cc9188fb#[stralsund.ost-see-urlaub.de] http://stralsund.ost-see-urlaub.de GET /date.php HTTP/1.1 301 "" ""#
[Wed Apr 15 01:10:12.225201 2026] [log_debug:info] [pid 13756:tid 34445869824] [client 4.205.44.31:51167] #shell2ban.web2ban#9#a12eb9adf151662148ceb0f3cc9188fb#[www.stralsund.ost-see-urlaub.de] https://www.stralsund.ost-see-urlaub.de GET /date.php HTTP/1.1 302 "" ""#
[Wed Apr 15 01:10:12.376576 2026] [log_debug:info] [pid 13744:tid 34443525120] [client 4.205.44.31:51145] #shell2ban.web2ban#9#a12eb9adf151662148ceb0f3cc9188fb#[www.ost-see-urlaub.de] https://www.ost-see-urlaub.de GET /errors/notfound.htm HTTP/1.1 200 "" ""#
[Wed Apr 15 01:10:12.508001 2026] [log_debug:info] [pid 13759:tid 34443527680] [client 4.205.44.31:51081] #shell2ban.web2ban#9#a12eb9adf151662148ceb0f3cc9188fb#[stralsund.ost-see-urlaub.de] http://stralsund.ost-see-urlaub.de GET /pomo.php HTTP/1.1 301 "" ""#
[Wed Apr 15 01:10:12.620819 2026] [log_debug:info] [pid 13756:tid 34445869824] [client 4.205.44.31:51167] #shell2ban.web2ban#9#a12eb9adf151662148ceb0f3cc9188fb#[www.stralsund.ost-see-urlaub.de] https://www.stralsund.ost-see-urlaub.de GET /pomo.php HTTP/1.1 302 "" ""#
[Wed Apr 15 01:10:12.776346 2026] [log_debug:info] [pid 13744:tid 34443525120] [client 4.205.44.31:51145] #shell2ban.web2ban#9#a12eb9adf151662148ceb0f3cc9188fb#[www.ost-see-urlaub.de] https://www.ost-see-urlaub.de GET /errors/notfound.htm HTTP/1.1 200 "" ""#
[Wed Apr 15 01:10:12.885011 2026] [log_debug:info] [pid 13759:tid 34443527680] [client 4.205.44.31:51081] #shell2ban.web2ban#9#a12eb9adf151662148ceb0f3cc9188fb#[stralsund.ost-see-urlaub.de] http://stralsund.ost-see-urlaub.de GET /8.php HTTP/1.1 301 "" ""#
[Wed Apr 15 01:10:12.994235 2026] [log_debug:info] [pid 13756:tid 34445871104] [client 4.205.44.31:51167] #shell2ban.web2ban#9#a12eb9adf151662148ceb0f3cc9188fb#[www.stralsund.ost-see-urlaub.de] https://www.stralsund.ost-see-urlaub.de GET /8.php HTTP/1.1 302 "" ""#
[Wed Apr 15 01:10:13.109412 2026] [log_debug:info] [pid 13744:tid 34445868544] [client 4.205.44.31:51145] #shell2ban.web2ban#9#a12eb9adf151662148ceb0f3cc9188fb#[www.ost-see-urlaub.de] https://www.ost-see-urlaub.de GET /errors/notfound.htm HTTP/1.1 200 "" ""#
[Wed Apr 15 01:10:13.218262 2026] [log_debug:info] [pid 13759:tid 34443527680] [client 4.205.44.31:51081] #shell2ban.web2ban#9#a12eb9adf151662148ceb0f3cc9188fb#[stralsund.ost-see-urlaub.de] http://stralsund.ost-see-urlaub.de GET /t/rfi.php HTTP/1.1 301 "" ""#
[Wed Apr 15 01:10:13.334540 2026] [log_debug:info] [pid 13756:tid 34445871104] [client 4.205.44.31:51167] #shell2ban.web2ban#9#a12eb9adf151662148ceb0f3cc9188fb#[www.stralsund.ost-see-urlaub.de] https://www.stralsund.ost-see-urlaub.de GET /t/rfi.php HTTP/1.1 302 "" ""#
[Wed Apr 15 01:10:13.443392 2026] [log_debug:info] [pid 13744:tid 34443525120] [client 4.205.44.31:51145] #shell2ban.web2ban#9#a12eb9adf151662148ceb0f3cc9188fb#[www.ost-see-urlaub.de] https://www.ost-see-urlaub.de GET /errors/notfound.htm HTTP/1.1 200 "" ""#
[Wed Apr 15 01:10:19.287793 2026] [core:notice] [pid 9025:tid 34443512320] AH00113: /usr/local/www/apache24/noexec/ausflugsziele/.htaccess:10 cannot use a full URL in a 401 ErrorDocument directive --- ignoring!
[Wed Apr 15 01:10:47.557463 2026] [core:notice] [pid 13756:tid 34440273408] AH00113: /usr/local/www/apache24/noexec/ausflugsburgen/.htaccess:10 cannot use a full URL in a 401 ErrorDocument directive --- ignoring!
[Wed Apr 15 01:10:47.606596 2026] [core:notice] [pid 13756:tid 34440273408] AH00113: /usr/local/www/apache24/noexec/ausflugsburgen/.htaccess:10 cannot use a full URL in a 401 ErrorDocument directive --- ignoring!
[Wed Apr 15 01:10:47.606645 2026] [core:notice] [pid 13756:tid 34440251392] AH00113: /usr/local/www/apache24/noexec/ausflugsburgen/.htaccess:10 cannot use a full URL in a 401 ErrorDocument directive --- ignoring!
[Wed Apr 15 01:10:47.606621 2026] [core:notice] [pid 13756:tid 34440278528] AH00113: /usr/local/www/apache24/noexec/ausflugsburgen/.htaccess:10 cannot use a full URL in a 401 ErrorDocument directive --- ignoring!
[Wed Apr 15 01:10:47.607578 2026] [core:notice] [pid 13756:tid 34440273408] AH00113: /usr/local/www/apache24/noexec/ausflugsburgen/allgemein/.htaccess:10 cannot use a full URL in a 401 ErrorDocument directive --- ignoring!
[Wed Apr 15 01:10:47.633925 2026] [core:notice] [pid 13756:tid 34440278528] AH00113: /usr/local/www/apache24/noexec/ausflugsburgen/.htaccess:10 cannot use a full URL in a 401 ErrorDocument directive --- ignoring!
[Wed Apr 15 01:10:47.751122 2026] [core:notice] [pid 13756:tid 34440278528] AH00113: /usr/local/www/apache24/noexec/ausflugsburgen/.htaccess:10 cannot use a full URL in a 401 ErrorDocument directive --- ignoring!
[Wed Apr 15 01:10:47.758042 2026] [core:notice] [pid 13756:tid 34440278528] AH00113: /usr/local/www/apache24/noexec/ausflugsburgen/.htaccess:10 cannot use a full URL in a 401 ErrorDocument directive --- ignoring!
[Wed Apr 15 01:10:47.758090 2026] [core:notice] [pid 13756:tid 34440251392] AH00113: /usr/local/www/apache24/noexec/ausflugsburgen/.htaccess:10 cannot use a full URL in a 401 ErrorDocument directive --- ignoring!
[Wed Apr 15 01:10:47.758090 2026] [core:notice] [pid 13756:tid 34440273408] AH00113: /usr/local/www/apache24/noexec/ausflugsburgen/.htaccess:10 cannot use a full URL in a 401 ErrorDocument directive --- ignoring!
[Wed Apr 15 01:10:47.758164 2026] [core:notice] [pid 13756:tid 34440267008] AH00113: /usr/local/www/apache24/noexec/ausflugsburgen/.htaccess:10 cannot use a full URL in a 401 ErrorDocument directive --- ignoring!
[Wed Apr 15 01:10:47.758810 2026] [core:notice] [pid 13756:tid 34440251392] AH00113: /usr/local/www/apache24/noexec/ausflugsburgen/.htaccess:10 cannot use a full URL in a 401 ErrorDocument directive --- ignoring!
[Wed Apr 15 01:10:47.758841 2026] [core:notice] [pid 13756:tid 34440273408] AH00113: /usr/local/www/apache24/noexec/ausflugsburgen/.htaccess:10 cannot use a full URL in a 401 ErrorDocument directive --- ignoring!
[Wed Apr 15 01:10:47.758998 2026] [core:notice] [pid 13756:tid 34440267008] AH00113: /usr/local/www/apache24/noexec/ausflugsburgen/.htaccess:10 cannot use a full URL in a 401 ErrorDocument directive --- ignoring!
[Wed Apr 15 01:10:47.759017 2026] [core:notice] [pid 13756:tid 34440244992] AH00113: /usr/local/www/apache24/noexec/ausflugsburgen/.htaccess:10 cannot use a full URL in a 401 ErrorDocument directive --- ignoring!
[Wed Apr 15 01:10:47.759042 2026] [core:notice] [pid 13756:tid 34440278528] AH00113: /usr/local/www/apache24/noexec/ausflugsburgen/.htaccess:10 cannot use a full URL in a 401 ErrorDocument directive --- ignoring!
[Wed Apr 15 01:10:47.777959 2026] [core:notice] [pid 13756:tid 34440278528] AH00113: /usr/local/www/apache24/noexec/ausflugsburgen/.htaccess:10 cannot use a full URL in a 401 ErrorDocument directive --- ignoring!
[Wed Apr 15 01:10:47.777969 2026] [core:notice] [pid 13756:tid 34440244992] AH00113: /usr/local/www/apache24/noexec/ausflugsburgen/.htaccess:10 cannot use a full URL in a 401 ErrorDocument directive --- ignoring!
[Wed Apr 15 01:10:47.778024 2026] [core:notice] [pid 13756:tid 34440273408] AH00113: /usr/local/www/apache24/noexec/ausflugsburgen/.htaccess:10 cannot use a full URL in a 401 ErrorDocument directive --- ignoring!
[Wed Apr 15 01:10:47.778071 2026] [core:notice] [pid 13756:tid 34440267008] AH00113: /usr/local/www/apache24/noexec/ausflugsburgen/.htaccess:10 cannot use a full URL in a 401 ErrorDocument directive --- ignoring!
[Wed Apr 15 01:10:47.847310 2026] [core:notice] [pid 13745:tid 34440259072] AH00113: /usr/local/www/apache24/noexec/ausflugsziele/.htaccess:10 cannot use a full URL in a 401 ErrorDocument directive --- ignoring!
[Wed Apr 15 01:10:47.847311 2026] [core:notice] [pid 13745:tid 34440268288] AH00113: /usr/local/www/apache24/noexec/ausflugsziele/.htaccess:10 cannot use a full URL in a 401 ErrorDocument directive --- ignoring!
[Wed Apr 15 01:10:47.924877 2026] [core:notice] [pid 13756:tid 34440273408] AH00113: /usr/local/www/apache24/noexec/ausflugsburgen/.htaccess:10 cannot use a full URL in a 401 ErrorDocument directive --- ignoring!
[Wed Apr 15 01:10:49.159653 2026] [core:notice] [pid 13758:tid 34443527680] AH00113: /usr/local/www/apache24/noexec/ausflugsburgen/.htaccess:10 cannot use a full URL in a 401 ErrorDocument directive --- ignoring!
[Wed Apr 15 01:10:52.684234 2026] [core:notice] [pid 9025:tid 34443528960] AH00113: /usr/local/www/apache24/noexec/ausflugswissen/.htaccess:10 cannot use a full URL in a 401 ErrorDocument directive --- ignoring!
[Wed Apr 15 01:10:59.784586 2026] [core:notice] [pid 13758:tid 34440253952] AH00113: /usr/local/www/apache24/noexec/ausflugsburgen/.htaccess:10 cannot use a full URL in a 401 ErrorDocument directive --- ignoring!
[Wed Apr 15 01:11:00.117067 2026] [core:notice] [pid 13745:tid 34440259072] AH00113: /usr/local/www/apache24/noexec/ausflugsburgen/.htaccess:10 cannot use a full URL in a 401 ErrorDocument directive --- ignoring!
[Wed Apr 15 01:11:00.117085 2026] [core:notice] [pid 13745:tid 34440268288] AH00113: /usr/local/www/apache24/noexec/ausflugsburgen/.htaccess:10 cannot use a full URL in a 401 ErrorDocument directive --- ignoring!
[Wed Apr 15 01:11:18.172978 2026] [core:notice] [pid 13759:tid 34440275968] AH00113: /usr/local/www/apache24/noexec/ausflugswissen/.htaccess:10 cannot use a full URL in a 401 ErrorDocument directive --- ignoring!
[Wed Apr 15 01:11:18.173089 2026] [core:notice] [pid 13759:tid 34440277248] AH00113: /usr/local/www/apache24/noexec/ausflugswissen/.htaccess:10 cannot use a full URL in a 401 ErrorDocument directive --- ignoring!
[Wed Apr 15 01:11:18.173199 2026] [core:notice] [pid 13759:tid 34440273408] AH00113: /usr/local/www/apache24/noexec/ausflugswissen/.htaccess:10 cannot use a full URL in a 401 ErrorDocument directive --- ignoring!
[Wed Apr 15 01:11:18.173200 2026] [core:notice] [pid 13759:tid 34440255232] AH00113: /usr/local/www/apache24/noexec/ausflugswissen/.htaccess:10 cannot use a full URL in a 401 ErrorDocument directive --- ignoring!
[Wed Apr 15 01:11:18.335482 2026] [core:notice] [pid 13759:tid 34440255232] AH00113: /usr/local/www/apache24/noexec/ausflugswissen/.htaccess:10 cannot use a full URL in a 401 ErrorDocument directive --- ignoring!
[Wed Apr 15 01:11:18.335528 2026] [core:notice] [pid 13759:tid 34440277248] AH00113: /usr/local/www/apache24/noexec/ausflugswissen/.htaccess:10 cannot use a full URL in a 401 ErrorDocument directive --- ignoring!
[Wed Apr 15 01:11:18.335509 2026] [core:notice] [pid 13759:tid 34440275968] AH00113: /usr/local/www/apache24/noexec/ausflugswissen/.htaccess:10 cannot use a full URL in a 401 ErrorDocument directive --- ignoring!
[Wed Apr 15 01:11:18.335528 2026] [core:notice] [pid 13759:tid 34440273408] AH00113: /usr/local/www/apache24/noexec/ausflugswissen/.htaccess:10 cannot use a full URL in a 401 ErrorDocument directive --- ignoring!
[Wed Apr 15 01:11:18.527303 2026] [core:notice] [pid 9025:tid 34440260352] AH00113: /usr/local/www/apache24/noexec/ausflugswissen/.htaccess:10 cannot use a full URL in a 401 ErrorDocument directive --- ignoring!
[Wed Apr 15 01:11:18.695263 2026] [core:notice] [pid 9025:tid 34440260352] AH00113: /usr/local/www/apache24/noexec/ausflugswissen/.htaccess:10 cannot use a full URL in a 401 ErrorDocument directive --- ignoring!
[Wed Apr 15 01:11:22.137906 2026] [log_debug:info] [pid 13745:tid 34445862144] [client 209.87.169.91:22757] #shell2ban.web2ban#6#f66fca315771275788c65435d22216e0#[harz-ferienwohnung-trautenstein.de] https://harz-ferienwohnung-trautenstein.de POST /wp-login.php HTTP/1.1 200 "" "Mozilla/5.0"#
[Wed Apr 15 01:11:50.981182 2026] [core:notice] [pid 13744:tid 34440267008] AH00113: /usr/local/www/apache24/noexec/ausflugsburgen/.htaccess:10 cannot use a full URL in a 401 ErrorDocument directive --- ignoring!
[Wed Apr 15 01:12:00.194144 2026] [log_debug:info] [pid 13756:tid 34443517440] [client 83.138.87.173:33565] #shell2ban.web2ban#5#a7038edae6ec8d5a75afe7700a9b1f08#[salazo.han-solo.net] http://salazo.han-solo.net HEAD / HTTP/1.0 403 "" ""#
[Wed Apr 15 01:12:00.194285 2026] [log_debug:info] [pid 13756:tid 34443517440] [client 83.138.87.173:33565] #shell2ban.web2ban#9#a12eb9adf151662148ceb0f3cc9188fb#[salazo.han-solo.net] http://salazo.han-solo.net HEAD / HTTP/1.0 403 "" ""#
[Wed Apr 15 01:12:04.177370 2026] [core:notice] [pid 13758:tid 34440253952] AH00113: /usr/local/www/apache24/noexec/ausflugsburgen/.htaccess:10 cannot use a full URL in a 401 ErrorDocument directive --- ignoring!
[Wed Apr 15 01:12:09.169590 2026] [cgi:error] [pid 13744:tid 34445868544] [client 20.219.1.89:5017] AH02812: attempt to invoke directory as script: /usr/local/www/apache24/cgi-bin/
[Wed Apr 15 01:12:26.807754 2026] [log_debug:info] [pid 13745:tid 34443521280] [client 83.138.87.173:47528] #shell2ban.web2ban#5#a7038edae6ec8d5a75afe7700a9b1f08#[harz-ferienwohnung-trautenstein.de] https://harz-ferienwohnung-trautenstein.de POST /wp-cron.php?doing_wp_cron=1776208340.9074950218200683593750 HTTP/1.1 200 "" "WordPress/6.8.5; https://harz-ferienwohnung-trautenstein.de"#
[Wed Apr 15 01:12:32.648513 2026] [core:notice] [pid 13745:tid 34440277248] AH00113: /usr/local/www/apache24/noexec/ausflugswissen/.htaccess:10 cannot use a full URL in a 401 ErrorDocument directive --- ignoring!
[Wed Apr 15 01:12:32.653600 2026] [core:notice] [pid 13745:tid 34440277248] AH00113: /usr/local/www/apache24/noexec/ausflugswissen/.htaccess:10 cannot use a full URL in a 401 ErrorDocument directive --- ignoring!
[Wed Apr 15 01:12:32.654129 2026] [core:notice] [pid 13745:tid 34440277248] AH00113: /usr/local/www/apache24/noexec/ausflugswissen/.htaccess:10 cannot use a full URL in a 401 ErrorDocument directive --- ignoring!
[Wed Apr 15 01:12:32.654431 2026] [core:notice] [pid 13745:tid 34440269568] AH00113: /usr/local/www/apache24/noexec/ausflugswissen/.htaccess:10 cannot use a full URL in a 401 ErrorDocument directive --- ignoring!
[Wed Apr 15 01:12:32.654442 2026] [core:notice] [pid 13745:tid 34440274688] AH00113: /usr/local/www/apache24/noexec/ausflugswissen/.htaccess:10 cannot use a full URL in a 401 ErrorDocument directive --- ignoring!
[Wed Apr 15 01:12:32.822086 2026] [core:notice] [pid 13745:tid 34440274688] AH00113: /usr/local/www/apache24/noexec/ausflugswissen/.htaccess:10 cannot use a full URL in a 401 ErrorDocument directive --- ignoring!
[Wed Apr 15 01:12:32.826676 2026] [core:notice] [pid 13745:tid 34440274688] AH00113: /usr/local/www/apache24/noexec/ausflugswissen/.htaccess:10 cannot use a full URL in a 401 ErrorDocument directive --- ignoring!
[Wed Apr 15 01:12:32.828297 2026] [core:notice] [pid 13745:tid 34440273408] AH00113: /usr/local/www/apache24/noexec/ausflugswissen/.htaccess:10 cannot use a full URL in a 401 ErrorDocument directive --- ignoring!
