[Wed Apr 15 02:34:39.481086 2026] [log_debug:info] [pid 13744:tid 34443517440] [client 20.43.19.237:26506] #shell2ban.web2ban#9#a12eb9adf151662148ceb0f3cc9188fb#[www.ost-see-urlaub.de] https://www.ost-see-urlaub.de GET /errors/notfound.htm HTTP/1.1 200 "" ""#
[Wed Apr 15 02:34:39.591011 2026] [log_debug:info] [pid 13758:tid 34445867264] [client 20.43.19.237:26509] #shell2ban.web2ban#9#a12eb9adf151662148ceb0f3cc9188fb#[stralsund.ost-see-urlaub.de] http://stralsund.ost-see-urlaub.de GET /wp-comments-pos.php HTTP/1.1 301 "" ""#
[Wed Apr 15 02:34:39.592664 2026] [log_debug:info] [pid 13759:tid 34443523840] [client 4.213.99.137:1935] #shell2ban.web2ban#9#a12eb9adf151662148ceb0f3cc9188fb#[gaertnerei-bergfeld.de] https://gaertnerei-bergfeld.de GET /owl.php HTTP/1.1 404 "" ""#
[Wed Apr 15 02:34:39.703602 2026] [log_debug:info] [pid 13745:tid 34443511040] [client 20.43.19.237:26602] #shell2ban.web2ban#9#a12eb9adf151662148ceb0f3cc9188fb#[www.stralsund.ost-see-urlaub.de] https://www.stralsund.ost-see-urlaub.de GET /wp-comments-pos.php HTTP/1.1 302 "" ""#
[Wed Apr 15 02:34:39.765504 2026] [log_debug:info] [pid 13765:tid 34443525120] [client 4.213.99.137:1046] #shell2ban.web2ban#9#a12eb9adf151662148ceb0f3cc9188fb#[gaertnerei-bergfeld.de] http://gaertnerei-bergfeld.de GET /vuln.php HTTP/1.1 301 "" ""#
[Wed Apr 15 02:34:39.812863 2026] [log_debug:info] [pid 13744:tid 34443509760] [client 20.43.19.237:26506] #shell2ban.web2ban#9#a12eb9adf151662148ceb0f3cc9188fb#[www.ost-see-urlaub.de] https://www.ost-see-urlaub.de GET /errors/notfound.htm HTTP/1.1 200 "" ""#
[Wed Apr 15 02:34:39.921968 2026] [log_debug:info] [pid 13758:tid 34443522560] [client 20.43.19.237:26509] #shell2ban.web2ban#9#a12eb9adf151662148ceb0f3cc9188fb#[stralsund.ost-see-urlaub.de] http://stralsund.ost-see-urlaub.de GET /wp-link.php HTTP/1.1 301 "" ""#
[Wed Apr 15 02:34:39.937111 2026] [log_debug:info] [pid 13759:tid 34443523840] [client 4.213.99.137:1935] #shell2ban.web2ban#9#a12eb9adf151662148ceb0f3cc9188fb#[gaertnerei-bergfeld.de] https://gaertnerei-bergfeld.de GET /vuln.php HTTP/1.1 404 "" ""#
[Wed Apr 15 02:34:40.031181 2026] [log_debug:info] [pid 13745:tid 34443511040] [client 20.43.19.237:26602] #shell2ban.web2ban#9#a12eb9adf151662148ceb0f3cc9188fb#[www.stralsund.ost-see-urlaub.de] https://www.stralsund.ost-see-urlaub.de GET /wp-link.php HTTP/1.1 302 "" ""#
[Wed Apr 15 02:34:40.110725 2026] [log_debug:info] [pid 13765:tid 34443525120] [client 4.213.99.137:1046] #shell2ban.web2ban#9#a12eb9adf151662148ceb0f3cc9188fb#[gaertnerei-bergfeld.de] http://gaertnerei-bergfeld.de GET /ohayo.php HTTP/1.1 301 "" ""#
[Wed Apr 15 02:34:40.153132 2026] [log_debug:info] [pid 13744:tid 34443509760] [client 20.43.19.237:26506] #shell2ban.web2ban#9#a12eb9adf151662148ceb0f3cc9188fb#[www.ost-see-urlaub.de] https://www.ost-see-urlaub.de GET /errors/notfound.htm HTTP/1.1 200 "" ""#
[Wed Apr 15 02:34:40.280876 2026] [log_debug:info] [pid 13758:tid 34443522560] [client 20.43.19.237:26509] #shell2ban.web2ban#9#a12eb9adf151662148ceb0f3cc9188fb#[stralsund.ost-see-urlaub.de] http://stralsund.ost-see-urlaub.de GET /wp-cro.php HTTP/1.1 301 "" ""#
[Wed Apr 15 02:34:40.309195 2026] [log_debug:info] [pid 13759:tid 34443523840] [client 4.213.99.137:1935] #shell2ban.web2ban#9#a12eb9adf151662148ceb0f3cc9188fb#[gaertnerei-bergfeld.de] https://gaertnerei-bergfeld.de GET /ohayo.php HTTP/1.1 404 "" ""#
[Wed Apr 15 02:34:40.406957 2026] [log_debug:info] [pid 13745:tid 34443518720] [client 20.43.19.237:26602] #shell2ban.web2ban#9#a12eb9adf151662148ceb0f3cc9188fb#[www.stralsund.ost-see-urlaub.de] https://www.stralsund.ost-see-urlaub.de GET /wp-cro.php HTTP/1.1 302 "" ""#
[Wed Apr 15 02:34:40.482135 2026] [log_debug:info] [pid 13765:tid 34443525120] [client 4.213.99.137:1046] #shell2ban.web2ban#9#a12eb9adf151662148ceb0f3cc9188fb#[gaertnerei-bergfeld.de] http://gaertnerei-bergfeld.de GET /cms.php HTTP/1.1 301 "" ""#
[Wed Apr 15 02:34:40.515681 2026] [log_debug:info] [pid 13744:tid 34443509760] [client 20.43.19.237:26506] #shell2ban.web2ban#9#a12eb9adf151662148ceb0f3cc9188fb#[www.ost-see-urlaub.de] https://www.ost-see-urlaub.de GET /errors/notfound.htm HTTP/1.1 200 "" ""#
[Wed Apr 15 02:34:40.634744 2026] [log_debug:info] [pid 13758:tid 34443522560] [client 20.43.19.237:26509] #shell2ban.web2ban#9#a12eb9adf151662148ceb0f3cc9188fb#[stralsund.ost-see-urlaub.de] http://stralsund.ost-see-urlaub.de GET /wp-includes/Requests/abou.php HTTP/1.1 301 "" ""#
[Wed Apr 15 02:34:40.653556 2026] [log_debug:info] [pid 13759:tid 34443528960] [client 4.213.99.137:1935] #shell2ban.web2ban#9#a12eb9adf151662148ceb0f3cc9188fb#[gaertnerei-bergfeld.de] https://gaertnerei-bergfeld.de GET /cms.php HTTP/1.1 404 "" ""#
[Wed Apr 15 02:34:40.751028 2026] [log_debug:info] [pid 13745:tid 34443518720] [client 20.43.19.237:26602] #shell2ban.web2ban#9#a12eb9adf151662148ceb0f3cc9188fb#[www.stralsund.ost-see-urlaub.de] https://www.stralsund.ost-see-urlaub.de GET /wp-includes/Requests/abou.php HTTP/1.1 302 "" ""#
[Wed Apr 15 02:34:40.825744 2026] [log_debug:info] [pid 13765:tid 34443525120] [client 4.213.99.137:1046] #shell2ban.web2ban#9#a12eb9adf151662148ceb0f3cc9188fb#[gaertnerei-bergfeld.de] http://gaertnerei-bergfeld.de GET /wp-uploads.php HTTP/1.1 301 "" ""#
[Wed Apr 15 02:34:40.860275 2026] [log_debug:info] [pid 13744:tid 34443517440] [client 20.43.19.237:26506] #shell2ban.web2ban#9#a12eb9adf151662148ceb0f3cc9188fb#[www.ost-see-urlaub.de] https://www.ost-see-urlaub.de GET /errors/notfound.htm HTTP/1.1 200 "" ""#
[Wed Apr 15 02:34:40.969297 2026] [log_debug:info] [pid 13758:tid 34443522560] [client 20.43.19.237:26509] #shell2ban.web2ban#9#a12eb9adf151662148ceb0f3cc9188fb#[stralsund.ost-see-urlaub.de] http://stralsund.ost-see-urlaub.de GET /map.php HTTP/1.1 301 "" ""#
[Wed Apr 15 02:34:40.997302 2026] [log_debug:info] [pid 13759:tid 34443523840] [client 4.213.99.137:1935] #shell2ban.web2ban#9#a12eb9adf151662148ceb0f3cc9188fb#[gaertnerei-bergfeld.de] https://gaertnerei-bergfeld.de GET /wp-uploads.php HTTP/1.1 404 "" ""#
[Wed Apr 15 02:34:41.258802 2026] [log_debug:info] [pid 13765:tid 34443521280] [client 4.213.99.137:1046] #shell2ban.web2ban#9#a12eb9adf151662148ceb0f3cc9188fb#[gaertnerei-bergfeld.de] http://gaertnerei-bergfeld.de GET /Gel.php HTTP/1.1 301 "" ""#
[Wed Apr 15 02:34:41.399827 2026] [log_debug:info] [pid 13745:tid 34443518720] [client 20.43.19.237:26602] #shell2ban.web2ban#9#a12eb9adf151662148ceb0f3cc9188fb#[www.stralsund.ost-see-urlaub.de] https://www.stralsund.ost-see-urlaub.de GET /map.php HTTP/1.1 302 "" ""#
[Wed Apr 15 02:34:41.431689 2026] [log_debug:info] [pid 13759:tid 34443523840] [client 4.213.99.137:1935] #shell2ban.web2ban#9#a12eb9adf151662148ceb0f3cc9188fb#[gaertnerei-bergfeld.de] https://gaertnerei-bergfeld.de GET /Gel.php HTTP/1.1 404 "" ""#
[Wed Apr 15 02:34:41.602706 2026] [log_debug:info] [pid 13765:tid 34443521280] [client 4.213.99.137:1046] #shell2ban.web2ban#9#a12eb9adf151662148ceb0f3cc9188fb#[gaertnerei-bergfeld.de] http://gaertnerei-bergfeld.de GET /41.php HTTP/1.1 301 "" ""#
[Wed Apr 15 02:34:41.666145 2026] [log_debug:info] [pid 13744:tid 34443509760] [client 20.43.19.237:26506] #shell2ban.web2ban#9#a12eb9adf151662148ceb0f3cc9188fb#[www.ost-see-urlaub.de] https://www.ost-see-urlaub.de GET /errors/notfound.htm HTTP/1.1 200 "" ""#
[Wed Apr 15 02:34:41.780725 2026] [log_debug:info] [pid 13759:tid 34443523840] [client 4.213.99.137:1935] #shell2ban.web2ban#9#a12eb9adf151662148ceb0f3cc9188fb#[gaertnerei-bergfeld.de] https://gaertnerei-bergfeld.de GET /41.php HTTP/1.1 404 "" ""#
[Wed Apr 15 02:34:41.786127 2026] [log_debug:info] [pid 13758:tid 34443522560] [client 20.43.19.237:26509] #shell2ban.web2ban#9#a12eb9adf151662148ceb0f3cc9188fb#[stralsund.ost-see-urlaub.de] http://stralsund.ost-see-urlaub.de GET /wp-includes/ioxi-o.php HTTP/1.1 301 "" ""#
[Wed Apr 15 02:34:41.988741 2026] [log_debug:info] [pid 13745:tid 34445869824] [client 20.43.19.237:26602] #shell2ban.web2ban#9#a12eb9adf151662148ceb0f3cc9188fb#[www.stralsund.ost-see-urlaub.de] https://www.stralsund.ost-see-urlaub.de GET /wp-includes/ioxi-o.php HTTP/1.1 302 "" ""#
[Wed Apr 15 02:34:42.041038 2026] [log_debug:info] [pid 13765:tid 34443521280] [client 4.213.99.137:1046] #shell2ban.web2ban#9#a12eb9adf151662148ceb0f3cc9188fb#[gaertnerei-bergfeld.de] http://gaertnerei-bergfeld.de GET /4price.php HTTP/1.1 301 "" ""#
[Wed Apr 15 02:34:42.106664 2026] [log_debug:info] [pid 13744:tid 34443517440] [client 20.43.19.237:26506] #shell2ban.web2ban#9#a12eb9adf151662148ceb0f3cc9188fb#[www.ost-see-urlaub.de] https://www.ost-see-urlaub.de GET /errors/notfound.htm HTTP/1.1 200 "" ""#
[Wed Apr 15 02:34:42.212415 2026] [log_debug:info] [pid 13759:tid 34443523840] [client 4.213.99.137:1935] #shell2ban.web2ban#9#a12eb9adf151662148ceb0f3cc9188fb#[gaertnerei-bergfeld.de] https://gaertnerei-bergfeld.de GET /4price.php HTTP/1.1 404 "" ""#
[Wed Apr 15 02:34:42.217467 2026] [log_debug:info] [pid 13758:tid 34443522560] [client 20.43.19.237:26509] #shell2ban.web2ban#9#a12eb9adf151662148ceb0f3cc9188fb#[stralsund.ost-see-urlaub.de] http://stralsund.ost-see-urlaub.de GET /wp-mai.php HTTP/1.1 301 "" ""#
[Wed Apr 15 02:34:42.340035 2026] [log_debug:info] [pid 13745:tid 34443518720] [client 20.43.19.237:26602] #shell2ban.web2ban#9#a12eb9adf151662148ceb0f3cc9188fb#[www.stralsund.ost-see-urlaub.de] https://www.stralsund.ost-see-urlaub.de GET /wp-mai.php HTTP/1.1 302 "" ""#
[Wed Apr 15 02:34:42.384983 2026] [log_debug:info] [pid 13765:tid 34443521280] [client 4.213.99.137:1046] #shell2ban.web2ban#9#a12eb9adf151662148ceb0f3cc9188fb#[gaertnerei-bergfeld.de] http://gaertnerei-bergfeld.de GET /MARIJUANA.php HTTP/1.1 301 "" ""#
[Wed Apr 15 02:34:42.472303 2026] [log_debug:info] [pid 13744:tid 34443509760] [client 20.43.19.237:26506] #shell2ban.web2ban#9#a12eb9adf151662148ceb0f3cc9188fb#[www.ost-see-urlaub.de] https://www.ost-see-urlaub.de GET /errors/notfound.htm HTTP/1.1 200 "" ""#
[Wed Apr 15 02:34:42.556139 2026] [log_debug:info] [pid 13759:tid 34443523840] [client 4.213.99.137:1935] #shell2ban.web2ban#9#a12eb9adf151662148ceb0f3cc9188fb#[gaertnerei-bergfeld.de] https://gaertnerei-bergfeld.de GET /MARIJUANA.php HTTP/1.1 404 "" ""#
[Wed Apr 15 02:34:42.727234 2026] [log_debug:info] [pid 13765:tid 34443521280] [client 4.213.99.137:1046] #shell2ban.web2ban#9#a12eb9adf151662148ceb0f3cc9188fb#[gaertnerei-bergfeld.de] http://gaertnerei-bergfeld.de GET /.fk.php HTTP/1.1 301 "" ""#
[Wed Apr 15 02:34:42.855598 2026] [log_debug:info] [pid 13758:tid 34443522560] [client 20.43.19.237:26509] #shell2ban.web2ban#9#a12eb9adf151662148ceb0f3cc9188fb#[stralsund.ost-see-urlaub.de] http://stralsund.ost-see-urlaub.de GET /wp-taglin.php HTTP/1.1 301 "" ""#
[Wed Apr 15 02:34:42.899051 2026] [log_debug:info] [pid 13759:tid 34443523840] [client 4.213.99.137:1935] #shell2ban.web2ban#9#a12eb9adf151662148ceb0f3cc9188fb#[gaertnerei-bergfeld.de] https://gaertnerei-bergfeld.de GET /.fk.php HTTP/1.1 404 "" ""#
[Wed Apr 15 02:34:42.964540 2026] [log_debug:info] [pid 13745:tid 34445869824] [client 20.43.19.237:26602] #shell2ban.web2ban#9#a12eb9adf151662148ceb0f3cc9188fb#[www.stralsund.ost-see-urlaub.de] https://www.stralsund.ost-see-urlaub.de GET /wp-taglin.php HTTP/1.1 302 "" ""#
[Wed Apr 15 02:34:43.083450 2026] [log_debug:info] [pid 13765:tid 34443521280] [client 4.213.99.137:1046] #shell2ban.web2ban#9#a12eb9adf151662148ceb0f3cc9188fb#[gaertnerei-bergfeld.de] http://gaertnerei-bergfeld.de GET /XxX.php HTTP/1.1 301 "" ""#
[Wed Apr 15 02:34:43.098045 2026] [log_debug:info] [pid 13744:tid 34443509760] [client 20.43.19.237:26506] #shell2ban.web2ban#9#a12eb9adf151662148ceb0f3cc9188fb#[www.ost-see-urlaub.de] https://www.ost-see-urlaub.de GET /errors/notfound.htm HTTP/1.1 200 "" ""#
[Wed Apr 15 02:34:43.212305 2026] [log_debug:info] [pid 13758:tid 34443522560] [client 20.43.19.237:26509] #shell2ban.web2ban#9#a12eb9adf151662148ceb0f3cc9188fb#[stralsund.ost-see-urlaub.de] http://stralsund.ost-see-urlaub.de GET /wp-editor.php HTTP/1.1 301 "" ""#
[Wed Apr 15 02:34:43.254980 2026] [log_debug:info] [pid 13759:tid 34443523840] [client 4.213.99.137:1935] #shell2ban.web2ban#9#a12eb9adf151662148ceb0f3cc9188fb#[gaertnerei-bergfeld.de] https://gaertnerei-bergfeld.de GET /XxX.php HTTP/1.1 404 "" ""#
[Wed Apr 15 02:34:43.321308 2026] [log_debug:info] [pid 13745:tid 34445869824] [client 20.43.19.237:26602] #shell2ban.web2ban#9#a12eb9adf151662148ceb0f3cc9188fb#[www.stralsund.ost-see-urlaub.de] https://www.stralsund.ost-see-urlaub.de GET /wp-editor.php HTTP/1.1 302 "" ""#
[Wed Apr 15 02:34:43.435792 2026] [log_debug:info] [pid 13744:tid 34443509760] [client 20.43.19.237:26506] #shell2ban.web2ban#9#a12eb9adf151662148ceb0f3cc9188fb#[www.ost-see-urlaub.de] https://www.ost-see-urlaub.de GET /errors/notfound.htm HTTP/1.1 200 "" ""#
[Wed Apr 15 02:34:43.545195 2026] [log_debug:info] [pid 13758:tid 34443522560] [client 20.43.19.237:26509] #shell2ban.web2ban#9#a12eb9adf151662148ceb0f3cc9188fb#[stralsund.ost-see-urlaub.de] http://stralsund.ost-see-urlaub.de GET /wp-activat.php HTTP/1.1 301 "" ""#
[Wed Apr 15 02:34:43.655971 2026] [log_debug:info] [pid 13745:tid 34443518720] [client 20.43.19.237:26602] #shell2ban.web2ban#9#a12eb9adf151662148ceb0f3cc9188fb#[www.stralsund.ost-see-urlaub.de] https://www.stralsund.ost-see-urlaub.de GET /wp-activat.php HTTP/1.1 302 "" ""#
[Wed Apr 15 02:34:43.733980 2026] [log_debug:info] [pid 13745:tid 34443518720] [client 4.213.99.137:1944] #shell2ban.web2ban#9#a12eb9adf151662148ceb0f3cc9188fb#[gaertnerei-bergfeld.de] http://gaertnerei-bergfeld.de GET /alexuse.php HTTP/1.1 301 "" ""#
[Wed Apr 15 02:34:43.781195 2026] [log_debug:info] [pid 13744:tid 34443509760] [client 20.43.19.237:26506] #shell2ban.web2ban#9#a12eb9adf151662148ceb0f3cc9188fb#[www.ost-see-urlaub.de] https://www.ost-see-urlaub.de GET /errors/notfound.htm HTTP/1.1 200 "" ""#
[Wed Apr 15 02:34:43.890197 2026] [log_debug:info] [pid 13758:tid 34443514880] [client 20.43.19.237:26509] #shell2ban.web2ban#9#a12eb9adf151662148ceb0f3cc9188fb#[stralsund.ost-see-urlaub.de] http://stralsund.ost-see-urlaub.de GET /c.php HTTP/1.1 301 "" ""#
[Wed Apr 15 02:34:43.999393 2026] [log_debug:info] [pid 13745:tid 34443518720] [client 20.43.19.237:26602] #shell2ban.web2ban#9#a12eb9adf151662148ceb0f3cc9188fb#[www.stralsund.ost-see-urlaub.de] https://www.stralsund.ost-see-urlaub.de GET /c.php HTTP/1.1 302 "" ""#
[Wed Apr 15 02:34:44.109345 2026] [log_debug:info] [pid 13744:tid 34443509760] [client 20.43.19.237:26506] #shell2ban.web2ban#9#a12eb9adf151662148ceb0f3cc9188fb#[www.ost-see-urlaub.de] https://www.ost-see-urlaub.de GET /errors/notfound.htm HTTP/1.1 200 "" ""#
[Wed Apr 15 02:34:44.505849 2026] [log_debug:info] [pid 9026:tid 34443511040] [client 4.213.99.137:1971] #shell2ban.web2ban#9#a12eb9adf151662148ceb0f3cc9188fb#[gaertnerei-bergfeld.de] https://gaertnerei-bergfeld.de GET /alexuse.php HTTP/1.1 404 "" ""#
[Wed Apr 15 02:34:44.681092 2026] [log_debug:info] [pid 13745:tid 34443528960] [client 4.213.99.137:1944] #shell2ban.web2ban#9#a12eb9adf151662148ceb0f3cc9188fb#[gaertnerei-bergfeld.de] http://gaertnerei-bergfeld.de GET /Sendemail.php HTTP/1.1 301 "" ""#
[Wed Apr 15 02:34:44.847049 2026] [log_debug:info] [pid 9025:tid 34443523840] [client 20.43.19.237:26560] #shell2ban.web2ban#9#a12eb9adf151662148ceb0f3cc9188fb#[stralsund.ost-see-urlaub.de] http://stralsund.ost-see-urlaub.de GET /c99.php HTTP/1.1 301 "" ""#
[Wed Apr 15 02:34:44.856971 2026] [log_debug:info] [pid 9026:tid 34443511040] [client 4.213.99.137:1971] #shell2ban.web2ban#9#a12eb9adf151662148ceb0f3cc9188fb#[gaertnerei-bergfeld.de] https://gaertnerei-bergfeld.de GET /Sendemail.php HTTP/1.1 404 "" ""#
[Wed Apr 15 02:34:44.960560 2026] [log_debug:info] [pid 13745:tid 34443518720] [client 20.43.19.237:26602] #shell2ban.web2ban#9#a12eb9adf151662148ceb0f3cc9188fb#[www.stralsund.ost-see-urlaub.de] https://www.stralsund.ost-see-urlaub.de GET /c99.php HTTP/1.1 302 "" ""#
[Wed Apr 15 02:34:45.032706 2026] [log_debug:info] [pid 13745:tid 34443518720] [client 4.213.99.137:1944] #shell2ban.web2ban#9#a12eb9adf151662148ceb0f3cc9188fb#[gaertnerei-bergfeld.de] http://gaertnerei-bergfeld.de GET /content.php HTTP/1.1 301 "" ""#
[Wed Apr 15 02:34:45.208525 2026] [log_debug:info] [pid 9026:tid 34443511040] [client 4.213.99.137:1971] #shell2ban.web2ban#9#a12eb9adf151662148ceb0f3cc9188fb#[gaertnerei-bergfeld.de] https://gaertnerei-bergfeld.de GET /content.php HTTP/1.1 404 "" ""#
[Wed Apr 15 02:34:45.383788 2026] [log_debug:info] [pid 13745:tid 34443528960] [client 4.213.99.137:1944] #shell2ban.web2ban#9#a12eb9adf151662148ceb0f3cc9188fb#[gaertnerei-bergfeld.de] http://gaertnerei-bergfeld.de GET /olu.php HTTP/1.1 301 "" ""#
[Wed Apr 15 02:34:45.559414 2026] [log_debug:info] [pid 9026:tid 34443511040] [client 4.213.99.137:1971] #shell2ban.web2ban#9#a12eb9adf151662148ceb0f3cc9188fb#[gaertnerei-bergfeld.de] https://gaertnerei-bergfeld.de GET /olu.php HTTP/1.1 404 "" ""#
[Wed Apr 15 02:34:45.735807 2026] [log_debug:info] [pid 13745:tid 34445863424] [client 4.213.99.137:1944] #shell2ban.web2ban#9#a12eb9adf151662148ceb0f3cc9188fb#[gaertnerei-bergfeld.de] http://gaertnerei-bergfeld.de GET /sad/about.php HTTP/1.1 301 "" ""#
[Wed Apr 15 02:34:45.911360 2026] [log_debug:info] [pid 9026:tid 34443511040] [client 4.213.99.137:1971] #shell2ban.web2ban#9#a12eb9adf151662148ceb0f3cc9188fb#[gaertnerei-bergfeld.de] https://gaertnerei-bergfeld.de GET /sad/about.php HTTP/1.1 404 "" ""#
[Wed Apr 15 02:34:46.086728 2026] [log_debug:info] [pid 13745:tid 34443518720] [client 4.213.99.137:1944] #shell2ban.web2ban#9#a12eb9adf151662148ceb0f3cc9188fb#[gaertnerei-bergfeld.de] http://gaertnerei-bergfeld.de GET /wp-content/uploads/about.php HTTP/1.1 301 "" ""#
[Wed Apr 15 02:34:46.114467 2026] [core:notice] [pid 13756:tid 34440273408] AH00113: /usr/local/www/apache24/noexec/alpen/.htaccess:10 cannot use a full URL in a 401 ErrorDocument directive --- ignoring!
[Wed Apr 15 02:34:46.262662 2026] [log_debug:info] [pid 9026:tid 34443511040] [client 4.213.99.137:1971] #shell2ban.web2ban#9#a12eb9adf151662148ceb0f3cc9188fb#[gaertnerei-bergfeld.de] https://gaertnerei-bergfeld.de GET /wp-content/uploads/about.php HTTP/1.1 404 "" ""#
[Wed Apr 15 02:34:46.360591 2026] [log_debug:info] [pid 13745:tid 34443528960] [client 20.43.19.237:26614] #shell2ban.web2ban#9#a12eb9adf151662148ceb0f3cc9188fb#[www.ost-see-urlaub.de] https://www.ost-see-urlaub.de GET /errors/notfound.htm HTTP/1.1 200 "" ""#
[Wed Apr 15 02:34:46.443004 2026] [log_debug:info] [pid 13745:tid 34443528960] [client 4.213.99.137:1944] #shell2ban.web2ban#9#a12eb9adf151662148ceb0f3cc9188fb#[gaertnerei-bergfeld.de] http://gaertnerei-bergfeld.de GET /goat.php HTTP/1.1 301 "" ""#
[Wed Apr 15 02:34:46.469518 2026] [log_debug:info] [pid 9025:tid 34443516160] [client 20.43.19.237:26560] #shell2ban.web2ban#9#a12eb9adf151662148ceb0f3cc9188fb#[stralsund.ost-see-urlaub.de] http://stralsund.ost-see-urlaub.de GET /comfunctions.php HTTP/1.1 301 "" ""#
[Wed Apr 15 02:34:46.579151 2026] [log_debug:info] [pid 13745:tid 34443528960] [client 20.43.19.237:26602] #shell2ban.web2ban#9#a12eb9adf151662148ceb0f3cc9188fb#[www.stralsund.ost-see-urlaub.de] https://www.stralsund.ost-see-urlaub.de GET /comfunctions.php HTTP/1.1 302 "" ""#
[Wed Apr 15 02:34:46.620952 2026] [log_debug:info] [pid 9026:tid 34443511040] [client 4.213.99.137:1971] #shell2ban.web2ban#9#a12eb9adf151662148ceb0f3cc9188fb#[gaertnerei-bergfeld.de] https://gaertnerei-bergfeld.de GET /goat.php HTTP/1.1 404 "" ""#
[Wed Apr 15 02:34:46.796858 2026] [log_debug:info] [pid 13745:tid 34445863424] [client 4.213.99.137:1944] #shell2ban.web2ban#9#a12eb9adf151662148ceb0f3cc9188fb#[gaertnerei-bergfeld.de] http://gaertnerei-bergfeld.de GET /alexusmailer%202.0.php HTTP/1.1 301 "" ""#
[Wed Apr 15 02:34:46.891156 2026] [log_debug:info] [pid 13745:tid 34443513600] [client 20.43.19.237:26614] #shell2ban.web2ban#9#a12eb9adf151662148ceb0f3cc9188fb#[www.ost-see-urlaub.de] https://www.ost-see-urlaub.de GET /errors/notfound.htm HTTP/1.1 200 "" ""#
[Wed Apr 15 02:34:46.902619 2026] [core:notice] [pid 13745:tid 34440274688] AH00113: /usr/local/www/apache24/noexec/alpen/.htaccess:10 cannot use a full URL in a 401 ErrorDocument directive --- ignoring!
[Wed Apr 15 02:34:47.036709 2026] [log_debug:info] [pid 9026:tid 34443511040] [client 4.213.99.137:1971] #shell2ban.web2ban#9#a12eb9adf151662148ceb0f3cc9188fb#[gaertnerei-bergfeld.de] https://gaertnerei-bergfeld.de GET /alexusmailer%202.0.php HTTP/1.1 404 "" ""#
[Wed Apr 15 02:34:47.212085 2026] [log_debug:info] [pid 13745:tid 34443528960] [client 4.213.99.137:1944] #shell2ban.web2ban#9#a12eb9adf151662148ceb0f3cc9188fb#[gaertnerei-bergfeld.de] http://gaertnerei-bergfeld.de GET /rss.php HTTP/1.1 301 "" ""#
[Wed Apr 15 02:34:47.247222 2026] [log_debug:info] [pid 9025:tid 34443523840] [client 20.43.19.237:26560] #shell2ban.web2ban#9#a12eb9adf151662148ceb0f3cc9188fb#[stralsund.ost-see-urlaub.de] http://stralsund.ost-see-urlaub.de GET /contact.php HTTP/1.1 301 "" ""#
[Wed Apr 15 02:34:47.314809 2026] [core:notice] [pid 13756:tid 34440273408] AH00113: /usr/local/www/apache24/noexec/ausflugsburgen/.htaccess:10 cannot use a full URL in a 401 ErrorDocument directive --- ignoring!
[Wed Apr 15 02:34:47.388519 2026] [log_debug:info] [pid 9026:tid 34443511040] [client 4.213.99.137:1971] #shell2ban.web2ban#9#a12eb9adf151662148ceb0f3cc9188fb#[gaertnerei-bergfeld.de] https://gaertnerei-bergfeld.de GET /rss.php HTTP/1.1 404 "" ""#
[Wed Apr 15 02:34:47.503020 2026] [core:notice] [pid 13756:tid 34440251392] AH00113: /usr/local/www/apache24/noexec/ausflugsburgen/.htaccess:10 cannot use a full URL in a 401 ErrorDocument directive --- ignoring!
[Wed Apr 15 02:34:47.503022 2026] [core:notice] [pid 13756:tid 34440273408] AH00113: /usr/local/www/apache24/noexec/ausflugsburgen/.htaccess:10 cannot use a full URL in a 401 ErrorDocument directive --- ignoring!
[Wed Apr 15 02:34:47.503287 2026] [core:notice] [pid 13756:tid 34440273408] AH00113: /usr/local/www/apache24/noexec/ausflugsburgen/allgemein/.htaccess:10 cannot use a full URL in a 401 ErrorDocument directive --- ignoring!
[Wed Apr 15 02:34:47.563831 2026] [log_debug:info] [pid 13745:tid 34443518720] [client 4.213.99.137:1944] #shell2ban.web2ban#9#a12eb9adf151662148ceb0f3cc9188fb#[gaertnerei-bergfeld.de] http://gaertnerei-bergfeld.de GET /wp-file.php HTTP/1.1 301 "" ""#
[Wed Apr 15 02:34:47.591377 2026] [core:notice] [pid 13756:tid 34440251392] AH00113: /usr/local/www/apache24/noexec/ausflugsburgen/.htaccess:10 cannot use a full URL in a 401 ErrorDocument directive --- ignoring!
[Wed Apr 15 02:34:47.681599 2026] [core:notice] [pid 13756:tid 34440251392] AH00113: /usr/local/www/apache24/noexec/ausflugsburgen/.htaccess:10 cannot use a full URL in a 401 ErrorDocument directive --- ignoring!
[Wed Apr 15 02:34:47.693571 2026] [core:notice] [pid 13756:tid 34440251392] AH00113: /usr/local/www/apache24/noexec/ausflugsburgen/.htaccess:10 cannot use a full URL in a 401 ErrorDocument directive --- ignoring!
[Wed Apr 15 02:34:47.741836 2026] [log_debug:info] [pid 9026:tid 34443511040] [client 4.213.99.137:1971] #shell2ban.web2ban#9#a12eb9adf151662148ceb0f3cc9188fb#[gaertnerei-bergfeld.de] https://gaertnerei-bergfeld.de GET /wp-file.php HTTP/1.1 404 "" ""#
[Wed Apr 15 02:34:47.918991 2026] [log_debug:info] [pid 13745:tid 34443528960] [client 4.213.99.137:1944] #shell2ban.web2ban#9#a12eb9adf151662148ceb0f3cc9188fb#[gaertnerei-bergfeld.de] http://gaertnerei-bergfeld.de GET /wso2.php HTTP/1.1 301 "" ""#
[Wed Apr 15 02:34:47.927841 2026] [core:notice] [pid 13756:tid 34440251392] AH00113: /usr/local/www/apache24/noexec/ausflugsburgen/.htaccess:10 cannot use a full URL in a 401 ErrorDocument directive --- ignoring!
[Wed Apr 15 02:34:47.927844 2026] [core:notice] [pid 13756:tid 34440273408] AH00113: /usr/local/www/apache24/noexec/ausflugsburgen/.htaccess:10 cannot use a full URL in a 401 ErrorDocument directive --- ignoring!
[Wed Apr 15 02:34:47.976392 2026] [core:notice] [pid 13756:tid 34440273408] AH00113: /usr/local/www/apache24/noexec/ausflugsburgen/.htaccess:10 cannot use a full URL in a 401 ErrorDocument directive --- ignoring!
[Wed Apr 15 02:34:47.976397 2026] [core:notice] [pid 13756:tid 34440251392] AH00113: /usr/local/www/apache24/noexec/ausflugsburgen/.htaccess:10 cannot use a full URL in a 401 ErrorDocument directive --- ignoring!
[Wed Apr 15 02:34:48.044248 2026] [core:notice] [pid 13756:tid 34440273408] AH00113: /usr/local/www/apache24/noexec/ausflugsburgen/.htaccess:10 cannot use a full URL in a 401 ErrorDocument directive --- ignoring!
[Wed Apr 15 02:34:48.087934 2026] [core:notice] [pid 13756:tid 34440273408] AH00113: /usr/local/www/apache24/noexec/ausflugsburgen/.htaccess:10 cannot use a full URL in a 401 ErrorDocument directive --- ignoring!
[Wed Apr 15 02:34:48.094794 2026] [log_debug:info] [pid 9026:tid 34443511040] [client 4.213.99.137:1971] #shell2ban.web2ban#9#a12eb9adf151662148ceb0f3cc9188fb#[gaertnerei-bergfeld.de] https://gaertnerei-bergfeld.de GET /wso2.php HTTP/1.1 404 "" ""#
[Wed Apr 15 02:34:48.132658 2026] [core:notice] [pid 13756:tid 34440273408] AH00113: /usr/local/www/apache24/noexec/ausflugsburgen/.htaccess:10 cannot use a full URL in a 401 ErrorDocument directive --- ignoring!
[Wed Apr 15 02:34:48.140866 2026] [core:notice] [pid 13758:tid 34430948864] AH00113: /usr/local/www/apache24/noexec/ausflugsziele/.htaccess:10 cannot use a full URL in a 401 ErrorDocument directive --- ignoring!
[Wed Apr 15 02:34:48.141039 2026] [core:notice] [pid 13758:tid 34440267008] AH00113: /usr/local/www/apache24/noexec/ausflugsziele/.htaccess:10 cannot use a full URL in a 401 ErrorDocument directive --- ignoring!
[Wed Apr 15 02:34:48.172709 2026] [core:notice] [pid 13756:tid 34440273408] AH00113: /usr/local/www/apache24/noexec/ausflugsburgen/.htaccess:10 cannot use a full URL in a 401 ErrorDocument directive --- ignoring!
[Wed Apr 15 02:34:48.208713 2026] [core:notice] [pid 13756:tid 34440273408] AH00113: /usr/local/www/apache24/noexec/ausflugsburgen/.htaccess:10 cannot use a full URL in a 401 ErrorDocument directive --- ignoring!
[Wed Apr 15 02:34:48.208875 2026] [core:notice] [pid 13756:tid 34440251392] AH00113: /usr/local/www/apache24/noexec/ausflugsburgen/.htaccess:10 cannot use a full URL in a 401 ErrorDocument directive --- ignoring!
[Wed Apr 15 02:34:48.270676 2026] [log_debug:info] [pid 13745:tid 34443518720] [client 4.213.99.137:1944] #shell2ban.web2ban#9#a12eb9adf151662148ceb0f3cc9188fb#[gaertnerei-bergfeld.de] http://gaertnerei-bergfeld.de GET /wso1.php HTTP/1.1 301 "" ""#
[Wed Apr 15 02:34:48.337330 2026] [core:notice] [pid 13756:tid 34440251392] AH00113: /usr/local/www/apache24/noexec/ausflugsburgen/.htaccess:10 cannot use a full URL in a 401 ErrorDocument directive --- ignoring!
[Wed Apr 15 02:34:48.446853 2026] [log_debug:info] [pid 9026:tid 34443511040] [client 4.213.99.137:1971] #shell2ban.web2ban#9#a12eb9adf151662148ceb0f3cc9188fb#[gaertnerei-bergfeld.de] https://gaertnerei-bergfeld.de GET /wso1.php HTTP/1.1 404 "" ""#
[Wed Apr 15 02:34:48.632028 2026] [log_debug:info] [pid 13745:tid 34443528960] [client 4.213.99.137:1944] #shell2ban.web2ban#9#a12eb9adf151662148ceb0f3cc9188fb#[gaertnerei-bergfeld.de] http://gaertnerei-bergfeld.de GET /olux.php HTTP/1.1 301 "" ""#
[Wed Apr 15 02:34:48.735217 2026] [log_debug:info] [pid 13756:tid 34445867264] [client 20.43.19.237:26563] #shell2ban.web2ban#9#a12eb9adf151662148ceb0f3cc9188fb#[www.stralsund.ost-see-urlaub.de] https://www.stralsund.ost-see-urlaub.de GET /contact.php HTTP/1.1 302 "" ""#
[Wed Apr 15 02:34:48.808803 2026] [log_debug:info] [pid 9026:tid 34445860864] [client 4.213.99.137:1971] #shell2ban.web2ban#9#a12eb9adf151662148ceb0f3cc9188fb#[gaertnerei-bergfeld.de] https://gaertnerei-bergfeld.de GET /olux.php HTTP/1.1 404 "" ""#
[Wed Apr 15 02:34:48.848574 2026] [log_debug:info] [pid 13745:tid 34443518720] [client 20.43.19.237:26614] #shell2ban.web2ban#9#a12eb9adf151662148ceb0f3cc9188fb#[www.ost-see-urlaub.de] https://www.ost-see-urlaub.de GET /errors/notfound.htm HTTP/1.1 200 "" ""#
[Wed Apr 15 02:34:48.958211 2026] [log_debug:info] [pid 9025:tid 34443523840] [client 20.43.19.237:26560] #shell2ban.web2ban#9#a12eb9adf151662148ceb0f3cc9188fb#[stralsund.ost-see-urlaub.de] http://stralsund.ost-see-urlaub.de GET /credits.php HTTP/1.1 301 "" ""#
[Wed Apr 15 02:34:48.984404 2026] [log_debug:info] [pid 13745:tid 34443518720] [client 4.213.99.137:1944] #shell2ban.web2ban#9#a12eb9adf151662148ceb0f3cc9188fb#[gaertnerei-bergfeld.de] http://gaertnerei-bergfeld.de GET /wp-info.php HTTP/1.1 301 "" ""#
[Wed Apr 15 02:34:49.067088 2026] [log_debug:info] [pid 13756:tid 34445867264] [client 20.43.19.237:26563] #shell2ban.web2ban#9#a12eb9adf151662148ceb0f3cc9188fb#[www.stralsund.ost-see-urlaub.de] https://www.stralsund.ost-see-urlaub.de GET /credits.php HTTP/1.1 302 "" ""#
[Wed Apr 15 02:34:49.161086 2026] [log_debug:info] [pid 9026:tid 34445860864] [client 4.213.99.137:1971] #shell2ban.web2ban#9#a12eb9adf151662148ceb0f3cc9188fb#[gaertnerei-bergfeld.de] https://gaertnerei-bergfeld.de GET /wp-info.php HTTP/1.1 404 "" ""#
[Wed Apr 15 02:34:49.175902 2026] [log_debug:info] [pid 13745:tid 34443518720] [client 20.43.19.237:26614] #shell2ban.web2ban#9#a12eb9adf151662148ceb0f3cc9188fb#[www.ost-see-urlaub.de] https://www.ost-see-urlaub.de GET /errors/notfound.htm HTTP/1.1 200 "" ""#
[Wed Apr 15 02:34:49.284706 2026] [log_debug:info] [pid 9025:tid 34443523840] [client 20.43.19.237:26560] #shell2ban.web2ban#9#a12eb9adf151662148ceb0f3cc9188fb#[stralsund.ost-see-urlaub.de] http://stralsund.ost-see-urlaub.de GET /error.php HTTP/1.1 301 "" ""#
[Wed Apr 15 02:34:49.336483 2026] [log_debug:info] [pid 13745:tid 34443518720] [client 4.213.99.137:1944] #shell2ban.web2ban#9#a12eb9adf151662148ceb0f3cc9188fb#[gaertnerei-bergfeld.de] http://gaertnerei-bergfeld.de GET /xl.php HTTP/1.1 301 "" ""#
[Wed Apr 15 02:34:49.514183 2026] [log_debug:info] [pid 9026:tid 34445860864] [client 4.213.99.137:1971] #shell2ban.web2ban#9#a12eb9adf151662148ceb0f3cc9188fb#[gaertnerei-bergfeld.de] https://gaertnerei-bergfeld.de GET /xl.php HTTP/1.1 404 "" ""#
[Wed Apr 15 02:34:49.523462 2026] [log_debug:info] [pid 13756:tid 34445867264] [client 20.43.19.237:26563] #shell2ban.web2ban#9#a12eb9adf151662148ceb0f3cc9188fb#[www.stralsund.ost-see-urlaub.de] https://www.stralsund.ost-see-urlaub.de GET /error.php HTTP/1.1 302 "" ""#
[Wed Apr 15 02:34:49.632176 2026] [log_debug:info] [pid 13745:tid 34443528960] [client 20.43.19.237:26614] #shell2ban.web2ban#9#a12eb9adf151662148ceb0f3cc9188fb#[www.ost-see-urlaub.de] https://www.ost-see-urlaub.de GET /errors/notfound.htm HTTP/1.1 200 "" ""#
[Wed Apr 15 02:34:49.696801 2026] [log_debug:info] [pid 13745:tid 34443513600] [client 4.213.99.137:1944] #shell2ban.web2ban#9#a12eb9adf151662148ceb0f3cc9188fb#[gaertnerei-bergfeld.de] http://gaertnerei-bergfeld.de GET /wp-confiig.php HTTP/1.1 301 "" ""#
[Wed Apr 15 02:34:49.743136 2026] [log_debug:info] [pid 9025:tid 34443516160] [client 20.43.19.237:26560] #shell2ban.web2ban#9#a12eb9adf151662148ceb0f3cc9188fb#[stralsund.ost-see-urlaub.de] http://stralsund.ost-see-urlaub.de GET /favicon.php HTTP/1.1 301 "" ""#
[Wed Apr 15 02:34:49.853319 2026] [log_debug:info] [pid 13756:tid 34445867264] [client 20.43.19.237:26563] #shell2ban.web2ban#9#a12eb9adf151662148ceb0f3cc9188fb#[www.stralsund.ost-see-urlaub.de] https://www.stralsund.ost-see-urlaub.de GET /favicon.php HTTP/1.1 302 "" ""#
[Wed Apr 15 02:34:49.894415 2026] [log_debug:info] [pid 9026:tid 34445860864] [client 4.213.99.137:1971] #shell2ban.web2ban#9#a12eb9adf151662148ceb0f3cc9188fb#[gaertnerei-bergfeld.de] https://gaertnerei-bergfeld.de GET /wp-confiig.php HTTP/1.1 404 "" ""#
[Wed Apr 15 02:34:49.967873 2026] [log_debug:info] [pid 13745:tid 34443513600] [client 20.43.19.237:26614] #shell2ban.web2ban#9#a12eb9adf151662148ceb0f3cc9188fb#[www.ost-see-urlaub.de] https://www.ost-see-urlaub.de GET /errors/notfound.htm HTTP/1.1 200 "" ""#
[Wed Apr 15 02:34:50.077432 2026] [log_debug:info] [pid 9025:tid 34443523840] [client 20.43.19.237:26560] #shell2ban.web2ban#9#a12eb9adf151662148ceb0f3cc9188fb#[stralsund.ost-see-urlaub.de] http://stralsund.ost-see-urlaub.de GET /header.php HTTP/1.1 301 "" ""#
[Wed Apr 15 02:34:50.082741 2026] [log_debug:info] [pid 13745:tid 34443528960] [client 4.213.99.137:1944] #shell2ban.web2ban#9#a12eb9adf151662148ceb0f3cc9188fb#[gaertnerei-bergfeld.de] http://gaertnerei-bergfeld.de GET /file-manager.php HTTP/1.1 301 "" ""#
[Wed Apr 15 02:34:50.187894 2026] [log_debug:info] [pid 13756:tid 34443513600] [client 20.43.19.237:26563] #shell2ban.web2ban#9#a12eb9adf151662148ceb0f3cc9188fb#[www.stralsund.ost-see-urlaub.de] https://www.stralsund.ost-see-urlaub.de GET /header.php HTTP/1.1 302 "" ""#
[Wed Apr 15 02:34:50.258622 2026] [log_debug:info] [pid 9026:tid 34445860864] [client 4.213.99.137:1971] #shell2ban.web2ban#9#a12eb9adf151662148ceb0f3cc9188fb#[gaertnerei-bergfeld.de] https://gaertnerei-bergfeld.de GET /file-manager.php HTTP/1.1 404 "" ""#
[Wed Apr 15 02:34:50.298680 2026] [log_debug:info] [pid 13745:tid 34443528960] [client 20.43.19.237:26614] #shell2ban.web2ban#9#a12eb9adf151662148ceb0f3cc9188fb#[www.ost-see-urlaub.de] https://www.ost-see-urlaub.de GET /errors/notfound.htm HTTP/1.1 200 "" ""#
[Wed Apr 15 02:34:50.407164 2026] [log_debug:info] [pid 9025:tid 34443523840] [client 20.43.19.237:26560] #shell2ban.web2ban#9#a12eb9adf151662148ceb0f3cc9188fb#[stralsund.ost-see-urlaub.de] http://stralsund.ost-see-urlaub.de GET /home.php HTTP/1.1 301 "" ""#
[Wed Apr 15 02:34:50.446948 2026] [log_debug:info] [pid 13745:tid 34443528960] [client 4.213.99.137:1944] #shell2ban.web2ban#9#a12eb9adf151662148ceb0f3cc9188fb#[gaertnerei-bergfeld.de] http://gaertnerei-bergfeld.de GET /uploader.php HTTP/1.1 301 "" ""#
[Wed Apr 15 02:34:50.516484 2026] [log_debug:info] [pid 13756:tid 34443513600] [client 20.43.19.237:26563] #shell2ban.web2ban#9#a12eb9adf151662148ceb0f3cc9188fb#[www.stralsund.ost-see-urlaub.de] https://www.stralsund.ost-see-urlaub.de GET /home.php HTTP/1.1 302 "" ""#
[Wed Apr 15 02:34:50.622960 2026] [log_debug:info] [pid 9026:tid 34445860864] [client 4.213.99.137:1971] #shell2ban.web2ban#9#a12eb9adf151662148ceb0f3cc9188fb#[gaertnerei-bergfeld.de] https://gaertnerei-bergfeld.de GET /uploader.php HTTP/1.1 404 "" ""#
[Wed Apr 15 02:34:50.625230 2026] [log_debug:info] [pid 13745:tid 34443528960] [client 20.43.19.237:26614] #shell2ban.web2ban#9#a12eb9adf151662148ceb0f3cc9188fb#[www.ost-see-urlaub.de] https://www.ost-see-urlaub.de GET /errors/notfound.htm HTTP/1.1 200 "" ""#
[Wed Apr 15 02:34:50.798312 2026] [log_debug:info] [pid 13745:tid 34443513600] [client 4.213.99.137:1944] #shell2ban.web2ban#9#a12eb9adf151662148ceb0f3cc9188fb#[gaertnerei-bergfeld.de] http://gaertnerei-bergfeld.de GET /leafmailer.php HTTP/1.1 301 "" ""#
[Wed Apr 15 02:34:50.834775 2026] [log_debug:info] [pid 9025:tid 34443523840] [client 20.43.19.237:26560] #shell2ban.web2ban#9#a12eb9adf151662148ceb0f3cc9188fb#[stralsund.ost-see-urlaub.de] http://stralsund.ost-see-urlaub.de GET /wp-includes/rest-api/about.php HTTP/1.1 301 "" ""#
[Wed Apr 15 02:34:50.943751 2026] [log_debug:info] [pid 13756:tid 34443513600] [client 20.43.19.237:26563] #shell2ban.web2ban#9#a12eb9adf151662148ceb0f3cc9188fb#[www.stralsund.ost-see-urlaub.de] https://www.stralsund.ost-see-urlaub.de GET /wp-includes/rest-api/about.php HTTP/1.1 302 "" ""#
[Wed Apr 15 02:34:50.976274 2026] [log_debug:info] [pid 9026:tid 34445860864] [client 4.213.99.137:1971] #shell2ban.web2ban#9#a12eb9adf151662148ceb0f3cc9188fb#[gaertnerei-bergfeld.de] https://gaertnerei-bergfeld.de GET /leafmailer.php HTTP/1.1 404 "" ""#
[Wed Apr 15 02:34:51.073100 2026] [log_debug:info] [pid 13745:tid 34443528960] [client 20.43.19.237:26614] #shell2ban.web2ban#9#a12eb9adf151662148ceb0f3cc9188fb#[www.ost-see-urlaub.de] https://www.ost-see-urlaub.de GET /errors/notfound.htm HTTP/1.1 200 "" ""#
[Wed Apr 15 02:34:51.158072 2026] [log_debug:info] [pid 13745:tid 34443528960] [client 4.213.99.137:1944] #shell2ban.web2ban#9#a12eb9adf151662148ceb0f3cc9188fb#[gaertnerei-bergfeld.de] http://gaertnerei-bergfeld.de GET /ALFA_DATA/alfacgiapi/perl.alfa HTTP/1.1 301 "" ""#
[Wed Apr 15 02:34:51.192109 2026] [log_debug:info] [pid 9025:tid 34443523840] [client 20.43.19.237:26560] #shell2ban.web2ban#9#a12eb9adf151662148ceb0f3cc9188fb#[stralsund.ost-see-urlaub.de] http://stralsund.ost-see-urlaub.de GET /xmlrpc.php HTTP/1.1 301 "" ""#
[Wed Apr 15 02:34:51.305070 2026] [log_debug:info] [pid 13756:tid 34443513600] [client 20.43.19.237:26563] #shell2ban.web2ban#9#a12eb9adf151662148ceb0f3cc9188fb#[www.stralsund.ost-see-urlaub.de] https://www.stralsund.ost-see-urlaub.de GET /xmlrpc.php HTTP/1.1 302 "" ""#
[Wed Apr 15 02:34:51.334189 2026] [log_debug:info] [pid 9026:tid 34445860864] [client 4.213.99.137:1971] #shell2ban.web2ban#9#a12eb9adf151662148ceb0f3cc9188fb#[gaertnerei-bergfeld.de] https://gaertnerei-bergfeld.de GET /ALFA_DATA/alfacgiapi/perl.alfa HTTP/1.1 404 "" ""#
[Wed Apr 15 02:34:51.440459 2026] [log_debug:info] [pid 13745:tid 34443528960] [client 20.43.19.237:26614] #shell2ban.web2ban#9#a12eb9adf151662148ceb0f3cc9188fb#[www.ost-see-urlaub.de] https://www.ost-see-urlaub.de GET /errors/notfound.htm HTTP/1.1 200 "" ""#
[Wed Apr 15 02:34:51.513918 2026] [log_debug:info] [pid 13745:tid 34443528960] [client 4.213.99.137:1944] #shell2ban.web2ban#9#a12eb9adf151662148ceb0f3cc9188fb#[gaertnerei-bergfeld.de] http://gaertnerei-bergfeld.de GET /date.php HTTP/1.1 301 "" ""#
[Wed Apr 15 02:34:51.631659 2026] [log_debug:info] [pid 9025:tid 34443523840] [client 20.43.19.237:26560] #shell2ban.web2ban#9#a12eb9adf151662148ceb0f3cc9188fb#[stralsund.ost-see-urlaub.de] http://stralsund.ost-see-urlaub.de GET /admin.php HTTP/1.1 301 "" ""#
[Wed Apr 15 02:34:51.690455 2026] [log_debug:info] [pid 9026:tid 34445860864] [client 4.213.99.137:1971] #shell2ban.web2ban#9#a12eb9adf151662148ceb0f3cc9188fb#[gaertnerei-bergfeld.de] https://gaertnerei-bergfeld.de GET /date.php HTTP/1.1 404 "" ""#
[Wed Apr 15 02:34:51.865973 2026] [log_debug:info] [pid 13745:tid 34443528960] [client 4.213.99.137:1944] #shell2ban.web2ban#9#a12eb9adf151662148ceb0f3cc9188fb#[gaertnerei-bergfeld.de] http://gaertnerei-bergfeld.de GET /pomo.php HTTP/1.1 301 "" ""#
[Wed Apr 15 02:34:52.046254 2026] [log_debug:info] [pid 9026:tid 34445860864] [client 4.213.99.137:1971] #shell2ban.web2ban#9#a12eb9adf151662148ceb0f3cc9188fb#[gaertnerei-bergfeld.de] https://gaertnerei-bergfeld.de GET /pomo.php HTTP/1.1 404 "" ""#
[Wed Apr 15 02:34:52.224425 2026] [log_debug:info] [pid 13745:tid 34443528960] [client 4.213.99.137:1944] #shell2ban.web2ban#9#a12eb9adf151662148ceb0f3cc9188fb#[gaertnerei-bergfeld.de] http://gaertnerei-bergfeld.de GET /8.php HTTP/1.1 301 "" ""#
[Wed Apr 15 02:34:52.280222 2026] [log_debug:info] [pid 13756:tid 34443513600] [client 20.43.19.237:26563] #shell2ban.web2ban#9#a12eb9adf151662148ceb0f3cc9188fb#[www.stralsund.ost-see-urlaub.de] https://www.stralsund.ost-see-urlaub.de GET /admin.php HTTP/1.1 302 "" ""#
[Wed Apr 15 02:34:52.392718 2026] [log_debug:info] [pid 13745:tid 34443513600] [client 20.43.19.237:26614] #shell2ban.web2ban#9#a12eb9adf151662148ceb0f3cc9188fb#[www.ost-see-urlaub.de] https://www.ost-see-urlaub.de GET /errors/notfound.htm HTTP/1.1 200 "" ""#
[Wed Apr 15 02:34:52.400212 2026] [log_debug:info] [pid 9026:tid 34445860864] [client 4.213.99.137:1971] #shell2ban.web2ban#9#a12eb9adf151662148ceb0f3cc9188fb#[gaertnerei-bergfeld.de] https://gaertnerei-bergfeld.de GET /8.php HTTP/1.1 404 "" ""#
[Wed Apr 15 02:34:52.575765 2026] [log_debug:info] [pid 13745:tid 34443514880] [client 4.213.99.137:1944] #shell2ban.web2ban#9#a12eb9adf151662148ceb0f3cc9188fb#[gaertnerei-bergfeld.de] http://gaertnerei-bergfeld.de GET /t/rfi.php HTTP/1.1 301 "" ""#
[Wed Apr 15 02:34:52.751420 2026] [log_debug:info] [pid 9026:tid 34445860864] [client 4.213.99.137:1971] #shell2ban.web2ban#9#a12eb9adf151662148ceb0f3cc9188fb#[gaertnerei-bergfeld.de] https://gaertnerei-bergfeld.de GET /t/rfi.php HTTP/1.1 404 "" ""#
[Wed Apr 15 02:34:53.035248 2026] [log_debug:info] [pid 9025:tid 34443516160] [client 20.43.19.237:26560] #shell2ban.web2ban#9#a12eb9adf151662148ceb0f3cc9188fb#[stralsund.ost-see-urlaub.de] http://stralsund.ost-see-urlaub.de GET /wp-content/admin.php HTTP/1.1 301 "" ""#
[Wed Apr 15 02:34:53.164871 2026] [log_debug:info] [pid 13756:tid 34443513600] [client 20.43.19.237:26563] #shell2ban.web2ban#9#a12eb9adf151662148ceb0f3cc9188fb#[www.stralsund.ost-see-urlaub.de] https://www.stralsund.ost-see-urlaub.de GET /wp-content/admin.php HTTP/1.1 302 "" ""#
[Wed Apr 15 02:34:53.298571 2026] [log_debug:info] [pid 13745:tid 34443513600] [client 20.43.19.237:26614] #shell2ban.web2ban#9#a12eb9adf151662148ceb0f3cc9188fb#[www.ost-see-urlaub.de] https://www.ost-see-urlaub.de GET /errors/notfound.htm HTTP/1.1 200 "" ""#
[Wed Apr 15 02:34:53.408060 2026] [log_debug:info] [pid 9025:tid 34443523840] [client 20.43.19.237:26560] #shell2ban.web2ban#9#a12eb9adf151662148ceb0f3cc9188fb#[stralsund.ost-see-urlaub.de] http://stralsund.ost-see-urlaub.de GET /classwithtostring.php HTTP/1.1 301 "" ""#
[Wed Apr 15 02:34:53.516883 2026] [log_debug:info] [pid 13756:tid 34443513600] [client 20.43.19.237:26563] #shell2ban.web2ban#9#a12eb9adf151662148ceb0f3cc9188fb#[www.stralsund.ost-see-urlaub.de] https://www.stralsund.ost-see-urlaub.de GET /classwithtostring.php HTTP/1.1 302 "" ""#
[Wed Apr 15 02:34:53.647148 2026] [log_debug:info] [pid 13745:tid 34443514880] [client 20.43.19.237:26614] #shell2ban.web2ban#9#a12eb9adf151662148ceb0f3cc9188fb#[www.ost-see-urlaub.de] https://www.ost-see-urlaub.de GET /errors/notfound.htm HTTP/1.1 200 "" ""#
[Wed Apr 15 02:34:53.776443 2026] [log_debug:info] [pid 9025:tid 34443523840] [client 20.43.19.237:26560] #shell2ban.web2ban#9#a12eb9adf151662148ceb0f3cc9188fb#[stralsund.ost-see-urlaub.de] http://stralsund.ost-see-urlaub.de GET /content.php HTTP/1.1 301 "" ""#
[Wed Apr 15 02:34:53.894718 2026] [log_debug:info] [pid 13756:tid 34443526400] [client 20.43.19.237:26563] #shell2ban.web2ban#9#a12eb9adf151662148ceb0f3cc9188fb#[www.stralsund.ost-see-urlaub.de] https://www.stralsund.ost-see-urlaub.de GET /content.php HTTP/1.1 302 "" ""#
[Wed Apr 15 02:34:54.004319 2026] [log_debug:info] [pid 13745:tid 34443513600] [client 20.43.19.237:26614] #shell2ban.web2ban#9#a12eb9adf151662148ceb0f3cc9188fb#[www.ost-see-urlaub.de] https://www.ost-see-urlaub.de GET /errors/notfound.htm HTTP/1.1 200 "" ""#
[Wed Apr 15 02:34:54.115128 2026] [log_debug:info] [pid 9025:tid 34443523840] [client 20.43.19.237:26560] #shell2ban.web2ban#9#a12eb9adf151662148ceb0f3cc9188fb#[stralsund.ost-see-urlaub.de] http://stralsund.ost-see-urlaub.de GET /dropdown.php HTTP/1.1 301 "" ""#
[Wed Apr 15 02:34:54.224182 2026] [log_debug:info] [pid 13756:tid 34443513600] [client 20.43.19.237:26563] #shell2ban.web2ban#9#a12eb9adf151662148ceb0f3cc9188fb#[www.stralsund.ost-see-urlaub.de] https://www.stralsund.ost-see-urlaub.de GET /dropdown.php HTTP/1.1 302 "" ""#
[Wed Apr 15 02:34:54.332972 2026] [log_debug:info] [pid 13745:tid 34443513600] [client 20.43.19.237:26614] #shell2ban.web2ban#9#a12eb9adf151662148ceb0f3cc9188fb#[www.ost-see-urlaub.de] https://www.ost-see-urlaub.de GET /errors/notfound.htm HTTP/1.1 200 "" ""#
[Wed Apr 15 02:34:54.450892 2026] [log_debug:info] [pid 9025:tid 34443523840] [client 20.43.19.237:26560] #shell2ban.web2ban#9#a12eb9adf151662148ceb0f3cc9188fb#[stralsund.ost-see-urlaub.de] http://stralsund.ost-see-urlaub.de GET /wp-content/uploads/index.php HTTP/1.1 301 "" ""#
[Wed Apr 15 02:34:54.668378 2026] [log_debug:info] [pid 13756:tid 34443513600] [client 20.43.19.237:26563] #shell2ban.web2ban#9#a12eb9adf151662148ceb0f3cc9188fb#[www.stralsund.ost-see-urlaub.de] https://www.stralsund.ost-see-urlaub.de GET /wp-content/uploads/index.php HTTP/1.1 302 "" ""#
[Wed Apr 15 02:34:54.934908 2026] [log_debug:info] [pid 13745:tid 34443513600] [client 20.43.19.237:26614] #shell2ban.web2ban#9#a12eb9adf151662148ceb0f3cc9188fb#[www.ost-see-urlaub.de] https://www.ost-see-urlaub.de GET /errors/notfound.htm HTTP/1.1 200 "" ""#
[Wed Apr 15 02:34:55.145458 2026] [log_debug:info] [pid 9025:tid 34443522560] [client 20.43.19.237:26560] #shell2ban.web2ban#9#a12eb9adf151662148ceb0f3cc9188fb#[stralsund.ost-see-urlaub.de] http://stralsund.ost-see-urlaub.de GET /atomlib.php HTTP/1.1 301 "" ""#
[Wed Apr 15 02:34:55.254350 2026] [log_debug:info] [pid 13756:tid 34443513600] [client 20.43.19.237:26563] #shell2ban.web2ban#9#a12eb9adf151662148ceb0f3cc9188fb#[www.stralsund.ost-see-urlaub.de] https://www.stralsund.ost-see-urlaub.de GET /atomlib.php HTTP/1.1 302 "" ""#
[Wed Apr 15 02:34:55.372486 2026] [log_debug:info] [pid 13745:tid 34443513600] [client 20.43.19.237:26614] #shell2ban.web2ban#9#a12eb9adf151662148ceb0f3cc9188fb#[www.ost-see-urlaub.de] https://www.ost-see-urlaub.de GET /errors/notfound.htm HTTP/1.1 200 "" ""#
[Wed Apr 15 02:34:55.493690 2026] [log_debug:info] [pid 9025:tid 34443523840] [client 20.43.19.237:26560] #shell2ban.web2ban#9#a12eb9adf151662148ceb0f3cc9188fb#[stralsund.ost-see-urlaub.de] http://stralsund.ost-see-urlaub.de GET /install.php HTTP/1.1 301 "" ""#
[Wed Apr 15 02:34:55.838461 2026] [log_debug:info] [pid 13756:tid 34443513600] [client 20.43.19.237:26563] #shell2ban.web2ban#9#a12eb9adf151662148ceb0f3cc9188fb#[www.stralsund.ost-see-urlaub.de] https://www.stralsund.ost-see-urlaub.de GET /install.php HTTP/1.1 302 "" ""#
[Wed Apr 15 02:34:55.947387 2026] [log_debug:info] [pid 13745:tid 34443513600] [client 20.43.19.237:26614] #shell2ban.web2ban#9#a12eb9adf151662148ceb0f3cc9188fb#[www.ost-see-urlaub.de] https://www.ost-see-urlaub.de GET /errors/notfound.htm HTTP/1.1 200 "" ""#
[Wed Apr 15 02:34:56.106455 2026] [log_debug:info] [pid 9025:tid 34443523840] [client 20.43.19.237:26560] #shell2ban.web2ban#9#a12eb9adf151662148ceb0f3cc9188fb#[stralsund.ost-see-urlaub.de] http://stralsund.ost-see-urlaub.de GET /ws.php HTTP/1.1 301 "" ""#
[Wed Apr 15 02:34:56.219940 2026] [log_debug:info] [pid 13756:tid 34443513600] [client 20.43.19.237:26563] #shell2ban.web2ban#9#a12eb9adf151662148ceb0f3cc9188fb#[www.stralsund.ost-see-urlaub.de] https://www.stralsund.ost-see-urlaub.de GET /ws.php HTTP/1.1 302 "" ""#
[Wed Apr 15 02:34:56.345031 2026] [log_debug:info] [pid 13745:tid 34443513600] [client 20.43.19.237:26614] #shell2ban.web2ban#9#a12eb9adf151662148ceb0f3cc9188fb#[www.ost-see-urlaub.de] https://www.ost-see-urlaub.de GET /errors/notfound.htm HTTP/1.1 200 "" ""#
[Wed Apr 15 02:34:56.451679 2026] [core:notice] [pid 13756:tid 34443526400] AH00113: /usr/local/www/apache24/noexec/klettern-harz/.htaccess:10 cannot use a full URL in a 401 ErrorDocument directive --- ignoring!
[Wed Apr 15 02:34:56.456580 2026] [log_debug:info] [pid 9025:tid 34443522560] [client 20.43.19.237:26560] #shell2ban.web2ban#9#a12eb9adf151662148ceb0f3cc9188fb#[stralsund.ost-see-urlaub.de] http://stralsund.ost-see-urlaub.de GET /about.php HTTP/1.1 301 "" ""#
[Wed Apr 15 02:34:56.566508 2026] [log_debug:info] [pid 13756:tid 34445864704] [client 20.43.19.237:26563] #shell2ban.web2ban#9#a12eb9adf151662148ceb0f3cc9188fb#[www.stralsund.ost-see-urlaub.de] https://www.stralsund.ost-see-urlaub.de GET /about.php HTTP/1.1 302 "" ""#
[Wed Apr 15 02:34:56.675167 2026] [log_debug:info] [pid 13745:tid 34443514880] [client 20.43.19.237:26614] #shell2ban.web2ban#9#a12eb9adf151662148ceb0f3cc9188fb#[www.ost-see-urlaub.de] https://www.ost-see-urlaub.de GET /errors/notfound.htm HTTP/1.1 200 "" ""#
[Wed Apr 15 02:34:56.783593 2026] [log_debug:info] [pid 9025:tid 34443523840] [client 20.43.19.237:26560] #shell2ban.web2ban#9#a12eb9adf151662148ceb0f3cc9188fb#[stralsund.ost-see-urlaub.de] http://stralsund.ost-see-urlaub.de GET /cgi-bin/index.php HTTP/1.1 404 "" ""#
[Wed Apr 15 02:34:56.892536 2026] [log_debug:info] [pid 9025:tid 34443523840] [client 20.43.19.237:26560] #shell2ban.web2ban#9#a12eb9adf151662148ceb0f3cc9188fb#[stralsund.ost-see-urlaub.de] http://stralsund.ost-see-urlaub.de GET /wp-content.php HTTP/1.1 301 "" ""#
[Wed Apr 15 02:34:57.001463 2026] [log_debug:info] [pid 13756:tid 34443526400] [client 20.43.19.237:26563] #shell2ban.web2ban#9#a12eb9adf151662148ceb0f3cc9188fb#[www.stralsund.ost-see-urlaub.de] https://www.stralsund.ost-see-urlaub.de GET /wp-content.php HTTP/1.1 302 "" ""#
[Wed Apr 15 02:34:57.110426 2026] [log_debug:info] [pid 13745:tid 34443513600] [client 20.43.19.237:26614] #shell2ban.web2ban#9#a12eb9adf151662148ceb0f3cc9188fb#[www.ost-see-urlaub.de] https://www.ost-see-urlaub.de GET /errors/notfound.htm HTTP/1.1 200 "" ""#
[Wed Apr 15 02:34:57.251607 2026] [log_debug:info] [pid 9025:tid 34443523840] [client 20.43.19.237:26560] #shell2ban.web2ban#9#a12eb9adf151662148ceb0f3cc9188fb#[stralsund.ost-see-urlaub.de] http://stralsund.ost-see-urlaub.de GET /wp-includes.php HTTP/1.1 301 "" ""#
[Wed Apr 15 02:34:57.360930 2026] [log_debug:info] [pid 13756:tid 34443526400] [client 20.43.19.237:26563] #shell2ban.web2ban#9#a12eb9adf151662148ceb0f3cc9188fb#[www.stralsund.ost-see-urlaub.de] https://www.stralsund.ost-see-urlaub.de GET /wp-includes.php HTTP/1.1 302 "" ""#
[Wed Apr 15 02:34:57.733093 2026] [log_debug:info] [pid 13745:tid 34443514880] [client 20.43.19.237:26614] #shell2ban.web2ban#9#a12eb9adf151662148ceb0f3cc9188fb#[www.ost-see-urlaub.de] https://www.ost-see-urlaub.de GET /errors/notfound.htm HTTP/1.1 200 "" ""#
[Wed Apr 15 02:34:57.848952 2026] [log_debug:info] [pid 9025:tid 34443522560] [client 20.43.19.237:26560] #shell2ban.web2ban#9#a12eb9adf151662148ceb0f3cc9188fb#[stralsund.ost-see-urlaub.de] http://stralsund.ost-see-urlaub.de GET /edit.php HTTP/1.1 301 "" ""#
[Wed Apr 15 02:34:57.978236 2026] [log_debug:info] [pid 13756:tid 34443526400] [client 20.43.19.237:26563] #shell2ban.web2ban#9#a12eb9adf151662148ceb0f3cc9188fb#[www.stralsund.ost-see-urlaub.de] https://www.stralsund.ost-see-urlaub.de GET /edit.php HTTP/1.1 302 "" ""#
[Wed Apr 15 02:34:58.104463 2026] [log_debug:info] [pid 13745:tid 34443514880] [client 20.43.19.237:26614] #shell2ban.web2ban#9#a12eb9adf151662148ceb0f3cc9188fb#[www.ost-see-urlaub.de] https://www.ost-see-urlaub.de GET /errors/notfound.htm HTTP/1.1 200 "" ""#
