[Wed Apr 15 01:07:38.395097 2026] [log_debug:info] [pid 13758:tid 34443509760] [client 20.48.184.58:65121] #shell2ban.web2ban#9#a12eb9adf151662148ceb0f3cc9188fb#[mail.ostsee-urlaub-portal.de] http://mail.ostsee-urlaub-portal.de GET /wp-activat.php HTTP/1.1 403 "" ""#
[Wed Apr 15 01:07:38.503830 2026] [log_debug:info] [pid 13745:tid 34443512320] [client 20.48.184.58:61830] #shell2ban.web2ban#9#a12eb9adf151662148ceb0f3cc9188fb#[salazo.han-solo.net] https://mail.ostsee-urlaub-portal.de GET /err403.php HTTP/1.1 301 "" ""#
[Wed Apr 15 01:07:38.779316 2026] [log_debug:info] [pid 13758:tid 34443520000] [client 20.48.184.58:65121] #shell2ban.web2ban#9#a12eb9adf151662148ceb0f3cc9188fb#[mail.ostsee-urlaub-portal.de] http://mail.ostsee-urlaub-portal.de GET /c.php HTTP/1.1 403 "" ""#
[Wed Apr 15 01:07:38.890517 2026] [log_debug:info] [pid 13745:tid 34443512320] [client 20.48.184.58:61830] #shell2ban.web2ban#9#a12eb9adf151662148ceb0f3cc9188fb#[salazo.han-solo.net] https://mail.ostsee-urlaub-portal.de GET /err403.php HTTP/1.1 301 "" ""#
[Wed Apr 15 01:07:39.726458 2026] [log_debug:info] [pid 9025:tid 34445869824] [client 83.138.87.173:45442] #shell2ban.web2ban#5#a7038edae6ec8d5a75afe7700a9b1f08#[harz-ferienwohnung-trautenstein.de] https://harz-ferienwohnung-trautenstein.de POST /wp-cron.php?doing_wp_cron=1776208058.5750780105590820312500 HTTP/1.1 200 "" "WordPress/6.8.5; https://harz-ferienwohnung-trautenstein.de"#
[Wed Apr 15 01:07:39.891537 2026] [log_debug:info] [pid 13758:tid 34443509760] [client 20.48.184.58:65477] #shell2ban.web2ban#9#a12eb9adf151662148ceb0f3cc9188fb#[mail.ostsee-urlaub-portal.de] http://mail.ostsee-urlaub-portal.de GET /c99.php HTTP/1.1 403 "" ""#
[Wed Apr 15 01:07:40.001460 2026] [log_debug:info] [pid 13745:tid 34443512320] [client 20.48.184.58:61830] #shell2ban.web2ban#9#a12eb9adf151662148ceb0f3cc9188fb#[salazo.han-solo.net] https://mail.ostsee-urlaub-portal.de GET /err403.php HTTP/1.1 301 "" ""#
[Wed Apr 15 01:07:40.110365 2026] [log_debug:info] [pid 13758:tid 34443509760] [client 20.48.184.58:65477] #shell2ban.web2ban#9#a12eb9adf151662148ceb0f3cc9188fb#[mail.ostsee-urlaub-portal.de] http://mail.ostsee-urlaub-portal.de GET /comfunctions.php HTTP/1.1 403 "" ""#
[Wed Apr 15 01:07:40.997897 2026] [log_debug:info] [pid 13758:tid 34443520000] [client 20.48.184.58:61828] #shell2ban.web2ban#9#a12eb9adf151662148ceb0f3cc9188fb#[salazo.han-solo.net] https://mail.ostsee-urlaub-portal.de GET /err403.php HTTP/1.1 301 "" ""#
[Wed Apr 15 01:07:41.141382 2026] [log_debug:info] [pid 13758:tid 34443509760] [client 20.48.184.58:65477] #shell2ban.web2ban#9#a12eb9adf151662148ceb0f3cc9188fb#[mail.ostsee-urlaub-portal.de] http://mail.ostsee-urlaub-portal.de GET /contact.php HTTP/1.1 403 "" ""#
[Wed Apr 15 01:07:41.250125 2026] [log_debug:info] [pid 13758:tid 34443509760] [client 20.48.184.58:61828] #shell2ban.web2ban#9#a12eb9adf151662148ceb0f3cc9188fb#[salazo.han-solo.net] https://mail.ostsee-urlaub-portal.de GET /err403.php HTTP/1.1 301 "" ""#
[Wed Apr 15 01:07:41.359377 2026] [log_debug:info] [pid 13758:tid 34443509760] [client 20.48.184.58:65477] #shell2ban.web2ban#9#a12eb9adf151662148ceb0f3cc9188fb#[mail.ostsee-urlaub-portal.de] http://mail.ostsee-urlaub-portal.de GET /credits.php HTTP/1.1 403 "" ""#
[Wed Apr 15 01:07:41.496610 2026] [log_debug:info] [pid 13758:tid 34443509760] [client 20.48.184.58:61828] #shell2ban.web2ban#9#a12eb9adf151662148ceb0f3cc9188fb#[salazo.han-solo.net] https://mail.ostsee-urlaub-portal.de GET /err403.php HTTP/1.1 301 "" ""#
[Wed Apr 15 01:07:41.606635 2026] [log_debug:info] [pid 13758:tid 34443509760] [client 20.48.184.58:65477] #shell2ban.web2ban#9#a12eb9adf151662148ceb0f3cc9188fb#[mail.ostsee-urlaub-portal.de] http://mail.ostsee-urlaub-portal.de GET /error.php HTTP/1.1 403 "" ""#
[Wed Apr 15 01:07:41.715579 2026] [log_debug:info] [pid 13758:tid 34443509760] [client 20.48.184.58:61828] #shell2ban.web2ban#9#a12eb9adf151662148ceb0f3cc9188fb#[salazo.han-solo.net] https://mail.ostsee-urlaub-portal.de GET /err403.php HTTP/1.1 301 "" ""#
[Wed Apr 15 01:07:41.824159 2026] [log_debug:info] [pid 13758:tid 34443509760] [client 20.48.184.58:65477] #shell2ban.web2ban#9#a12eb9adf151662148ceb0f3cc9188fb#[mail.ostsee-urlaub-portal.de] http://mail.ostsee-urlaub-portal.de GET /favicon.php HTTP/1.1 403 "" ""#
[Wed Apr 15 01:07:41.952554 2026] [log_debug:info] [pid 13758:tid 34443509760] [client 20.48.184.58:61828] #shell2ban.web2ban#9#a12eb9adf151662148ceb0f3cc9188fb#[salazo.han-solo.net] https://mail.ostsee-urlaub-portal.de GET /err403.php HTTP/1.1 301 "" ""#
[Wed Apr 15 01:07:42.061032 2026] [log_debug:info] [pid 13758:tid 34443509760] [client 20.48.184.58:65477] #shell2ban.web2ban#9#a12eb9adf151662148ceb0f3cc9188fb#[mail.ostsee-urlaub-portal.de] http://mail.ostsee-urlaub-portal.de GET /header.php HTTP/1.1 403 "" ""#
[Wed Apr 15 01:07:42.173404 2026] [log_debug:info] [pid 13758:tid 34443509760] [client 20.48.184.58:61828] #shell2ban.web2ban#9#a12eb9adf151662148ceb0f3cc9188fb#[salazo.han-solo.net] https://mail.ostsee-urlaub-portal.de GET /err403.php HTTP/1.1 301 "" ""#
[Wed Apr 15 01:07:42.281994 2026] [log_debug:info] [pid 13758:tid 34443509760] [client 20.48.184.58:65477] #shell2ban.web2ban#9#a12eb9adf151662148ceb0f3cc9188fb#[mail.ostsee-urlaub-portal.de] http://mail.ostsee-urlaub-portal.de GET /home.php HTTP/1.1 403 "" ""#
[Wed Apr 15 01:07:42.410373 2026] [log_debug:info] [pid 13758:tid 34443509760] [client 20.48.184.58:61828] #shell2ban.web2ban#9#a12eb9adf151662148ceb0f3cc9188fb#[salazo.han-solo.net] https://mail.ostsee-urlaub-portal.de GET /err403.php HTTP/1.1 301 "" ""#
[Wed Apr 15 01:07:42.521154 2026] [log_debug:info] [pid 13758:tid 34443509760] [client 20.48.184.58:65477] #shell2ban.web2ban#9#a12eb9adf151662148ceb0f3cc9188fb#[mail.ostsee-urlaub-portal.de] http://mail.ostsee-urlaub-portal.de GET /wp-includes/rest-api/about.php HTTP/1.1 403 "" ""#
[Wed Apr 15 01:07:42.718269 2026] [log_debug:info] [pid 13758:tid 34443509760] [client 20.48.184.58:61828] #shell2ban.web2ban#9#a12eb9adf151662148ceb0f3cc9188fb#[salazo.han-solo.net] https://mail.ostsee-urlaub-portal.de GET /err403.php HTTP/1.1 301 "" ""#
[Wed Apr 15 01:07:42.721397 2026] [core:notice] [pid 9025:tid 34445869824] AH00113: /usr/local/www/apache24/noexec/ausflugsburgen/.htaccess:10 cannot use a full URL in a 401 ErrorDocument directive --- ignoring!
[Wed Apr 15 01:07:42.722174 2026] [core:notice] [pid 9025:tid 34445869824] AH00113: /usr/local/www/apache24/noexec/ausflugsburgen/allgemein/.htaccess:10 cannot use a full URL in a 401 ErrorDocument directive --- ignoring!
[Wed Apr 15 01:07:42.739540 2026] [core:notice] [pid 13745:tid 34445863424] AH00113: /usr/local/www/apache24/noexec/ausflugsburgen/.htaccess:10 cannot use a full URL in a 401 ErrorDocument directive --- ignoring!
[Wed Apr 15 01:07:42.739697 2026] [core:notice] [pid 13745:tid 34445863424] AH00113: /usr/local/www/apache24/noexec/ausflugsburgen/allgemein/.htaccess:10 cannot use a full URL in a 401 ErrorDocument directive --- ignoring!
[Wed Apr 15 01:07:42.750703 2026] [core:notice] [pid 13757:tid 34445863424] AH00113: /usr/local/www/apache24/noexec/ausflugsburgen/.htaccess:10 cannot use a full URL in a 401 ErrorDocument directive --- ignoring!
[Wed Apr 15 01:07:42.750909 2026] [core:notice] [pid 13757:tid 34445863424] AH00113: /usr/local/www/apache24/noexec/ausflugsburgen/allgemein/.htaccess:10 cannot use a full URL in a 401 ErrorDocument directive --- ignoring!
[Wed Apr 15 01:07:42.752628 2026] [core:notice] [pid 9025:tid 34445869824] AH00113: /usr/local/www/apache24/noexec/ausflugsburgen/.htaccess:10 cannot use a full URL in a 401 ErrorDocument directive --- ignoring!
[Wed Apr 15 01:07:42.752874 2026] [core:notice] [pid 9025:tid 34445869824] AH00113: /usr/local/www/apache24/noexec/ausflugsburgen/allgemein/.htaccess:10 cannot use a full URL in a 401 ErrorDocument directive --- ignoring!
[Wed Apr 15 01:07:42.888212 2026] [core:notice] [pid 9025:tid 34445869824] AH00113: /usr/local/www/apache24/noexec/ausflugsburgen/.htaccess:10 cannot use a full URL in a 401 ErrorDocument directive --- ignoring!
[Wed Apr 15 01:07:42.888405 2026] [core:notice] [pid 9025:tid 34445869824] AH00113: /usr/local/www/apache24/noexec/ausflugsburgen/allgemein/.htaccess:10 cannot use a full URL in a 401 ErrorDocument directive --- ignoring!
[Wed Apr 15 01:07:42.965249 2026] [log_debug:info] [pid 13758:tid 34443509760] [client 20.48.184.58:65477] #shell2ban.web2ban#9#a12eb9adf151662148ceb0f3cc9188fb#[mail.ostsee-urlaub-portal.de] http://mail.ostsee-urlaub-portal.de GET /xmlrpc.php HTTP/1.1 403 "" ""#
[Wed Apr 15 01:07:43.117800 2026] [log_debug:info] [pid 13758:tid 34443509760] [client 20.48.184.58:61828] #shell2ban.web2ban#9#a12eb9adf151662148ceb0f3cc9188fb#[salazo.han-solo.net] https://mail.ostsee-urlaub-portal.de GET /err403.php HTTP/1.1 301 "" ""#
[Wed Apr 15 01:07:43.261763 2026] [log_debug:info] [pid 13758:tid 34445863424] [client 20.48.184.58:65477] #shell2ban.web2ban#9#a12eb9adf151662148ceb0f3cc9188fb#[mail.ostsee-urlaub-portal.de] http://mail.ostsee-urlaub-portal.de GET /admin.php HTTP/1.1 403 "" ""#
[Wed Apr 15 01:07:43.374582 2026] [log_debug:info] [pid 13758:tid 34445863424] [client 20.48.184.58:61828] #shell2ban.web2ban#9#a12eb9adf151662148ceb0f3cc9188fb#[salazo.han-solo.net] https://mail.ostsee-urlaub-portal.de GET /err403.php HTTP/1.1 301 "" ""#
[Wed Apr 15 01:07:43.407808 2026] [core:notice] [pid 13745:tid 34440275968] AH00113: /usr/local/www/apache24/noexec/ausflugsburgen/.htaccess:10 cannot use a full URL in a 401 ErrorDocument directive --- ignoring!
[Wed Apr 15 01:07:43.410431 2026] [core:notice] [pid 9025:tid 34440257792] AH00113: /usr/local/www/apache24/noexec/ausflugsburgen/.htaccess:10 cannot use a full URL in a 401 ErrorDocument directive --- ignoring!
[Wed Apr 15 01:07:43.410612 2026] [core:notice] [pid 9025:tid 34440268288] AH00113: /usr/local/www/apache24/noexec/ausflugsburgen/.htaccess:10 cannot use a full URL in a 401 ErrorDocument directive --- ignoring!
[Wed Apr 15 01:07:43.411016 2026] [core:notice] [pid 9025:tid 34440257792] AH00113: /usr/local/www/apache24/noexec/ausflugsburgen/.htaccess:10 cannot use a full URL in a 401 ErrorDocument directive --- ignoring!
[Wed Apr 15 01:07:43.411118 2026] [core:notice] [pid 9025:tid 34440265728] AH00113: /usr/local/www/apache24/noexec/ausflugsburgen/.htaccess:10 cannot use a full URL in a 401 ErrorDocument directive --- ignoring!
[Wed Apr 15 01:07:43.483234 2026] [log_debug:info] [pid 13758:tid 34445863424] [client 20.48.184.58:65477] #shell2ban.web2ban#9#a12eb9adf151662148ceb0f3cc9188fb#[mail.ostsee-urlaub-portal.de] http://mail.ostsee-urlaub-portal.de GET /wp-content/admin.php HTTP/1.1 403 "" ""#
[Wed Apr 15 01:07:43.603001 2026] [log_debug:info] [pid 13758:tid 34445863424] [client 20.48.184.58:61828] #shell2ban.web2ban#9#a12eb9adf151662148ceb0f3cc9188fb#[salazo.han-solo.net] https://mail.ostsee-urlaub-portal.de GET /err403.php HTTP/1.1 301 "" ""#
[Wed Apr 15 01:07:43.851516 2026] [log_debug:info] [pid 13758:tid 34445863424] [client 20.48.184.58:65477] #shell2ban.web2ban#9#a12eb9adf151662148ceb0f3cc9188fb#[mail.ostsee-urlaub-portal.de] http://mail.ostsee-urlaub-portal.de GET /classwithtostring.php HTTP/1.1 403 "" ""#
[Wed Apr 15 01:07:43.960282 2026] [log_debug:info] [pid 13758:tid 34445863424] [client 20.48.184.58:61828] #shell2ban.web2ban#9#a12eb9adf151662148ceb0f3cc9188fb#[salazo.han-solo.net] https://mail.ostsee-urlaub-portal.de GET /err403.php HTTP/1.1 301 "" ""#
[Wed Apr 15 01:07:44.074709 2026] [core:notice] [pid 13745:tid 34440273408] AH00113: /usr/local/www/apache24/noexec/ausflugsziele/.htaccess:10 cannot use a full URL in a 401 ErrorDocument directive --- ignoring!
[Wed Apr 15 01:07:44.074708 2026] [core:notice] [pid 13745:tid 34440275968] AH00113: /usr/local/www/apache24/noexec/ausflugsziele/.htaccess:10 cannot use a full URL in a 401 ErrorDocument directive --- ignoring!
[Wed Apr 15 01:07:44.074766 2026] [core:notice] [pid 13745:tid 34440278528] AH00113: /usr/local/www/apache24/noexec/ausflugsziele/.htaccess:10 cannot use a full URL in a 401 ErrorDocument directive --- ignoring!
[Wed Apr 15 01:07:44.074709 2026] [core:notice] [pid 13745:tid 34440270848] AH00113: /usr/local/www/apache24/noexec/ausflugsziele/.htaccess:10 cannot use a full URL in a 401 ErrorDocument directive --- ignoring!
[Wed Apr 15 01:07:44.094936 2026] [core:notice] [pid 13745:tid 34440270848] AH00113: /usr/local/www/apache24/noexec/ausflugsziele/.htaccess:10 cannot use a full URL in a 401 ErrorDocument directive --- ignoring!
[Wed Apr 15 01:07:44.095929 2026] [log_debug:info] [pid 13758:tid 34445863424] [client 20.48.184.58:65477] #shell2ban.web2ban#9#a12eb9adf151662148ceb0f3cc9188fb#[mail.ostsee-urlaub-portal.de] http://mail.ostsee-urlaub-portal.de GET /content.php HTTP/1.1 403 "" ""#
[Wed Apr 15 01:07:44.206435 2026] [log_debug:info] [pid 13758:tid 34445863424] [client 20.48.184.58:61828] #shell2ban.web2ban#9#a12eb9adf151662148ceb0f3cc9188fb#[salazo.han-solo.net] https://mail.ostsee-urlaub-portal.de GET /err403.php HTTP/1.1 301 "" ""#
[Wed Apr 15 01:07:44.317612 2026] [log_debug:info] [pid 13758:tid 34445863424] [client 20.48.184.58:65477] #shell2ban.web2ban#9#a12eb9adf151662148ceb0f3cc9188fb#[mail.ostsee-urlaub-portal.de] http://mail.ostsee-urlaub-portal.de GET /dropdown.php HTTP/1.1 403 "" ""#
[Wed Apr 15 01:07:44.426612 2026] [log_debug:info] [pid 13758:tid 34445863424] [client 20.48.184.58:61828] #shell2ban.web2ban#9#a12eb9adf151662148ceb0f3cc9188fb#[salazo.han-solo.net] https://mail.ostsee-urlaub-portal.de GET /err403.php HTTP/1.1 301 "" ""#
[Wed Apr 15 01:07:44.535628 2026] [log_debug:info] [pid 13758:tid 34445863424] [client 20.48.184.58:65477] #shell2ban.web2ban#9#a12eb9adf151662148ceb0f3cc9188fb#[mail.ostsee-urlaub-portal.de] http://mail.ostsee-urlaub-portal.de GET /wp-content/uploads/index.php HTTP/1.1 403 "" ""#
[Wed Apr 15 01:07:44.871370 2026] [log_debug:info] [pid 13758:tid 34445863424] [client 20.48.184.58:61828] #shell2ban.web2ban#9#a12eb9adf151662148ceb0f3cc9188fb#[salazo.han-solo.net] https://mail.ostsee-urlaub-portal.de GET /err403.php HTTP/1.1 301 "" ""#
[Wed Apr 15 01:07:44.980465 2026] [log_debug:info] [pid 13758:tid 34445863424] [client 20.48.184.58:65477] #shell2ban.web2ban#9#a12eb9adf151662148ceb0f3cc9188fb#[mail.ostsee-urlaub-portal.de] http://mail.ostsee-urlaub-portal.de GET /atomlib.php HTTP/1.1 403 "" ""#
[Wed Apr 15 01:07:45.123066 2026] [log_debug:info] [pid 13758:tid 34445863424] [client 20.48.184.58:61828] #shell2ban.web2ban#9#a12eb9adf151662148ceb0f3cc9188fb#[salazo.han-solo.net] https://mail.ostsee-urlaub-portal.de GET /err403.php HTTP/1.1 301 "" ""#
[Wed Apr 15 01:07:45.237097 2026] [log_debug:info] [pid 13758:tid 34445863424] [client 20.48.184.58:65477] #shell2ban.web2ban#9#a12eb9adf151662148ceb0f3cc9188fb#[mail.ostsee-urlaub-portal.de] http://mail.ostsee-urlaub-portal.de GET /install.php HTTP/1.1 403 "" ""#
[Wed Apr 15 01:07:45.346362 2026] [log_debug:info] [pid 13758:tid 34445863424] [client 20.48.184.58:61828] #shell2ban.web2ban#9#a12eb9adf151662148ceb0f3cc9188fb#[salazo.han-solo.net] https://mail.ostsee-urlaub-portal.de GET /err403.php HTTP/1.1 301 "" ""#
[Wed Apr 15 01:07:45.474609 2026] [log_debug:info] [pid 13758:tid 34443523840] [client 20.48.184.58:65477] #shell2ban.web2ban#9#a12eb9adf151662148ceb0f3cc9188fb#[mail.ostsee-urlaub-portal.de] http://mail.ostsee-urlaub-portal.de GET /ws.php HTTP/1.1 403 "" ""#
[Wed Apr 15 01:07:45.932085 2026] [log_debug:info] [pid 13758:tid 34443523840] [client 20.48.184.58:61828] #shell2ban.web2ban#9#a12eb9adf151662148ceb0f3cc9188fb#[salazo.han-solo.net] https://mail.ostsee-urlaub-portal.de GET /err403.php HTTP/1.1 301 "" ""#
[Wed Apr 15 01:07:46.041134 2026] [log_debug:info] [pid 13758:tid 34443523840] [client 20.48.184.58:65477] #shell2ban.web2ban#9#a12eb9adf151662148ceb0f3cc9188fb#[mail.ostsee-urlaub-portal.de] http://mail.ostsee-urlaub-portal.de GET /about.php HTTP/1.1 403 "" ""#
[Wed Apr 15 01:07:46.150767 2026] [log_debug:info] [pid 13758:tid 34443523840] [client 20.48.184.58:61828] #shell2ban.web2ban#9#a12eb9adf151662148ceb0f3cc9188fb#[salazo.han-solo.net] https://mail.ostsee-urlaub-portal.de GET /err403.php HTTP/1.1 301 "" ""#
[Wed Apr 15 01:07:46.260211 2026] [log_debug:info] [pid 13758:tid 34443523840] [client 20.48.184.58:65477] #shell2ban.web2ban#9#a12eb9adf151662148ceb0f3cc9188fb#[mail.ostsee-urlaub-portal.de] http://mail.ostsee-urlaub-portal.de GET /cgi-bin/index.php HTTP/1.1 403 "" ""#
[Wed Apr 15 01:07:46.386169 2026] [log_debug:info] [pid 13758:tid 34443523840] [client 20.48.184.58:61828] #shell2ban.web2ban#9#a12eb9adf151662148ceb0f3cc9188fb#[salazo.han-solo.net] https://mail.ostsee-urlaub-portal.de GET /err403.php HTTP/1.1 301 "" ""#
[Wed Apr 15 01:07:46.961874 2026] [log_debug:info] [pid 13758:tid 34443523840] [client 20.48.184.58:65477] #shell2ban.web2ban#9#a12eb9adf151662148ceb0f3cc9188fb#[mail.ostsee-urlaub-portal.de] http://mail.ostsee-urlaub-portal.de GET /wp-content.php HTTP/1.1 403 "" ""#
[Wed Apr 15 01:07:47.076065 2026] [log_debug:info] [pid 13758:tid 34443523840] [client 20.48.184.58:61828] #shell2ban.web2ban#9#a12eb9adf151662148ceb0f3cc9188fb#[salazo.han-solo.net] https://mail.ostsee-urlaub-portal.de GET /err403.php HTTP/1.1 301 "" ""#
[Wed Apr 15 01:07:47.189688 2026] [log_debug:info] [pid 13758:tid 34445867264] [client 20.48.184.58:65477] #shell2ban.web2ban#9#a12eb9adf151662148ceb0f3cc9188fb#[mail.ostsee-urlaub-portal.de] http://mail.ostsee-urlaub-portal.de GET /wp-includes.php HTTP/1.1 403 "" ""#
[Wed Apr 15 01:07:47.305602 2026] [log_debug:info] [pid 13758:tid 34445867264] [client 20.48.184.58:61828] #shell2ban.web2ban#9#a12eb9adf151662148ceb0f3cc9188fb#[salazo.han-solo.net] https://mail.ostsee-urlaub-portal.de GET /err403.php HTTP/1.1 301 "" ""#
[Wed Apr 15 01:07:47.414659 2026] [log_debug:info] [pid 13758:tid 34445867264] [client 20.48.184.58:65477] #shell2ban.web2ban#9#a12eb9adf151662148ceb0f3cc9188fb#[mail.ostsee-urlaub-portal.de] http://mail.ostsee-urlaub-portal.de GET /edit.php HTTP/1.1 403 "" ""#
[Wed Apr 15 01:07:47.523404 2026] [log_debug:info] [pid 13758:tid 34445867264] [client 20.48.184.58:61828] #shell2ban.web2ban#9#a12eb9adf151662148ceb0f3cc9188fb#[salazo.han-solo.net] https://mail.ostsee-urlaub-portal.de GET /err403.php HTTP/1.1 301 "" ""#
[Wed Apr 15 01:07:47.643795 2026] [log_debug:info] [pid 13758:tid 34445867264] [client 20.48.184.58:65477] #shell2ban.web2ban#9#a12eb9adf151662148ceb0f3cc9188fb#[mail.ostsee-urlaub-portal.de] http://mail.ostsee-urlaub-portal.de GET /menu.php HTTP/1.1 403 "" ""#
[Wed Apr 15 01:07:47.768857 2026] [log_debug:info] [pid 13758:tid 34445867264] [client 20.48.184.58:61828] #shell2ban.web2ban#9#a12eb9adf151662148ceb0f3cc9188fb#[salazo.han-solo.net] https://mail.ostsee-urlaub-portal.de GET /err403.php HTTP/1.1 301 "" ""#
[Wed Apr 15 01:07:47.883053 2026] [log_debug:info] [pid 13758:tid 34445867264] [client 20.48.184.58:65477] #shell2ban.web2ban#9#a12eb9adf151662148ceb0f3cc9188fb#[mail.ostsee-urlaub-portal.de] http://mail.ostsee-urlaub-portal.de GET /plugins.php HTTP/1.1 403 "" ""#
[Wed Apr 15 01:07:47.992498 2026] [log_debug:info] [pid 13758:tid 34443514880] [client 20.48.184.58:61828] #shell2ban.web2ban#9#a12eb9adf151662148ceb0f3cc9188fb#[salazo.han-solo.net] https://mail.ostsee-urlaub-portal.de GET /err403.php HTTP/1.1 301 "" ""#
[Wed Apr 15 01:07:48.102962 2026] [log_debug:info] [pid 13758:tid 34443514880] [client 20.48.184.58:65477] #shell2ban.web2ban#9#a12eb9adf151662148ceb0f3cc9188fb#[mail.ostsee-urlaub-portal.de] http://mail.ostsee-urlaub-portal.de GET /post.php HTTP/1.1 403 "" ""#
[Wed Apr 15 01:07:48.216830 2026] [log_debug:info] [pid 13758:tid 34443514880] [client 20.48.184.58:61828] #shell2ban.web2ban#9#a12eb9adf151662148ceb0f3cc9188fb#[salazo.han-solo.net] https://mail.ostsee-urlaub-portal.de GET /err403.php HTTP/1.1 301 "" ""#
[Wed Apr 15 01:07:48.327703 2026] [log_debug:info] [pid 13758:tid 34443514880] [client 20.48.184.58:65477] #shell2ban.web2ban#9#a12eb9adf151662148ceb0f3cc9188fb#[mail.ostsee-urlaub-portal.de] http://mail.ostsee-urlaub-portal.de GET /tools.php HTTP/1.1 403 "" ""#
[Wed Apr 15 01:07:48.436502 2026] [log_debug:info] [pid 13758:tid 34443514880] [client 20.48.184.58:61828] #shell2ban.web2ban#9#a12eb9adf151662148ceb0f3cc9188fb#[salazo.han-solo.net] https://mail.ostsee-urlaub-portal.de GET /err403.php HTTP/1.1 301 "" ""#
[Wed Apr 15 01:07:48.552895 2026] [log_debug:info] [pid 13758:tid 34443523840] [client 20.48.184.58:65477] #shell2ban.web2ban#9#a12eb9adf151662148ceb0f3cc9188fb#[mail.ostsee-urlaub-portal.de] http://mail.ostsee-urlaub-portal.de GET /upload.php HTTP/1.1 403 "" ""#
[Wed Apr 15 01:07:48.661966 2026] [log_debug:info] [pid 13758:tid 34443523840] [client 20.48.184.58:61828] #shell2ban.web2ban#9#a12eb9adf151662148ceb0f3cc9188fb#[salazo.han-solo.net] https://mail.ostsee-urlaub-portal.de GET /err403.php HTTP/1.1 301 "" ""#
[Wed Apr 15 01:07:48.775008 2026] [log_debug:info] [pid 13758:tid 34443523840] [client 20.48.184.58:65477] #shell2ban.web2ban#9#a12eb9adf151662148ceb0f3cc9188fb#[mail.ostsee-urlaub-portal.de] http://mail.ostsee-urlaub-portal.de GET /themes.php HTTP/1.1 403 "" ""#
[Wed Apr 15 01:07:48.889568 2026] [log_debug:info] [pid 13758:tid 34443523840] [client 20.48.184.58:61828] #shell2ban.web2ban#9#a12eb9adf151662148ceb0f3cc9188fb#[salazo.han-solo.net] https://mail.ostsee-urlaub-portal.de GET /err403.php HTTP/1.1 301 "" ""#
[Wed Apr 15 01:07:49.018515 2026] [log_debug:info] [pid 13758:tid 34443523840] [client 20.48.184.58:65477] #shell2ban.web2ban#9#a12eb9adf151662148ceb0f3cc9188fb#[mail.ostsee-urlaub-portal.de] http://mail.ostsee-urlaub-portal.de GET /update.php HTTP/1.1 403 "" ""#
[Wed Apr 15 01:07:49.127686 2026] [log_debug:info] [pid 13758:tid 34443523840] [client 20.48.184.58:61828] #shell2ban.web2ban#9#a12eb9adf151662148ceb0f3cc9188fb#[salazo.han-solo.net] https://mail.ostsee-urlaub-portal.de GET /err403.php HTTP/1.1 301 "" ""#
[Wed Apr 15 01:07:49.243896 2026] [log_debug:info] [pid 13758:tid 34443523840] [client 20.48.184.58:65477] #shell2ban.web2ban#9#a12eb9adf151662148ceb0f3cc9188fb#[mail.ostsee-urlaub-portal.de] http://mail.ostsee-urlaub-portal.de GET /profile.php HTTP/1.1 403 "" ""#
[Wed Apr 15 01:07:49.352791 2026] [log_debug:info] [pid 13758:tid 34443523840] [client 20.48.184.58:61828] #shell2ban.web2ban#9#a12eb9adf151662148ceb0f3cc9188fb#[salazo.han-solo.net] https://mail.ostsee-urlaub-portal.de GET /err403.php HTTP/1.1 301 "" ""#
[Wed Apr 15 01:07:49.471008 2026] [log_debug:info] [pid 13758:tid 34443523840] [client 20.48.184.58:65477] #shell2ban.web2ban#9#a12eb9adf151662148ceb0f3cc9188fb#[mail.ostsee-urlaub-portal.de] http://mail.ostsee-urlaub-portal.de GET /link.php HTTP/1.1 403 "" ""#
[Wed Apr 15 01:07:49.581002 2026] [log_debug:info] [pid 13758:tid 34443514880] [client 20.48.184.58:61828] #shell2ban.web2ban#9#a12eb9adf151662148ceb0f3cc9188fb#[salazo.han-solo.net] https://mail.ostsee-urlaub-portal.de GET /err403.php HTTP/1.1 301 "" ""#
[Wed Apr 15 01:07:49.720128 2026] [log_debug:info] [pid 13758:tid 34445869824] [client 20.48.184.58:65477] #shell2ban.web2ban#9#a12eb9adf151662148ceb0f3cc9188fb#[mail.ostsee-urlaub-portal.de] http://mail.ostsee-urlaub-portal.de GET /import.php HTTP/1.1 403 "" ""#
[Wed Apr 15 01:07:49.829610 2026] [log_debug:info] [pid 13758:tid 34445869824] [client 20.48.184.58:61828] #shell2ban.web2ban#9#a12eb9adf151662148ceb0f3cc9188fb#[salazo.han-solo.net] https://mail.ostsee-urlaub-portal.de GET /err403.php HTTP/1.1 301 "" ""#
[Wed Apr 15 01:07:49.944573 2026] [log_debug:info] [pid 13758:tid 34443514880] [client 20.48.184.58:65477] #shell2ban.web2ban#9#a12eb9adf151662148ceb0f3cc9188fb#[mail.ostsee-urlaub-portal.de] http://mail.ostsee-urlaub-portal.de GET /export.php HTTP/1.1 403 "" ""#
[Wed Apr 15 01:07:50.054761 2026] [log_debug:info] [pid 13758:tid 34443514880] [client 20.48.184.58:61828] #shell2ban.web2ban#9#a12eb9adf151662148ceb0f3cc9188fb#[salazo.han-solo.net] https://mail.ostsee-urlaub-portal.de GET /err403.php HTTP/1.1 301 "" ""#
[Wed Apr 15 01:07:50.176864 2026] [log_debug:info] [pid 13758:tid 34443514880] [client 20.48.184.58:65477] #shell2ban.web2ban#9#a12eb9adf151662148ceb0f3cc9188fb#[mail.ostsee-urlaub-portal.de] http://mail.ostsee-urlaub-portal.de GET /freedoms.php HTTP/1.1 403 "" ""#
[Wed Apr 15 01:07:50.285851 2026] [log_debug:info] [pid 13758:tid 34443514880] [client 20.48.184.58:61828] #shell2ban.web2ban#9#a12eb9adf151662148ceb0f3cc9188fb#[salazo.han-solo.net] https://mail.ostsee-urlaub-portal.de GET /err403.php HTTP/1.1 301 "" ""#
[Wed Apr 15 01:07:50.414131 2026] [log_debug:info] [pid 13758:tid 34443514880] [client 20.48.184.58:65477] #shell2ban.web2ban#9#a12eb9adf151662148ceb0f3cc9188fb#[mail.ostsee-urlaub-portal.de] http://mail.ostsee-urlaub-portal.de GET /wp-today.php HTTP/1.1 403 "" ""#
[Wed Apr 15 01:07:50.523039 2026] [log_debug:info] [pid 13758:tid 34443514880] [client 20.48.184.58:61828] #shell2ban.web2ban#9#a12eb9adf151662148ceb0f3cc9188fb#[salazo.han-solo.net] https://mail.ostsee-urlaub-portal.de GET /err403.php HTTP/1.1 301 "" ""#
[Wed Apr 15 01:07:50.632290 2026] [log_debug:info] [pid 13758:tid 34443514880] [client 20.48.184.58:65477] #shell2ban.web2ban#9#a12eb9adf151662148ceb0f3cc9188fb#[mail.ostsee-urlaub-portal.de] http://mail.ostsee-urlaub-portal.de GET /file.php HTTP/1.1 403 "" ""#
[Wed Apr 15 01:07:50.745031 2026] [log_debug:info] [pid 13758:tid 34443514880] [client 20.48.184.58:61828] #shell2ban.web2ban#9#a12eb9adf151662148ceb0f3cc9188fb#[salazo.han-solo.net] https://mail.ostsee-urlaub-portal.de GET /err403.php HTTP/1.1 301 "" ""#
[Wed Apr 15 01:07:50.853505 2026] [log_debug:info] [pid 13758:tid 34443514880] [client 20.48.184.58:65477] #shell2ban.web2ban#9#a12eb9adf151662148ceb0f3cc9188fb#[mail.ostsee-urlaub-portal.de] http://mail.ostsee-urlaub-portal.de GET /misc.php HTTP/1.1 403 "" ""#
[Wed Apr 15 01:07:50.962688 2026] [log_debug:info] [pid 13758:tid 34443514880] [client 20.48.184.58:61828] #shell2ban.web2ban#9#a12eb9adf151662148ceb0f3cc9188fb#[salazo.han-solo.net] https://mail.ostsee-urlaub-portal.de GET /err403.php HTTP/1.1 301 "" ""#
[Wed Apr 15 01:07:51.533303 2026] [log_debug:info] [pid 13758:tid 34443514880] [client 20.48.184.58:65477] #shell2ban.web2ban#9#a12eb9adf151662148ceb0f3cc9188fb#[mail.ostsee-urlaub-portal.de] http://mail.ostsee-urlaub-portal.de GET /widgets.php HTTP/1.1 403 "" ""#
[Wed Apr 15 01:07:51.643010 2026] [log_debug:info] [pid 13758:tid 34443514880] [client 20.48.184.58:61828] #shell2ban.web2ban#9#a12eb9adf151662148ceb0f3cc9188fb#[salazo.han-solo.net] https://mail.ostsee-urlaub-portal.de GET /err403.php HTTP/1.1 301 "" ""#
[Wed Apr 15 01:07:51.752256 2026] [log_debug:info] [pid 13758:tid 34445869824] [client 20.48.184.58:65477] #shell2ban.web2ban#9#a12eb9adf151662148ceb0f3cc9188fb#[mail.ostsee-urlaub-portal.de] http://mail.ostsee-urlaub-portal.de GET /noop.php HTTP/1.1 403 "" ""#
[Wed Apr 15 01:07:51.877699 2026] [log_debug:info] [pid 13758:tid 34445869824] [client 20.48.184.58:61828] #shell2ban.web2ban#9#a12eb9adf151662148ceb0f3cc9188fb#[salazo.han-solo.net] https://mail.ostsee-urlaub-portal.de GET /err403.php HTTP/1.1 301 "" ""#
[Wed Apr 15 01:07:51.986825 2026] [log_debug:info] [pid 13758:tid 34445869824] [client 20.48.184.58:65477] #shell2ban.web2ban#9#a12eb9adf151662148ceb0f3cc9188fb#[mail.ostsee-urlaub-portal.de] http://mail.ostsee-urlaub-portal.de GET /options.php HTTP/1.1 403 "" ""#
[Wed Apr 15 01:07:52.107650 2026] [log_debug:info] [pid 13758:tid 34445869824] [client 20.48.184.58:61828] #shell2ban.web2ban#9#a12eb9adf151662148ceb0f3cc9188fb#[salazo.han-solo.net] https://mail.ostsee-urlaub-portal.de GET /err403.php HTTP/1.1 301 "" ""#
[Wed Apr 15 01:07:52.216944 2026] [log_debug:info] [pid 13758:tid 34445869824] [client 20.48.184.58:65477] #shell2ban.web2ban#9#a12eb9adf151662148ceb0f3cc9188fb#[mail.ostsee-urlaub-portal.de] http://mail.ostsee-urlaub-portal.de GET /repair.php HTTP/1.1 403 "" ""#
[Wed Apr 15 01:07:52.328135 2026] [log_debug:info] [pid 13758:tid 34445869824] [client 20.48.184.58:61828] #shell2ban.web2ban#9#a12eb9adf151662148ceb0f3cc9188fb#[salazo.han-solo.net] https://mail.ostsee-urlaub-portal.de GET /err403.php HTTP/1.1 301 "" ""#
[Wed Apr 15 01:07:52.465454 2026] [log_debug:info] [pid 13758:tid 34445869824] [client 20.48.184.58:65477] #shell2ban.web2ban#9#a12eb9adf151662148ceb0f3cc9188fb#[mail.ostsee-urlaub-portal.de] http://mail.ostsee-urlaub-portal.de GET /wp-includes/block-patterns/admin.php HTTP/1.1 403 "" ""#
[Wed Apr 15 01:07:52.575150 2026] [log_debug:info] [pid 13758:tid 34445868544] [client 20.48.184.58:61828] #shell2ban.web2ban#9#a12eb9adf151662148ceb0f3cc9188fb#[salazo.han-solo.net] https://mail.ostsee-urlaub-portal.de GET /err403.php HTTP/1.1 301 "" ""#
[Wed Apr 15 01:07:52.684514 2026] [log_debug:info] [pid 13758:tid 34445868544] [client 20.48.184.58:65477] #shell2ban.web2ban#9#a12eb9adf151662148ceb0f3cc9188fb#[mail.ostsee-urlaub-portal.de] http://mail.ostsee-urlaub-portal.de GET /sites.php HTTP/1.1 403 "" ""#
[Wed Apr 15 01:07:52.806894 2026] [log_debug:info] [pid 13758:tid 34445869824] [client 20.48.184.58:61828] #shell2ban.web2ban#9#a12eb9adf151662148ceb0f3cc9188fb#[salazo.han-solo.net] https://mail.ostsee-urlaub-portal.de GET /err403.php HTTP/1.1 301 "" ""#
[Wed Apr 15 01:07:56.925047 2026] [log_debug:info] [pid 13759:tid 34445871104] [client 98.159.37.251:49249] #shell2ban.web2ban#6#f66fca315771275788c65435d22216e0#[harz-ferienwohnung-trautenstein.de] https://harz-ferienwohnung-trautenstein.de POST /wp-login.php HTTP/1.1 200 "" "Mozilla/5.0"#
[Wed Apr 15 01:08:03.579842 2026] [core:notice] [pid 13756:tid 34443514880] AH00113: /usr/local/www/apache24/noexec/ostseeurlaubport/.htaccess:10 cannot use a full URL in a 401 ErrorDocument directive --- ignoring!
[Wed Apr 15 01:08:04.306027 2026] [core:notice] [pid 13745:tid 34445863424] AH00113: /usr/local/www/apache24/noexec/ostseeurlaubport/.htaccess:10 cannot use a full URL in a 401 ErrorDocument directive --- ignoring!
[Wed Apr 15 01:08:34.902775 2026] [core:notice] [pid 9025:tid 34440265728] AH00113: /usr/local/www/apache24/noexec/ostseeurlaubport/.htaccess:10 cannot use a full URL in a 401 ErrorDocument directive --- ignoring!
[Wed Apr 15 01:08:35.896697 2026] [core:notice] [pid 13756:tid 34443509760] AH00113: /usr/local/www/apache24/noexec/klettern-harz/.htaccess:10 cannot use a full URL in a 401 ErrorDocument directive --- ignoring!
[Wed Apr 15 01:08:36.750291 2026] [log_debug:info] [pid 13756:tid 34443509760] [client 4.205.44.31:51075] #shell2ban.web2ban#9#a12eb9adf151662148ceb0f3cc9188fb#[stralsund.ost-see-urlaub.de] http://stralsund.ost-see-urlaub.de GET /wp-content/plugins/hellopress/wp_filemanager.php HTTP/1.1 301 "" ""#
[Wed Apr 15 01:08:37.144630 2026] [core:notice] [pid 13759:tid 34443518720] AH00113: /usr/local/www/apache24/noexec/klettern-harz/.htaccess:10 cannot use a full URL in a 401 ErrorDocument directive --- ignoring!
[Wed Apr 15 01:08:37.544120 2026] [core:notice] [pid 13759:tid 34445871104] AH00113: /usr/local/www/apache24/noexec/klettern-harz/.htaccess:10 cannot use a full URL in a 401 ErrorDocument directive --- ignoring!
[Wed Apr 15 01:08:37.877355 2026] [log_debug:info] [pid 13756:tid 34443509760] [client 4.205.44.31:51074] #shell2ban.web2ban#9#a12eb9adf151662148ceb0f3cc9188fb#[www.stralsund.ost-see-urlaub.de] https://www.stralsund.ost-see-urlaub.de GET /wp-content/plugins/hellopress/wp_filemanager.php HTTP/1.1 302 "" ""#
[Wed Apr 15 01:08:39.035771 2026] [log_debug:info] [pid 13757:tid 34445860864] [client 4.205.44.31:51149] #shell2ban.web2ban#9#a12eb9adf151662148ceb0f3cc9188fb#[www.ost-see-urlaub.de] https://www.ost-see-urlaub.de GET /errors/notfound.htm HTTP/1.1 200 "" ""#
[Wed Apr 15 01:08:39.316886 2026] [log_debug:info] [pid 13756:tid 34443517440] [client 4.205.44.31:51075] #shell2ban.web2ban#9#a12eb9adf151662148ceb0f3cc9188fb#[stralsund.ost-see-urlaub.de] http://stralsund.ost-see-urlaub.de GET /rip.php HTTP/1.1 301 "" ""#
[Wed Apr 15 01:08:39.425668 2026] [log_debug:info] [pid 13756:tid 34443517440] [client 4.205.44.31:51074] #shell2ban.web2ban#9#a12eb9adf151662148ceb0f3cc9188fb#[www.stralsund.ost-see-urlaub.de] https://www.stralsund.ost-see-urlaub.de GET /rip.php HTTP/1.1 302 "" ""#
[Wed Apr 15 01:08:39.534523 2026] [log_debug:info] [pid 13757:tid 34445863424] [client 4.205.44.31:51149] #shell2ban.web2ban#9#a12eb9adf151662148ceb0f3cc9188fb#[www.ost-see-urlaub.de] https://www.ost-see-urlaub.de GET /errors/notfound.htm HTTP/1.1 200 "" ""#
[Wed Apr 15 01:08:39.643023 2026] [log_debug:info] [pid 13756:tid 34443509760] [client 4.205.44.31:51075] #shell2ban.web2ban#9#a12eb9adf151662148ceb0f3cc9188fb#[stralsund.ost-see-urlaub.de] http://stralsund.ost-see-urlaub.de GET /wpxl.php HTTP/1.1 301 "" ""#
[Wed Apr 15 01:08:39.751501 2026] [log_debug:info] [pid 13756:tid 34443509760] [client 4.205.44.31:51074] #shell2ban.web2ban#9#a12eb9adf151662148ceb0f3cc9188fb#[www.stralsund.ost-see-urlaub.de] https://www.stralsund.ost-see-urlaub.de GET /wpxl.php HTTP/1.1 302 "" ""#
[Wed Apr 15 01:08:39.860735 2026] [log_debug:info] [pid 13757:tid 34445863424] [client 4.205.44.31:51149] #shell2ban.web2ban#9#a12eb9adf151662148ceb0f3cc9188fb#[www.ost-see-urlaub.de] https://www.ost-see-urlaub.de GET /errors/notfound.htm HTTP/1.1 200 "" ""#
[Wed Apr 15 01:08:40.225772 2026] [log_debug:info] [pid 13756:tid 34443509760] [client 4.205.44.31:51075] #shell2ban.web2ban#9#a12eb9adf151662148ceb0f3cc9188fb#[stralsund.ost-see-urlaub.de] http://stralsund.ost-see-urlaub.de GET /wp-load.php HTTP/1.1 301 "" ""#
[Wed Apr 15 01:08:40.472951 2026] [log_debug:info] [pid 13756:tid 34443509760] [client 4.205.44.31:51074] #shell2ban.web2ban#9#a12eb9adf151662148ceb0f3cc9188fb#[www.stralsund.ost-see-urlaub.de] https://www.stralsund.ost-see-urlaub.de GET /wp-load.php HTTP/1.1 302 "" ""#
[Wed Apr 15 01:08:40.581939 2026] [log_debug:info] [pid 13757:tid 34445863424] [client 4.205.44.31:51149] #shell2ban.web2ban#9#a12eb9adf151662148ceb0f3cc9188fb#[www.ost-see-urlaub.de] https://www.ost-see-urlaub.de GET /errors/notfound.htm HTTP/1.1 200 "" ""#
[Wed Apr 15 01:08:40.690831 2026] [log_debug:info] [pid 13756:tid 34443517440] [client 4.205.44.31:51075] #shell2ban.web2ban#9#a12eb9adf151662148ceb0f3cc9188fb#[stralsund.ost-see-urlaub.de] http://stralsund.ost-see-urlaub.de GET /wp-config.php HTTP/1.1 301 "" ""#
[Wed Apr 15 01:08:40.799483 2026] [log_debug:info] [pid 13756:tid 34443517440] [client 4.205.44.31:51074] #shell2ban.web2ban#9#a12eb9adf151662148ceb0f3cc9188fb#[www.stralsund.ost-see-urlaub.de] https://www.stralsund.ost-see-urlaub.de GET /wp-config.php HTTP/1.1 302 "" ""#
[Wed Apr 15 01:08:40.909318 2026] [log_debug:info] [pid 13757:tid 34445863424] [client 4.205.44.31:51149] #shell2ban.web2ban#9#a12eb9adf151662148ceb0f3cc9188fb#[www.ost-see-urlaub.de] https://www.ost-see-urlaub.de GET /errors/notfound.htm HTTP/1.1 200 "" ""#
[Wed Apr 15 01:08:41.017998 2026] [log_debug:info] [pid 13756:tid 34443517440] [client 4.205.44.31:51075] #shell2ban.web2ban#9#a12eb9adf151662148ceb0f3cc9188fb#[stralsund.ost-see-urlaub.de] http://stralsund.ost-see-urlaub.de GET /wp-settings.php HTTP/1.1 301 "" ""#
[Wed Apr 15 01:08:41.128771 2026] [log_debug:info] [pid 13756:tid 34443517440] [client 4.205.44.31:51074] #shell2ban.web2ban#9#a12eb9adf151662148ceb0f3cc9188fb#[www.stralsund.ost-see-urlaub.de] https://www.stralsund.ost-see-urlaub.de GET /wp-settings.php HTTP/1.1 302 "" ""#
[Wed Apr 15 01:08:41.237569 2026] [log_debug:info] [pid 13757:tid 34445863424] [client 4.205.44.31:51149] #shell2ban.web2ban#9#a12eb9adf151662148ceb0f3cc9188fb#[www.ost-see-urlaub.de] https://www.ost-see-urlaub.de GET /errors/notfound.htm HTTP/1.1 200 "" ""#
[Wed Apr 15 01:08:41.346336 2026] [log_debug:info] [pid 13756:tid 34443517440] [client 4.205.44.31:51075] #shell2ban.web2ban#9#a12eb9adf151662148ceb0f3cc9188fb#[stralsund.ost-see-urlaub.de] http://stralsund.ost-see-urlaub.de GET /wp-login.php HTTP/1.1 301 "" ""#
[Wed Apr 15 01:08:41.461769 2026] [log_debug:info] [pid 13756:tid 34443517440] [client 4.205.44.31:51074] #shell2ban.web2ban#9#a12eb9adf151662148ceb0f3cc9188fb#[www.stralsund.ost-see-urlaub.de] https://www.stralsund.ost-see-urlaub.de GET /wp-login.php HTTP/1.1 302 "" ""#
[Wed Apr 15 01:08:41.574786 2026] [log_debug:info] [pid 13757:tid 34443518720] [client 4.205.44.31:51149] #shell2ban.web2ban#9#a12eb9adf151662148ceb0f3cc9188fb#[www.ost-see-urlaub.de] https://www.ost-see-urlaub.de GET /errors/notfound.htm HTTP/1.1 200 "" ""#
[Wed Apr 15 01:08:41.683691 2026] [log_debug:info] [pid 13756:tid 34443517440] [client 4.205.44.31:51075] #shell2ban.web2ban#9#a12eb9adf151662148ceb0f3cc9188fb#[stralsund.ost-see-urlaub.de] http://stralsund.ost-see-urlaub.de GET /wp-admin/about.php HTTP/1.1 301 "" ""#
[Wed Apr 15 01:08:41.792425 2026] [log_debug:info] [pid 13756:tid 34443517440] [client 4.205.44.31:51074] #shell2ban.web2ban#9#a12eb9adf151662148ceb0f3cc9188fb#[www.stralsund.ost-see-urlaub.de] https://www.stralsund.ost-see-urlaub.de GET /wp-admin/about.php HTTP/1.1 302 "" ""#
[Wed Apr 15 01:08:41.901569 2026] [log_debug:info] [pid 13757:tid 34445863424] [client 4.205.44.31:51149] #shell2ban.web2ban#9#a12eb9adf151662148ceb0f3cc9188fb#[www.ost-see-urlaub.de] https://www.ost-see-urlaub.de GET /errors/notfound.htm HTTP/1.1 200 "" ""#
[Wed Apr 15 01:08:42.013176 2026] [log_debug:info] [pid 13756:tid 34443517440] [client 4.205.44.31:51075] #shell2ban.web2ban#9#a12eb9adf151662148ceb0f3cc9188fb#[stralsund.ost-see-urlaub.de] http://stralsund.ost-see-urlaub.de GET /unsubscribe.php HTTP/1.1 301 "" ""#
[Wed Apr 15 01:08:42.150923 2026] [log_debug:info] [pid 13756:tid 34443517440] [client 4.205.44.31:51074] #shell2ban.web2ban#9#a12eb9adf151662148ceb0f3cc9188fb#[www.stralsund.ost-see-urlaub.de] https://www.stralsund.ost-see-urlaub.de GET /unsubscribe.php HTTP/1.1 302 "" ""#
[Wed Apr 15 01:08:42.259690 2026] [log_debug:info] [pid 13757:tid 34445863424] [client 4.205.44.31:51149] #shell2ban.web2ban#9#a12eb9adf151662148ceb0f3cc9188fb#[www.ost-see-urlaub.de] https://www.ost-see-urlaub.de GET /errors/notfound.htm HTTP/1.1 200 "" ""#
[Wed Apr 15 01:08:42.376681 2026] [log_debug:info] [pid 13756:tid 34443517440] [client 4.205.44.31:51075] #shell2ban.web2ban#9#a12eb9adf151662148ceb0f3cc9188fb#[stralsund.ost-see-urlaub.de] http://stralsund.ost-see-urlaub.de GET /wp-trackback.php HTTP/1.1 301 "" ""#
[Wed Apr 15 01:08:43.394751 2026] [log_debug:info] [pid 13756:tid 34443517440] [client 4.205.44.31:51074] #shell2ban.web2ban#9#a12eb9adf151662148ceb0f3cc9188fb#[www.stralsund.ost-see-urlaub.de] https://www.stralsund.ost-see-urlaub.de GET /wp-trackback.php HTTP/1.1 302 "" ""#
[Wed Apr 15 01:08:43.505250 2026] [log_debug:info] [pid 13757:tid 34445863424] [client 4.205.44.31:51149] #shell2ban.web2ban#9#a12eb9adf151662148ceb0f3cc9188fb#[www.ost-see-urlaub.de] https://www.ost-see-urlaub.de GET /errors/notfound.htm HTTP/1.1 200 "" ""#
[Wed Apr 15 01:08:43.615793 2026] [log_debug:info] [pid 13756:tid 34443517440] [client 4.205.44.31:51075] #shell2ban.web2ban#9#a12eb9adf151662148ceb0f3cc9188fb#[stralsund.ost-see-urlaub.de] http://stralsund.ost-see-urlaub.de GET /function.php HTTP/1.1 301 "" ""#
[Wed Apr 15 01:08:43.728601 2026] [log_debug:info] [pid 13756:tid 34443517440] [client 4.205.44.31:51074] #shell2ban.web2ban#9#a12eb9adf151662148ceb0f3cc9188fb#[www.stralsund.ost-see-urlaub.de] https://www.stralsund.ost-see-urlaub.de GET /function.php HTTP/1.1 302 "" ""#
[Wed Apr 15 01:08:43.837447 2026] [log_debug:info] [pid 13757:tid 34445863424] [client 4.205.44.31:51149] #shell2ban.web2ban#9#a12eb9adf151662148ceb0f3cc9188fb#[www.ost-see-urlaub.de] https://www.ost-see-urlaub.de GET /errors/notfound.htm HTTP/1.1 200 "" ""#
[Wed Apr 15 01:08:43.962621 2026] [log_debug:info] [pid 13756:tid 34443517440] [client 4.205.44.31:51075] #shell2ban.web2ban#9#a12eb9adf151662148ceb0f3cc9188fb#[stralsund.ost-see-urlaub.de] http://stralsund.ost-see-urlaub.de GET /alfa.php HTTP/1.1 301 "" ""#
[Wed Apr 15 01:08:44.115920 2026] [log_debug:info] [pid 13756:tid 34443517440] [client 4.205.44.31:51074] #shell2ban.web2ban#9#a12eb9adf151662148ceb0f3cc9188fb#[www.stralsund.ost-see-urlaub.de] https://www.stralsund.ost-see-urlaub.de GET /alfa.php HTTP/1.1 302 "" ""#
[Wed Apr 15 01:08:44.229475 2026] [log_debug:info] [pid 13757:tid 34445863424] [client 4.205.44.31:51149] #shell2ban.web2ban#9#a12eb9adf151662148ceb0f3cc9188fb#[www.ost-see-urlaub.de] https://www.ost-see-urlaub.de GET /errors/notfound.htm HTTP/1.1 200 "" ""#
[Wed Apr 15 01:08:44.361322 2026] [log_debug:info] [pid 13756:tid 34445868544] [client 4.205.44.31:51075] #shell2ban.web2ban#9#a12eb9adf151662148ceb0f3cc9188fb#[stralsund.ost-see-urlaub.de] http://stralsund.ost-see-urlaub.de GET /admin.php HTTP/1.1 301 "" ""#
[Wed Apr 15 01:08:44.498200 2026] [log_debug:info] [pid 13756:tid 34445868544] [client 4.205.44.31:51074] #shell2ban.web2ban#9#a12eb9adf151662148ceb0f3cc9188fb#[www.stralsund.ost-see-urlaub.de] https://www.stralsund.ost-see-urlaub.de GET /admin.php HTTP/1.1 302 "" ""#
[Wed Apr 15 01:08:44.607001 2026] [log_debug:info] [pid 13757:tid 34445863424] [client 4.205.44.31:51149] #shell2ban.web2ban#9#a12eb9adf151662148ceb0f3cc9188fb#[www.ost-see-urlaub.de] https://www.ost-see-urlaub.de GET /errors/notfound.htm HTTP/1.1 200 "" ""#
[Wed Apr 15 01:08:44.733558 2026] [log_debug:info] [pid 13756:tid 34445868544] [client 4.205.44.31:51075] #shell2ban.web2ban#9#a12eb9adf151662148ceb0f3cc9188fb#[stralsund.ost-see-urlaub.de] http://stralsund.ost-see-urlaub.de GET /66.php HTTP/1.1 301 "" ""#
[Wed Apr 15 01:08:44.861525 2026] [log_debug:info] [pid 13756:tid 34445865984] [client 4.205.44.31:51074] #shell2ban.web2ban#9#a12eb9adf151662148ceb0f3cc9188fb#[www.stralsund.ost-see-urlaub.de] https://www.stralsund.ost-see-urlaub.de GET /66.php HTTP/1.1 302 "" ""#
[Wed Apr 15 01:08:44.985261 2026] [log_debug:info] [pid 13757:tid 34445863424] [client 4.205.44.31:51149] #shell2ban.web2ban#9#a12eb9adf151662148ceb0f3cc9188fb#[www.ost-see-urlaub.de] https://www.ost-see-urlaub.de GET /errors/notfound.htm HTTP/1.1 200 "" ""#
[Wed Apr 15 01:08:45.129819 2026] [log_debug:info] [pid 13756:tid 34445865984] [client 4.205.44.31:51075] #shell2ban.web2ban#9#a12eb9adf151662148ceb0f3cc9188fb#[stralsund.ost-see-urlaub.de] http://stralsund.ost-see-urlaub.de GET /css.php HTTP/1.1 301 "" ""#
[Wed Apr 15 01:08:45.257197 2026] [log_debug:info] [pid 13756:tid 34445865984] [client 4.205.44.31:51074] #shell2ban.web2ban#9#a12eb9adf151662148ceb0f3cc9188fb#[www.stralsund.ost-see-urlaub.de] https://www.stralsund.ost-see-urlaub.de GET /css.php HTTP/1.1 302 "" ""#
[Wed Apr 15 01:08:45.396023 2026] [log_debug:info] [pid 13757:tid 34445863424] [client 4.205.44.31:51149] #shell2ban.web2ban#9#a12eb9adf151662148ceb0f3cc9188fb#[www.ost-see-urlaub.de] https://www.ost-see-urlaub.de GET /errors/notfound.htm HTTP/1.1 200 "" ""#
[Wed Apr 15 01:08:45.504862 2026] [log_debug:info] [pid 13756:tid 34445868544] [client 4.205.44.31:51075] #shell2ban.web2ban#9#a12eb9adf151662148ceb0f3cc9188fb#[stralsund.ost-see-urlaub.de] http://stralsund.ost-see-urlaub.de GET /init.php HTTP/1.1 301 "" ""#
[Wed Apr 15 01:08:45.693494 2026] [log_debug:info] [pid 13756:tid 34445865984] [client 4.205.44.31:51074] #shell2ban.web2ban#9#a12eb9adf151662148ceb0f3cc9188fb#[www.stralsund.ost-see-urlaub.de] https://www.stralsund.ost-see-urlaub.de GET /init.php HTTP/1.1 302 "" ""#
[Wed Apr 15 01:08:45.956091 2026] [log_debug:info] [pid 13757:tid 34443518720] [client 4.205.44.31:51149] #shell2ban.web2ban#9#a12eb9adf151662148ceb0f3cc9188fb#[www.ost-see-urlaub.de] https://www.ost-see-urlaub.de GET /errors/notfound.htm HTTP/1.1 200 "" ""#
[Wed Apr 15 01:08:46.129509 2026] [log_debug:info] [pid 13756:tid 34445868544] [client 4.205.44.31:51075] #shell2ban.web2ban#9#a12eb9adf151662148ceb0f3cc9188fb#[stralsund.ost-see-urlaub.de] http://stralsund.ost-see-urlaub.de GET /byp.php HTTP/1.1 301 "" ""#
[Wed Apr 15 01:08:46.260576 2026] [log_debug:info] [pid 13756:tid 34445868544] [client 4.205.44.31:51074] #shell2ban.web2ban#9#a12eb9adf151662148ceb0f3cc9188fb#[www.stralsund.ost-see-urlaub.de] https://www.stralsund.ost-see-urlaub.de GET /byp.php HTTP/1.1 302 "" ""#
[Wed Apr 15 01:08:46.369189 2026] [log_debug:info] [pid 13757:tid 34443518720] [client 4.205.44.31:51149] #shell2ban.web2ban#9#a12eb9adf151662148ceb0f3cc9188fb#[www.ost-see-urlaub.de] https://www.ost-see-urlaub.de GET /errors/notfound.htm HTTP/1.1 200 "" ""#
[Wed Apr 15 01:08:46.478174 2026] [log_debug:info] [pid 13756:tid 34445868544] [client 4.205.44.31:51075] #shell2ban.web2ban#9#a12eb9adf151662148ceb0f3cc9188fb#[stralsund.ost-see-urlaub.de] http://stralsund.ost-see-urlaub.de GET /index.php HTTP/1.1 301 "" ""#
[Wed Apr 15 01:08:46.618627 2026] [log_debug:info] [pid 13756:tid 34445868544] [client 4.205.44.31:51074] #shell2ban.web2ban#9#a12eb9adf151662148ceb0f3cc9188fb#[www.stralsund.ost-see-urlaub.de] https://www.stralsund.ost-see-urlaub.de GET /index.php HTTP/1.1 302 "" ""#
[Wed Apr 15 01:08:46.799900 2026] [log_debug:info] [pid 13757:tid 34443518720] [client 4.205.44.31:51149] #shell2ban.web2ban#9#a12eb9adf151662148ceb0f3cc9188fb#[www.ost-see-urlaub.de] https://www.ost-see-urlaub.de GET /errors/notfound.htm HTTP/1.1 200 "" ""#
[Wed Apr 15 01:08:47.033580 2026] [log_debug:info] [pid 13756:tid 34445868544] [client 4.205.44.31:51075] #shell2ban.web2ban#9#a12eb9adf151662148ceb0f3cc9188fb#[stralsund.ost-see-urlaub.de] http://stralsund.ost-see-urlaub.de GET /index/chosen.php HTTP/1.1 301 "" ""#
[Wed Apr 15 01:08:47.166604 2026] [log_debug:info] [pid 13756:tid 34445865984] [client 4.205.44.31:51074] #shell2ban.web2ban#9#a12eb9adf151662148ceb0f3cc9188fb#[www.stralsund.ost-see-urlaub.de] https://www.stralsund.ost-see-urlaub.de GET /index/chosen.php HTTP/1.1 302 "" ""#
[Wed Apr 15 01:08:47.276880 2026] [log_debug:info] [pid 13757:tid 34443518720] [client 4.205.44.31:51149] #shell2ban.web2ban#9#a12eb9adf151662148ceb0f3cc9188fb#[www.ost-see-urlaub.de] https://www.ost-see-urlaub.de GET /errors/notfound.htm HTTP/1.1 200 "" ""#
[Wed Apr 15 01:08:47.385611 2026] [log_debug:info] [pid 13756:tid 34445865984] [client 4.205.44.31:51075] #shell2ban.web2ban#9#a12eb9adf151662148ceb0f3cc9188fb#[stralsund.ost-see-urlaub.de] http://stralsund.ost-see-urlaub.de GET /about/chosen.php HTTP/1.1 301 "" ""#
[Wed Apr 15 01:08:47.512410 2026] [log_debug:info] [pid 13756:tid 34445865984] [client 4.205.44.31:51074] #shell2ban.web2ban#9#a12eb9adf151662148ceb0f3cc9188fb#[www.stralsund.ost-see-urlaub.de] https://www.stralsund.ost-see-urlaub.de GET /about/chosen.php HTTP/1.1 302 "" ""#
[Wed Apr 15 01:08:47.680825 2026] [log_debug:info] [pid 13757:tid 34443518720] [client 4.205.44.31:51149] #shell2ban.web2ban#9#a12eb9adf151662148ceb0f3cc9188fb#[www.ost-see-urlaub.de] https://www.ost-see-urlaub.de GET /errors/notfound.htm HTTP/1.1 200 "" ""#
[Wed Apr 15 01:08:47.790593 2026] [log_debug:info] [pid 13756:tid 34445865984] [client 4.205.44.31:51075] #shell2ban.web2ban#9#a12eb9adf151662148ceb0f3cc9188fb#[stralsund.ost-see-urlaub.de] http://stralsund.ost-see-urlaub.de GET /as/chosen.php HTTP/1.1 301 "" ""#
[Wed Apr 15 01:08:47.910983 2026] [log_debug:info] [pid 13756:tid 34445865984] [client 4.205.44.31:51074] #shell2ban.web2ban#9#a12eb9adf151662148ceb0f3cc9188fb#[www.stralsund.ost-see-urlaub.de] https://www.stralsund.ost-see-urlaub.de GET /as/chosen.php HTTP/1.1 302 "" ""#
[Wed Apr 15 01:08:48.039025 2026] [log_debug:info] [pid 13757:tid 34443518720] [client 4.205.44.31:51149] #shell2ban.web2ban#9#a12eb9adf151662148ceb0f3cc9188fb#[www.ost-see-urlaub.de] https://www.ost-see-urlaub.de GET /errors/notfound.htm HTTP/1.1 200 "" ""#
[Wed Apr 15 01:08:48.147771 2026] [log_debug:info] [pid 13756:tid 34445865984] [client 4.205.44.31:51075] #shell2ban.web2ban#9#a12eb9adf151662148ceb0f3cc9188fb#[stralsund.ost-see-urlaub.de] http://stralsund.ost-see-urlaub.de GET /file/chosen.php HTTP/1.1 301 "" ""#
[Wed Apr 15 01:08:48.256234 2026] [log_debug:info] [pid 13756:tid 34445865984] [client 4.205.44.31:51074] #shell2ban.web2ban#9#a12eb9adf151662148ceb0f3cc9188fb#[www.stralsund.ost-see-urlaub.de] https://www.stralsund.ost-see-urlaub.de GET /file/chosen.php HTTP/1.1 302 "" ""#
[Wed Apr 15 01:08:48.366239 2026] [log_debug:info] [pid 13757:tid 34443518720] [client 4.205.44.31:51149] #shell2ban.web2ban#9#a12eb9adf151662148ceb0f3cc9188fb#[www.ost-see-urlaub.de] https://www.ost-see-urlaub.de GET /errors/notfound.htm HTTP/1.1 200 "" ""#
[Wed Apr 15 01:08:48.474998 2026] [log_debug:info] [pid 13756:tid 34445865984] [client 4.205.44.31:51075] #shell2ban.web2ban#9#a12eb9adf151662148ceb0f3cc9188fb#[stralsund.ost-see-urlaub.de] http://stralsund.ost-see-urlaub.de GET /chosen/chosen.php HTTP/1.1 301 "" ""#
[Wed Apr 15 01:08:48.592531 2026] [log_debug:info] [pid 13756:tid 34445865984] [client 4.205.44.31:51074] #shell2ban.web2ban#9#a12eb9adf151662148ceb0f3cc9188fb#[www.stralsund.ost-see-urlaub.de] https://www.stralsund.ost-see-urlaub.de GET /chosen/chosen.php HTTP/1.1 302 "" ""#
[Wed Apr 15 01:08:48.708529 2026] [log_debug:info] [pid 13757:tid 34443518720] [client 4.205.44.31:51149] #shell2ban.web2ban#9#a12eb9adf151662148ceb0f3cc9188fb#[www.ost-see-urlaub.de] https://www.ost-see-urlaub.de GET /errors/notfound.htm HTTP/1.1 200 "" ""#
[Wed Apr 15 01:08:48.817150 2026] [log_debug:info] [pid 13756:tid 34445865984] [client 4.205.44.31:51075] #shell2ban.web2ban#9#a12eb9adf151662148ceb0f3cc9188fb#[stralsund.ost-see-urlaub.de] http://stralsund.ost-see-urlaub.de GET /css/chosen.php HTTP/1.1 301 "" ""#
[Wed Apr 15 01:08:48.936097 2026] [log_debug:info] [pid 13756:tid 34445865984] [client 4.205.44.31:51074] #shell2ban.web2ban#9#a12eb9adf151662148ceb0f3cc9188fb#[www.stralsund.ost-see-urlaub.de] https://www.stralsund.ost-see-urlaub.de GET /css/chosen.php HTTP/1.1 302 "" ""#
[Wed Apr 15 01:08:49.069303 2026] [log_debug:info] [pid 13757:tid 34443518720] [client 4.205.44.31:51149] #shell2ban.web2ban#9#a12eb9adf151662148ceb0f3cc9188fb#[www.ost-see-urlaub.de] https://www.ost-see-urlaub.de GET /errors/notfound.htm HTTP/1.1 200 "" ""#
