[Wed Apr 15 01:07:18.241925 2026] [log_debug:info] [pid 13758:tid 34443518720] [client 20.48.184.58:65121] #shell2ban.web2ban#9#a12eb9adf151662148ceb0f3cc9188fb#[mail.ostsee-urlaub-portal.de] http://mail.ostsee-urlaub-portal.de GET /wp-content/alfa.php HTTP/1.1 403 "" ""#
[Wed Apr 15 01:07:18.280136 2026] [log_debug:info] [pid 13744:tid 34443528960] [client 172.190.142.176:10245] #shell2ban.web2ban#9#a12eb9adf151662148ceb0f3cc9188fb#[www.gernrode-harz.de] https://www.gernrode-harz.de GET /8573.php HTTP/1.1 302 "" ""#
[Wed Apr 15 01:07:18.364414 2026] [log_debug:info] [pid 13745:tid 34443527680] [client 20.48.184.58:61830] #shell2ban.web2ban#9#a12eb9adf151662148ceb0f3cc9188fb#[salazo.han-solo.net] https://mail.ostsee-urlaub-portal.de GET /err403.php HTTP/1.1 301 "" ""#
[Wed Apr 15 01:07:18.414298 2026] [log_debug:info] [pid 13744:tid 34443528960] [client 172.190.142.176:10245] #shell2ban.web2ban#9#a12eb9adf151662148ceb0f3cc9188fb#[www.gernrode-harz.de] https://www.gernrode-harz.de GET / HTTP/1.1 200 "" ""#
[Wed Apr 15 01:07:18.475062 2026] [log_debug:info] [pid 13758:tid 34443518720] [client 20.48.184.58:65121] #shell2ban.web2ban#9#a12eb9adf151662148ceb0f3cc9188fb#[mail.ostsee-urlaub-portal.de] http://mail.ostsee-urlaub-portal.de GET /wp-admin/alfa.php HTTP/1.1 403 "" ""#
[Wed Apr 15 01:07:18.584517 2026] [log_debug:info] [pid 13745:tid 34443527680] [client 20.48.184.58:61830] #shell2ban.web2ban#9#a12eb9adf151662148ceb0f3cc9188fb#[salazo.han-solo.net] https://mail.ostsee-urlaub-portal.de GET /err403.php HTTP/1.1 301 "" ""#
[Wed Apr 15 01:07:18.630783 2026] [log_debug:info] [pid 9025:tid 34445864704] [client 172.190.142.176:10261] #shell2ban.web2ban#9#a12eb9adf151662148ceb0f3cc9188fb#[gernrode-harz.de] http://gernrode-harz.de GET /ws66.php HTTP/1.1 301 "" ""#
[Wed Apr 15 01:07:18.693543 2026] [log_debug:info] [pid 13758:tid 34443518720] [client 20.48.184.58:65121] #shell2ban.web2ban#9#a12eb9adf151662148ceb0f3cc9188fb#[mail.ostsee-urlaub-portal.de] http://mail.ostsee-urlaub-portal.de GET /wp-include/alfa.php HTTP/1.1 403 "" ""#
[Wed Apr 15 01:07:18.733062 2026] [log_debug:info] [pid 13758:tid 34443518720] [client 172.190.142.176:10296] #shell2ban.web2ban#9#a12eb9adf151662148ceb0f3cc9188fb#[gernrode-harz.de] https://gernrode-harz.de GET /ws66.php HTTP/1.1 301 "" ""#
[Wed Apr 15 01:07:18.833766 2026] [log_debug:info] [pid 13744:tid 34443528960] [client 172.190.142.176:10245] #shell2ban.web2ban#9#a12eb9adf151662148ceb0f3cc9188fb#[www.gernrode-harz.de] https://www.gernrode-harz.de GET /ws66.php HTTP/1.1 302 "" ""#
[Wed Apr 15 01:07:18.936375 2026] [log_debug:info] [pid 13744:tid 34443528960] [client 172.190.142.176:10245] #shell2ban.web2ban#9#a12eb9adf151662148ceb0f3cc9188fb#[www.gernrode-harz.de] https://www.gernrode-harz.de GET / HTTP/1.1 200 "" ""#
[Wed Apr 15 01:07:19.195996 2026] [log_debug:info] [pid 9025:tid 34443527680] [client 172.190.142.176:10261] #shell2ban.web2ban#9#a12eb9adf151662148ceb0f3cc9188fb#[gernrode-harz.de] http://gernrode-harz.de GET /66.php HTTP/1.1 301 "" ""#
[Wed Apr 15 01:07:19.284923 2026] [log_debug:info] [pid 13745:tid 34443527680] [client 20.48.184.58:61830] #shell2ban.web2ban#9#a12eb9adf151662148ceb0f3cc9188fb#[salazo.han-solo.net] https://mail.ostsee-urlaub-portal.de GET /err403.php HTTP/1.1 301 "" ""#
[Wed Apr 15 01:07:19.296949 2026] [log_debug:info] [pid 13758:tid 34443518720] [client 172.190.142.176:10296] #shell2ban.web2ban#9#a12eb9adf151662148ceb0f3cc9188fb#[gernrode-harz.de] https://gernrode-harz.de GET /66.php HTTP/1.1 301 "" ""#
[Wed Apr 15 01:07:19.395092 2026] [log_debug:info] [pid 13758:tid 34443518720] [client 20.48.184.58:65121] #shell2ban.web2ban#9#a12eb9adf151662148ceb0f3cc9188fb#[mail.ostsee-urlaub-portal.de] http://mail.ostsee-urlaub-portal.de GET /f77.php HTTP/1.1 403 "" ""#
[Wed Apr 15 01:07:19.402690 2026] [log_debug:info] [pid 13744:tid 34443528960] [client 172.190.142.176:10245] #shell2ban.web2ban#9#a12eb9adf151662148ceb0f3cc9188fb#[www.gernrode-harz.de] https://www.gernrode-harz.de GET /66.php HTTP/1.1 302 "" ""#
[Wed Apr 15 01:07:19.502607 2026] [log_debug:info] [pid 13744:tid 34443520000] [client 172.190.142.176:10245] #shell2ban.web2ban#9#a12eb9adf151662148ceb0f3cc9188fb#[www.gernrode-harz.de] https://www.gernrode-harz.de GET / HTTP/1.1 200 "" ""#
[Wed Apr 15 01:07:19.503593 2026] [log_debug:info] [pid 13745:tid 34443527680] [client 20.48.184.58:61830] #shell2ban.web2ban#9#a12eb9adf151662148ceb0f3cc9188fb#[salazo.han-solo.net] https://mail.ostsee-urlaub-portal.de GET /err403.php HTTP/1.1 301 "" ""#
[Wed Apr 15 01:07:19.611718 2026] [log_debug:info] [pid 9025:tid 34445871104] [client 172.190.142.176:10261] #shell2ban.web2ban#9#a12eb9adf151662148ceb0f3cc9188fb#[gernrode-harz.de] http://gernrode-harz.de GET /wp-p2r3q9c8k4.php HTTP/1.1 301 "" ""#
[Wed Apr 15 01:07:19.612505 2026] [log_debug:info] [pid 13758:tid 34443518720] [client 20.48.184.58:65121] #shell2ban.web2ban#9#a12eb9adf151662148ceb0f3cc9188fb#[mail.ostsee-urlaub-portal.de] http://mail.ostsee-urlaub-portal.de GET /nice.php HTTP/1.1 403 "" ""#
[Wed Apr 15 01:07:19.735612 2026] [log_debug:info] [pid 13745:tid 34443521280] [client 20.48.184.58:61830] #shell2ban.web2ban#9#a12eb9adf151662148ceb0f3cc9188fb#[salazo.han-solo.net] https://mail.ostsee-urlaub-portal.de GET /err403.php HTTP/1.1 301 "" ""#
[Wed Apr 15 01:07:19.845921 2026] [log_debug:info] [pid 13758:tid 34443518720] [client 20.48.184.58:65121] #shell2ban.web2ban#9#a12eb9adf151662148ceb0f3cc9188fb#[mail.ostsee-urlaub-portal.de] http://mail.ostsee-urlaub-portal.de GET /b0.php HTTP/1.1 403 "" ""#
[Wed Apr 15 01:07:19.865150 2026] [log_debug:info] [pid 13758:tid 34443518720] [client 172.190.142.176:10296] #shell2ban.web2ban#9#a12eb9adf151662148ceb0f3cc9188fb#[gernrode-harz.de] https://gernrode-harz.de GET /wp-p2r3q9c8k4.php HTTP/1.1 301 "" ""#
[Wed Apr 15 01:07:19.965249 2026] [log_debug:info] [pid 13744:tid 34445863424] [client 172.190.142.176:10245] #shell2ban.web2ban#9#a12eb9adf151662148ceb0f3cc9188fb#[www.gernrode-harz.de] https://www.gernrode-harz.de GET /wp-p2r3q9c8k4.php HTTP/1.1 302 "" ""#
[Wed Apr 15 01:07:19.965514 2026] [log_debug:info] [pid 13745:tid 34443527680] [client 20.48.184.58:61830] #shell2ban.web2ban#9#a12eb9adf151662148ceb0f3cc9188fb#[salazo.han-solo.net] https://mail.ostsee-urlaub-portal.de GET /err403.php HTTP/1.1 301 "" ""#
[Wed Apr 15 01:07:20.069715 2026] [log_debug:info] [pid 13744:tid 34445863424] [client 172.190.142.176:10245] #shell2ban.web2ban#9#a12eb9adf151662148ceb0f3cc9188fb#[www.gernrode-harz.de] https://www.gernrode-harz.de GET / HTTP/1.1 200 "" ""#
[Wed Apr 15 01:07:20.095886 2026] [log_debug:info] [pid 13758:tid 34445862144] [client 20.48.184.58:65121] #shell2ban.web2ban#9#a12eb9adf151662148ceb0f3cc9188fb#[mail.ostsee-urlaub-portal.de] http://mail.ostsee-urlaub-portal.de GET /million.php HTTP/1.1 403 "" ""#
[Wed Apr 15 01:07:20.171308 2026] [log_debug:info] [pid 9025:tid 34443527680] [client 172.190.142.176:10261] #shell2ban.web2ban#9#a12eb9adf151662148ceb0f3cc9188fb#[gernrode-harz.de] http://gernrode-harz.de GET /ws88.php HTTP/1.1 301 "" ""#
[Wed Apr 15 01:07:20.216357 2026] [log_debug:info] [pid 13745:tid 34443527680] [client 20.48.184.58:61830] #shell2ban.web2ban#9#a12eb9adf151662148ceb0f3cc9188fb#[salazo.han-solo.net] https://mail.ostsee-urlaub-portal.de GET /err403.php HTTP/1.1 301 "" ""#
[Wed Apr 15 01:07:20.276649 2026] [log_debug:info] [pid 13758:tid 34443518720] [client 172.190.142.176:10296] #shell2ban.web2ban#9#a12eb9adf151662148ceb0f3cc9188fb#[gernrode-harz.de] https://gernrode-harz.de GET /ws88.php HTTP/1.1 301 "" ""#
[Wed Apr 15 01:07:20.325235 2026] [log_debug:info] [pid 13758:tid 34443518720] [client 20.48.184.58:65121] #shell2ban.web2ban#9#a12eb9adf151662148ceb0f3cc9188fb#[mail.ostsee-urlaub-portal.de] http://mail.ostsee-urlaub-portal.de GET /ioxi2.php HTTP/1.1 403 "" ""#
[Wed Apr 15 01:07:20.387086 2026] [log_debug:info] [pid 13744:tid 34445863424] [client 172.190.142.176:10245] #shell2ban.web2ban#9#a12eb9adf151662148ceb0f3cc9188fb#[www.gernrode-harz.de] https://www.gernrode-harz.de GET /ws88.php HTTP/1.1 302 "" ""#
[Wed Apr 15 01:07:20.441367 2026] [log_debug:info] [pid 13745:tid 34443527680] [client 20.48.184.58:61830] #shell2ban.web2ban#9#a12eb9adf151662148ceb0f3cc9188fb#[salazo.han-solo.net] https://mail.ostsee-urlaub-portal.de GET /err403.php HTTP/1.1 301 "" ""#
[Wed Apr 15 01:07:20.550240 2026] [log_debug:info] [pid 13758:tid 34445862144] [client 20.48.184.58:65121] #shell2ban.web2ban#9#a12eb9adf151662148ceb0f3cc9188fb#[mail.ostsee-urlaub-portal.de] http://mail.ostsee-urlaub-portal.de GET /wp-consar.php HTTP/1.1 403 "" ""#
[Wed Apr 15 01:07:20.653065 2026] [log_debug:info] [pid 13744:tid 34445863424] [client 172.190.142.176:10245] #shell2ban.web2ban#9#a12eb9adf151662148ceb0f3cc9188fb#[www.gernrode-harz.de] https://www.gernrode-harz.de GET / HTTP/1.1 200 "" ""#
[Wed Apr 15 01:07:20.658827 2026] [log_debug:info] [pid 13745:tid 34443527680] [client 20.48.184.58:61830] #shell2ban.web2ban#9#a12eb9adf151662148ceb0f3cc9188fb#[salazo.han-solo.net] https://mail.ostsee-urlaub-portal.de GET /err403.php HTTP/1.1 301 "" ""#
[Wed Apr 15 01:07:20.752966 2026] [log_debug:info] [pid 9025:tid 34443511040] [client 172.190.142.176:10261] #shell2ban.web2ban#9#a12eb9adf151662148ceb0f3cc9188fb#[gernrode-harz.de] http://gernrode-harz.de GET /mode.php HTTP/1.1 301 "" ""#
[Wed Apr 15 01:07:20.768005 2026] [log_debug:info] [pid 13758:tid 34443528960] [client 20.48.184.58:65121] #shell2ban.web2ban#9#a12eb9adf151662148ceb0f3cc9188fb#[mail.ostsee-urlaub-portal.de] http://mail.ostsee-urlaub-portal.de GET /wp-admin/repeater.php HTTP/1.1 403 "" ""#
[Wed Apr 15 01:07:20.861433 2026] [log_debug:info] [pid 13758:tid 34445862144] [client 172.190.142.176:10296] #shell2ban.web2ban#9#a12eb9adf151662148ceb0f3cc9188fb#[gernrode-harz.de] https://gernrode-harz.de GET /mode.php HTTP/1.1 301 "" ""#
[Wed Apr 15 01:07:20.881902 2026] [log_debug:info] [pid 13745:tid 34443511040] [client 20.48.184.58:61830] #shell2ban.web2ban#9#a12eb9adf151662148ceb0f3cc9188fb#[salazo.han-solo.net] https://mail.ostsee-urlaub-portal.de GET /err403.php HTTP/1.1 301 "" ""#
[Wed Apr 15 01:07:20.990773 2026] [log_debug:info] [pid 13758:tid 34445862144] [client 20.48.184.58:65121] #shell2ban.web2ban#9#a12eb9adf151662148ceb0f3cc9188fb#[mail.ostsee-urlaub-portal.de] http://mail.ostsee-urlaub-portal.de GET /wp-content/banners/about.php HTTP/1.1 403 "" ""#
[Wed Apr 15 01:07:21.131012 2026] [log_debug:info] [pid 13745:tid 34443527680] [client 20.48.184.58:61830] #shell2ban.web2ban#9#a12eb9adf151662148ceb0f3cc9188fb#[salazo.han-solo.net] https://mail.ostsee-urlaub-portal.de GET /err403.php HTTP/1.1 301 "" ""#
[Wed Apr 15 01:07:21.242828 2026] [log_debug:info] [pid 13758:tid 34445862144] [client 20.48.184.58:65121] #shell2ban.web2ban#9#a12eb9adf151662148ceb0f3cc9188fb#[mail.ostsee-urlaub-portal.de] http://mail.ostsee-urlaub-portal.de GET /repeater.php HTTP/1.1 403 "" ""#
[Wed Apr 15 01:07:21.351559 2026] [log_debug:info] [pid 13745:tid 34443527680] [client 20.48.184.58:61830] #shell2ban.web2ban#9#a12eb9adf151662148ceb0f3cc9188fb#[salazo.han-solo.net] https://mail.ostsee-urlaub-portal.de GET /err403.php HTTP/1.1 301 "" ""#
[Wed Apr 15 01:07:21.465830 2026] [log_debug:info] [pid 13758:tid 34445862144] [client 20.48.184.58:65121] #shell2ban.web2ban#9#a12eb9adf151662148ceb0f3cc9188fb#[mail.ostsee-urlaub-portal.de] http://mail.ostsee-urlaub-portal.de GET /avaa.php HTTP/1.1 403 "" ""#
[Wed Apr 15 01:07:21.584655 2026] [log_debug:info] [pid 13745:tid 34443527680] [client 20.48.184.58:61830] #shell2ban.web2ban#9#a12eb9adf151662148ceb0f3cc9188fb#[salazo.han-solo.net] https://mail.ostsee-urlaub-portal.de GET /err403.php HTTP/1.1 301 "" ""#
[Wed Apr 15 01:07:21.710446 2026] [log_debug:info] [pid 13758:tid 34445862144] [client 20.48.184.58:65121] #shell2ban.web2ban#9#a12eb9adf151662148ceb0f3cc9188fb#[mail.ostsee-urlaub-portal.de] http://mail.ostsee-urlaub-portal.de GET /ajax-actions.php HTTP/1.1 403 "" ""#
[Wed Apr 15 01:07:21.819388 2026] [log_debug:info] [pid 13745:tid 34443527680] [client 20.48.184.58:61830] #shell2ban.web2ban#9#a12eb9adf151662148ceb0f3cc9188fb#[salazo.han-solo.net] https://mail.ostsee-urlaub-portal.de GET /err403.php HTTP/1.1 301 "" ""#
[Wed Apr 15 01:07:22.015996 2026] [log_debug:info] [pid 13744:tid 34445863424] [client 172.190.142.176:10245] #shell2ban.web2ban#9#a12eb9adf151662148ceb0f3cc9188fb#[www.gernrode-harz.de] https://www.gernrode-harz.de GET /mode.php HTTP/1.1 302 "" ""#
[Wed Apr 15 01:07:22.119251 2026] [log_debug:info] [pid 13744:tid 34445863424] [client 172.190.142.176:10245] #shell2ban.web2ban#9#a12eb9adf151662148ceb0f3cc9188fb#[www.gernrode-harz.de] https://www.gernrode-harz.de GET / HTTP/1.1 200 "" ""#
[Wed Apr 15 01:07:22.221314 2026] [log_debug:info] [pid 9025:tid 34443511040] [client 172.190.142.176:10261] #shell2ban.web2ban#9#a12eb9adf151662148ceb0f3cc9188fb#[gernrode-harz.de] http://gernrode-harz.de GET /set.php HTTP/1.1 301 "" ""#
[Wed Apr 15 01:07:22.321026 2026] [log_debug:info] [pid 13758:tid 34443528960] [client 172.190.142.176:10296] #shell2ban.web2ban#9#a12eb9adf151662148ceb0f3cc9188fb#[gernrode-harz.de] https://gernrode-harz.de GET /set.php HTTP/1.1 301 "" ""#
[Wed Apr 15 01:07:22.421351 2026] [log_debug:info] [pid 13744:tid 34445863424] [client 172.190.142.176:10245] #shell2ban.web2ban#9#a12eb9adf151662148ceb0f3cc9188fb#[www.gernrode-harz.de] https://www.gernrode-harz.de GET /set.php HTTP/1.1 302 "" ""#
[Wed Apr 15 01:07:22.522152 2026] [log_debug:info] [pid 13744:tid 34445863424] [client 172.190.142.176:10245] #shell2ban.web2ban#9#a12eb9adf151662148ceb0f3cc9188fb#[www.gernrode-harz.de] https://www.gernrode-harz.de GET / HTTP/1.1 200 "" ""#
[Wed Apr 15 01:07:22.642530 2026] [log_debug:info] [pid 9025:tid 34443511040] [client 172.190.142.176:10261] #shell2ban.web2ban#9#a12eb9adf151662148ceb0f3cc9188fb#[gernrode-harz.de] http://gernrode-harz.de GET /hroxw.php HTTP/1.1 301 "" ""#
[Wed Apr 15 01:07:22.773495 2026] [log_debug:info] [pid 13758:tid 34443528960] [client 172.190.142.176:10296] #shell2ban.web2ban#9#a12eb9adf151662148ceb0f3cc9188fb#[gernrode-harz.de] https://gernrode-harz.de GET /hroxw.php HTTP/1.1 301 "" ""#
[Wed Apr 15 01:07:22.875552 2026] [log_debug:info] [pid 13744:tid 34445863424] [client 172.190.142.176:10245] #shell2ban.web2ban#9#a12eb9adf151662148ceb0f3cc9188fb#[www.gernrode-harz.de] https://www.gernrode-harz.de GET /hroxw.php HTTP/1.1 302 "" ""#
[Wed Apr 15 01:07:23.008577 2026] [log_debug:info] [pid 13744:tid 34443520000] [client 172.190.142.176:10245] #shell2ban.web2ban#9#a12eb9adf151662148ceb0f3cc9188fb#[www.gernrode-harz.de] https://www.gernrode-harz.de GET / HTTP/1.1 200 "" ""#
[Wed Apr 15 01:07:23.066574 2026] [log_debug:info] [pid 9025:tid 34443511040] [client 43.166.244.192:37620] #shell2ban.web2ban#9#a12eb9adf151662148ceb0f3cc9188fb#[83.138.87.173] http://83.138.87.173:80 GET / HTTP/1.1 403 "" "Mozilla/5.0 (iPhone; CPU iPhone OS 13_2_3 like Mac OS X) AppleWebKit/605.1.15 (KHTML, like Gecko) Version/13.0.3 Mobile/15E148 Safari/604.1"#
[Wed Apr 15 01:07:23.108441 2026] [log_debug:info] [pid 9025:tid 34443511040] [client 172.190.142.176:10261] #shell2ban.web2ban#9#a12eb9adf151662148ceb0f3cc9188fb#[gernrode-harz.de] http://gernrode-harz.de GET /ok.php HTTP/1.1 301 "" ""#
[Wed Apr 15 01:07:23.172225 2026] [log_debug:info] [pid 13758:tid 34443528960] [client 20.48.184.58:65121] #shell2ban.web2ban#9#a12eb9adf151662148ceb0f3cc9188fb#[mail.ostsee-urlaub-portal.de] http://mail.ostsee-urlaub-portal.de GET /wp-p.php7 HTTP/1.1 403 "" ""#
[Wed Apr 15 01:07:23.224719 2026] [log_debug:info] [pid 13758:tid 34443528960] [client 172.190.142.176:10296] #shell2ban.web2ban#9#a12eb9adf151662148ceb0f3cc9188fb#[gernrode-harz.de] https://gernrode-harz.de GET /ok.php HTTP/1.1 301 "" ""#
[Wed Apr 15 01:07:23.291475 2026] [log_debug:info] [pid 13745:tid 34443527680] [client 20.48.184.58:61830] #shell2ban.web2ban#9#a12eb9adf151662148ceb0f3cc9188fb#[salazo.han-solo.net] https://mail.ostsee-urlaub-portal.de GET /err403.php HTTP/1.1 301 "" ""#
[Wed Apr 15 01:07:23.400297 2026] [log_debug:info] [pid 13758:tid 34445862144] [client 20.48.184.58:65121] #shell2ban.web2ban#9#a12eb9adf151662148ceb0f3cc9188fb#[mail.ostsee-urlaub-portal.de] http://mail.ostsee-urlaub-portal.de GET /wp-admin/user/cloud.php HTTP/1.1 403 "" ""#
[Wed Apr 15 01:07:23.544276 2026] [log_debug:info] [pid 13745:tid 34443527680] [client 20.48.184.58:61830] #shell2ban.web2ban#9#a12eb9adf151662148ceb0f3cc9188fb#[salazo.han-solo.net] https://mail.ostsee-urlaub-portal.de GET /err403.php HTTP/1.1 301 "" ""#
[Wed Apr 15 01:07:23.557330 2026] [log_debug:info] [pid 9025:tid 34443527680] [client 43.166.244.192:37932] #shell2ban.web2ban#9#a12eb9adf151662148ceb0f3cc9188fb#[salazo.han-solo.net] http:// \x16\x03\x01 400 "" ""#
[Wed Apr 15 01:07:23.596335 2026] [log_debug:info] [pid 13744:tid 34443520000] [client 172.190.142.176:10245] #shell2ban.web2ban#9#a12eb9adf151662148ceb0f3cc9188fb#[www.gernrode-harz.de] https://www.gernrode-harz.de GET /ok.php HTTP/1.1 302 "" ""#
[Wed Apr 15 01:07:23.701116 2026] [log_debug:info] [pid 13744:tid 34443520000] [client 172.190.142.176:10245] #shell2ban.web2ban#9#a12eb9adf151662148ceb0f3cc9188fb#[www.gernrode-harz.de] https://www.gernrode-harz.de GET / HTTP/1.1 200 "" ""#
[Wed Apr 15 01:07:23.797959 2026] [log_debug:info] [pid 13758:tid 34445862144] [client 20.48.184.58:65121] #shell2ban.web2ban#9#a12eb9adf151662148ceb0f3cc9188fb#[mail.ostsee-urlaub-portal.de] http://mail.ostsee-urlaub-portal.de GET /ebs.php7 HTTP/1.1 403 "" ""#
[Wed Apr 15 01:07:23.814158 2026] [log_debug:info] [pid 9025:tid 34445871104] [client 172.190.142.176:10261] #shell2ban.web2ban#9#a12eb9adf151662148ceb0f3cc9188fb#[gernrode-harz.de] http://gernrode-harz.de GET /zoo.php HTTP/1.1 301 "" ""#
[Wed Apr 15 01:07:23.908141 2026] [log_debug:info] [pid 13745:tid 34443521280] [client 20.48.184.58:61830] #shell2ban.web2ban#9#a12eb9adf151662148ceb0f3cc9188fb#[salazo.han-solo.net] https://mail.ostsee-urlaub-portal.de GET /err403.php HTTP/1.1 301 "" ""#
[Wed Apr 15 01:07:23.915191 2026] [log_debug:info] [pid 13758:tid 34445862144] [client 172.190.142.176:10296] #shell2ban.web2ban#9#a12eb9adf151662148ceb0f3cc9188fb#[gernrode-harz.de] https://gernrode-harz.de GET /zoo.php HTTP/1.1 301 "" ""#
[Wed Apr 15 01:07:24.015614 2026] [log_debug:info] [pid 13744:tid 34443520000] [client 172.190.142.176:10245] #shell2ban.web2ban#9#a12eb9adf151662148ceb0f3cc9188fb#[www.gernrode-harz.de] https://www.gernrode-harz.de GET /zoo.php HTTP/1.1 302 "" ""#
[Wed Apr 15 01:07:24.029204 2026] [log_debug:info] [pid 13758:tid 34445864704] [client 20.48.184.58:65121] #shell2ban.web2ban#9#a12eb9adf151662148ceb0f3cc9188fb#[mail.ostsee-urlaub-portal.de] http://mail.ostsee-urlaub-portal.de GET /fileman/php/upload.php HTTP/1.1 403 "" ""#
[Wed Apr 15 01:07:24.120109 2026] [log_debug:info] [pid 13744:tid 34443520000] [client 172.190.142.176:10245] #shell2ban.web2ban#9#a12eb9adf151662148ceb0f3cc9188fb#[www.gernrode-harz.de] https://www.gernrode-harz.de GET / HTTP/1.1 200 "" ""#
[Wed Apr 15 01:07:24.231411 2026] [log_debug:info] [pid 9025:tid 34445871104] [client 172.190.142.176:10261] #shell2ban.web2ban#9#a12eb9adf151662148ceb0f3cc9188fb#[gernrode-harz.de] http://gernrode-harz.de GET /gaza.php HTTP/1.1 301 "" ""#
[Wed Apr 15 01:07:24.486809 2026] [log_debug:info] [pid 13758:tid 34445862144] [client 172.190.142.176:10296] #shell2ban.web2ban#9#a12eb9adf151662148ceb0f3cc9188fb#[gernrode-harz.de] https://gernrode-harz.de GET /gaza.php HTTP/1.1 301 "" ""#
[Wed Apr 15 01:07:24.587618 2026] [log_debug:info] [pid 13744:tid 34443520000] [client 172.190.142.176:10245] #shell2ban.web2ban#9#a12eb9adf151662148ceb0f3cc9188fb#[www.gernrode-harz.de] https://www.gernrode-harz.de GET /gaza.php HTTP/1.1 302 "" ""#
[Wed Apr 15 01:07:24.745736 2026] [log_debug:info] [pid 13744:tid 34443521280] [client 172.190.142.176:10245] #shell2ban.web2ban#9#a12eb9adf151662148ceb0f3cc9188fb#[www.gernrode-harz.de] https://www.gernrode-harz.de GET / HTTP/1.1 200 "" ""#
[Wed Apr 15 01:07:24.821088 2026] [log_debug:info] [pid 13745:tid 34443527680] [client 20.48.184.58:61830] #shell2ban.web2ban#9#a12eb9adf151662148ceb0f3cc9188fb#[salazo.han-solo.net] https://mail.ostsee-urlaub-portal.de GET /err403.php HTTP/1.1 301 "" ""#
[Wed Apr 15 01:07:24.864071 2026] [log_debug:info] [pid 9025:tid 34445871104] [client 172.190.142.176:10261] #shell2ban.web2ban#9#a12eb9adf151662148ceb0f3cc9188fb#[gernrode-harz.de] http://gernrode-harz.de GET /retu11.PhP7 HTTP/1.1 301 "" ""#
[Wed Apr 15 01:07:24.929886 2026] [log_debug:info] [pid 13758:tid 34445862144] [client 20.48.184.58:65121] #shell2ban.web2ban#9#a12eb9adf151662148ceb0f3cc9188fb#[mail.ostsee-urlaub-portal.de] http://mail.ostsee-urlaub-portal.de GET /wp-aa.php HTTP/1.1 403 "" ""#
[Wed Apr 15 01:07:24.968811 2026] [log_debug:info] [pid 13758:tid 34445862144] [client 172.190.142.176:10296] #shell2ban.web2ban#9#a12eb9adf151662148ceb0f3cc9188fb#[gernrode-harz.de] https://gernrode-harz.de GET /retu11.PhP7 HTTP/1.1 301 "" ""#
[Wed Apr 15 01:07:25.038647 2026] [log_debug:info] [pid 13745:tid 34443527680] [client 20.48.184.58:61830] #shell2ban.web2ban#9#a12eb9adf151662148ceb0f3cc9188fb#[salazo.han-solo.net] https://mail.ostsee-urlaub-portal.de GET /err403.php HTTP/1.1 301 "" ""#
[Wed Apr 15 01:07:25.069085 2026] [log_debug:info] [pid 13744:tid 34443520000] [client 172.190.142.176:10245] #shell2ban.web2ban#9#a12eb9adf151662148ceb0f3cc9188fb#[www.gernrode-harz.de] https://www.gernrode-harz.de GET /retu11.PhP7 HTTP/1.1 302 "" ""#
[Wed Apr 15 01:07:25.147428 2026] [log_debug:info] [pid 13758:tid 34445864704] [client 20.48.184.58:65121] #shell2ban.web2ban#9#a12eb9adf151662148ceb0f3cc9188fb#[mail.ostsee-urlaub-portal.de] http://mail.ostsee-urlaub-portal.de GET /WSO.php HTTP/1.1 403 "" ""#
[Wed Apr 15 01:07:25.219482 2026] [log_debug:info] [pid 13744:tid 34443520000] [client 172.190.142.176:10245] #shell2ban.web2ban#9#a12eb9adf151662148ceb0f3cc9188fb#[www.gernrode-harz.de] https://www.gernrode-harz.de GET / HTTP/1.1 200 "" ""#
[Wed Apr 15 01:07:25.273131 2026] [log_debug:info] [pid 13745:tid 34443527680] [client 20.48.184.58:61830] #shell2ban.web2ban#9#a12eb9adf151662148ceb0f3cc9188fb#[salazo.han-solo.net] https://mail.ostsee-urlaub-portal.de GET /err403.php HTTP/1.1 301 "" ""#
[Wed Apr 15 01:07:25.320579 2026] [log_debug:info] [pid 9025:tid 34445871104] [client 172.190.142.176:10261] #shell2ban.web2ban#9#a12eb9adf151662148ceb0f3cc9188fb#[gernrode-harz.de] http://gernrode-harz.de GET /fm.php HTTP/1.1 301 "" ""#
[Wed Apr 15 01:07:25.387885 2026] [log_debug:info] [pid 13758:tid 34445864704] [client 20.48.184.58:65121] #shell2ban.web2ban#9#a12eb9adf151662148ceb0f3cc9188fb#[mail.ostsee-urlaub-portal.de] http://mail.ostsee-urlaub-portal.de GET /aaa.php HTTP/1.1 403 "" ""#
[Wed Apr 15 01:07:25.421025 2026] [log_debug:info] [pid 13758:tid 34445864704] [client 172.190.142.176:10296] #shell2ban.web2ban#9#a12eb9adf151662148ceb0f3cc9188fb#[gernrode-harz.de] https://gernrode-harz.de GET /fm.php HTTP/1.1 301 "" ""#
[Wed Apr 15 01:07:25.552858 2026] [log_debug:info] [pid 13744:tid 34443520000] [client 172.190.142.176:10245] #shell2ban.web2ban#9#a12eb9adf151662148ceb0f3cc9188fb#[www.gernrode-harz.de] https://www.gernrode-harz.de GET /fm.php HTTP/1.1 302 "" ""#
[Wed Apr 15 01:07:25.653507 2026] [log_debug:info] [pid 13744:tid 34443520000] [client 172.190.142.176:10245] #shell2ban.web2ban#9#a12eb9adf151662148ceb0f3cc9188fb#[www.gernrode-harz.de] https://www.gernrode-harz.de GET / HTTP/1.1 200 "" ""#
[Wed Apr 15 01:07:25.763352 2026] [log_debug:info] [pid 9025:tid 34445871104] [client 172.190.142.176:10261] #shell2ban.web2ban#9#a12eb9adf151662148ceb0f3cc9188fb#[gernrode-harz.de] http://gernrode-harz.de GET /ioxi001.PhP7 HTTP/1.1 301 "" ""#
[Wed Apr 15 01:07:25.863311 2026] [log_debug:info] [pid 13758:tid 34443509760] [client 172.190.142.176:10296] #shell2ban.web2ban#9#a12eb9adf151662148ceb0f3cc9188fb#[gernrode-harz.de] https://gernrode-harz.de GET /ioxi001.PhP7 HTTP/1.1 301 "" ""#
[Wed Apr 15 01:07:25.964700 2026] [log_debug:info] [pid 13744:tid 34443520000] [client 172.190.142.176:10245] #shell2ban.web2ban#9#a12eb9adf151662148ceb0f3cc9188fb#[www.gernrode-harz.de] https://www.gernrode-harz.de GET /ioxi001.PhP7 HTTP/1.1 302 "" ""#
[Wed Apr 15 01:07:25.968590 2026] [log_debug:info] [pid 13745:tid 34443521280] [client 20.48.184.58:61830] #shell2ban.web2ban#9#a12eb9adf151662148ceb0f3cc9188fb#[salazo.han-solo.net] https://mail.ostsee-urlaub-portal.de GET /err403.php HTTP/1.1 301 "" ""#
[Wed Apr 15 01:07:26.064329 2026] [log_debug:info] [pid 13744:tid 34443520000] [client 172.190.142.176:10245] #shell2ban.web2ban#9#a12eb9adf151662148ceb0f3cc9188fb#[www.gernrode-harz.de] https://www.gernrode-harz.de GET / HTTP/1.1 200 "" ""#
[Wed Apr 15 01:07:26.082597 2026] [log_debug:info] [pid 13758:tid 34445864704] [client 20.48.184.58:65121] #shell2ban.web2ban#9#a12eb9adf151662148ceb0f3cc9188fb#[mail.ostsee-urlaub-portal.de] http://mail.ostsee-urlaub-portal.de GET /ab.php HTTP/1.1 403 "" ""#
[Wed Apr 15 01:07:26.169453 2026] [log_debug:info] [pid 9025:tid 34445871104] [client 172.190.142.176:10261] #shell2ban.web2ban#9#a12eb9adf151662148ceb0f3cc9188fb#[gernrode-harz.de] http://gernrode-harz.de GET /mk.php HTTP/1.1 301 "" ""#
[Wed Apr 15 01:07:26.191487 2026] [log_debug:info] [pid 13745:tid 34443521280] [client 20.48.184.58:61830] #shell2ban.web2ban#9#a12eb9adf151662148ceb0f3cc9188fb#[salazo.han-solo.net] https://mail.ostsee-urlaub-portal.de GET /err403.php HTTP/1.1 301 "" ""#
[Wed Apr 15 01:07:26.269094 2026] [log_debug:info] [pid 13758:tid 34445864704] [client 172.190.142.176:10296] #shell2ban.web2ban#9#a12eb9adf151662148ceb0f3cc9188fb#[gernrode-harz.de] https://gernrode-harz.de GET /mk.php HTTP/1.1 301 "" ""#
[Wed Apr 15 01:07:26.300571 2026] [log_debug:info] [pid 13758:tid 34445864704] [client 20.48.184.58:65121] #shell2ban.web2ban#9#a12eb9adf151662148ceb0f3cc9188fb#[mail.ostsee-urlaub-portal.de] http://mail.ostsee-urlaub-portal.de GET /anonse/lock360.php HTTP/1.1 403 "" ""#
[Wed Apr 15 01:07:26.379368 2026] [log_debug:info] [pid 13744:tid 34443520000] [client 172.190.142.176:10245] #shell2ban.web2ban#9#a12eb9adf151662148ceb0f3cc9188fb#[www.gernrode-harz.de] https://www.gernrode-harz.de GET /mk.php HTTP/1.1 302 "" ""#
[Wed Apr 15 01:07:26.409426 2026] [log_debug:info] [pid 13745:tid 34443521280] [client 20.48.184.58:61830] #shell2ban.web2ban#9#a12eb9adf151662148ceb0f3cc9188fb#[salazo.han-solo.net] https://mail.ostsee-urlaub-portal.de GET /err403.php HTTP/1.1 301 "" ""#
[Wed Apr 15 01:07:26.479242 2026] [log_debug:info] [pid 13744:tid 34443520000] [client 172.190.142.176:10245] #shell2ban.web2ban#9#a12eb9adf151662148ceb0f3cc9188fb#[www.gernrode-harz.de] https://www.gernrode-harz.de GET / HTTP/1.1 200 "" ""#
[Wed Apr 15 01:07:26.518106 2026] [log_debug:info] [pid 13758:tid 34445864704] [client 20.48.184.58:65121] #shell2ban.web2ban#9#a12eb9adf151662148ceb0f3cc9188fb#[mail.ostsee-urlaub-portal.de] http://mail.ostsee-urlaub-portal.de GET /file5.php HTTP/1.1 403 "" ""#
[Wed Apr 15 01:07:26.626817 2026] [log_debug:info] [pid 13745:tid 34443511040] [client 20.48.184.58:61830] #shell2ban.web2ban#9#a12eb9adf151662148ceb0f3cc9188fb#[salazo.han-solo.net] https://mail.ostsee-urlaub-portal.de GET /err403.php HTTP/1.1 301 "" ""#
[Wed Apr 15 01:07:26.769480 2026] [log_debug:info] [pid 13758:tid 34445864704] [client 20.48.184.58:65121] #shell2ban.web2ban#9#a12eb9adf151662148ceb0f3cc9188fb#[mail.ostsee-urlaub-portal.de] http://mail.ostsee-urlaub-portal.de GET /sitemaps.php HTTP/1.1 403 "" ""#
[Wed Apr 15 01:07:26.878220 2026] [log_debug:info] [pid 13745:tid 34443521280] [client 20.48.184.58:61830] #shell2ban.web2ban#9#a12eb9adf151662148ceb0f3cc9188fb#[salazo.han-solo.net] https://mail.ostsee-urlaub-portal.de GET /err403.php HTTP/1.1 301 "" ""#
[Wed Apr 15 01:07:26.987365 2026] [log_debug:info] [pid 13758:tid 34445864704] [client 20.48.184.58:65121] #shell2ban.web2ban#9#a12eb9adf151662148ceb0f3cc9188fb#[mail.ostsee-urlaub-portal.de] http://mail.ostsee-urlaub-portal.de GET /ioxi-o.php HTTP/1.1 403 "" ""#
[Wed Apr 15 01:07:27.125543 2026] [log_debug:info] [pid 13745:tid 34443511040] [client 20.48.184.58:61830] #shell2ban.web2ban#9#a12eb9adf151662148ceb0f3cc9188fb#[salazo.han-solo.net] https://mail.ostsee-urlaub-portal.de GET /err403.php HTTP/1.1 301 "" ""#
[Wed Apr 15 01:07:27.458305 2026] [log_debug:info] [pid 13758:tid 34445864704] [client 20.48.184.58:65121] #shell2ban.web2ban#9#a12eb9adf151662148ceb0f3cc9188fb#[mail.ostsee-urlaub-portal.de] http://mail.ostsee-urlaub-portal.de GET /load.php HTTP/1.1 403 "" ""#
[Wed Apr 15 01:07:27.598545 2026] [log_debug:info] [pid 13745:tid 34443521280] [client 20.48.184.58:61830] #shell2ban.web2ban#9#a12eb9adf151662148ceb0f3cc9188fb#[salazo.han-solo.net] https://mail.ostsee-urlaub-portal.de GET /err403.php HTTP/1.1 301 "" ""#
[Wed Apr 15 01:07:27.710266 2026] [log_debug:info] [pid 13758:tid 34443509760] [client 20.48.184.58:65121] #shell2ban.web2ban#9#a12eb9adf151662148ceb0f3cc9188fb#[mail.ostsee-urlaub-portal.de] http://mail.ostsee-urlaub-portal.de GET /man.php HTTP/1.1 403 "" ""#
[Wed Apr 15 01:07:27.853896 2026] [log_debug:info] [pid 13745:tid 34443521280] [client 20.48.184.58:61830] #shell2ban.web2ban#9#a12eb9adf151662148ceb0f3cc9188fb#[salazo.han-solo.net] https://mail.ostsee-urlaub-portal.de GET /err403.php HTTP/1.1 301 "" ""#
[Wed Apr 15 01:07:27.967174 2026] [log_debug:info] [pid 13758:tid 34443522560] [client 20.48.184.58:65121] #shell2ban.web2ban#9#a12eb9adf151662148ceb0f3cc9188fb#[mail.ostsee-urlaub-portal.de] http://mail.ostsee-urlaub-portal.de GET /flower.php HTTP/1.1 403 "" ""#
[Wed Apr 15 01:07:28.089004 2026] [log_debug:info] [pid 13745:tid 34443511040] [client 20.48.184.58:61830] #shell2ban.web2ban#9#a12eb9adf151662148ceb0f3cc9188fb#[salazo.han-solo.net] https://mail.ostsee-urlaub-portal.de GET /err403.php HTTP/1.1 301 "" ""#
[Wed Apr 15 01:07:28.197810 2026] [log_debug:info] [pid 13758:tid 34445864704] [client 20.48.184.58:65121] #shell2ban.web2ban#9#a12eb9adf151662148ceb0f3cc9188fb#[mail.ostsee-urlaub-portal.de] http://mail.ostsee-urlaub-portal.de GET /Api/api.php HTTP/1.1 403 "" ""#
[Wed Apr 15 01:07:28.793944 2026] [log_debug:info] [pid 13745:tid 34443521280] [client 20.48.184.58:61830] #shell2ban.web2ban#9#a12eb9adf151662148ceb0f3cc9188fb#[salazo.han-solo.net] https://mail.ostsee-urlaub-portal.de GET /err403.php HTTP/1.1 301 "" ""#
[Wed Apr 15 01:07:28.916323 2026] [log_debug:info] [pid 13758:tid 34443509760] [client 20.48.184.58:65121] #shell2ban.web2ban#9#a12eb9adf151662148ceb0f3cc9188fb#[mail.ostsee-urlaub-portal.de] http://mail.ostsee-urlaub-portal.de GET /FileMgrFiles/hui0uh.php HTTP/1.1 403 "" ""#
[Wed Apr 15 01:07:29.041191 2026] [log_debug:info] [pid 13745:tid 34443521280] [client 20.48.184.58:61830] #shell2ban.web2ban#9#a12eb9adf151662148ceb0f3cc9188fb#[salazo.han-solo.net] https://mail.ostsee-urlaub-portal.de GET /err403.php HTTP/1.1 301 "" ""#
[Wed Apr 15 01:07:29.150502 2026] [log_debug:info] [pid 13758:tid 34443509760] [client 20.48.184.58:65121] #shell2ban.web2ban#9#a12eb9adf151662148ceb0f3cc9188fb#[mail.ostsee-urlaub-portal.de] http://mail.ostsee-urlaub-portal.de GET /Yanzmini.php HTTP/1.1 403 "" ""#
[Wed Apr 15 01:07:29.258956 2026] [log_debug:info] [pid 13745:tid 34443521280] [client 20.48.184.58:61830] #shell2ban.web2ban#9#a12eb9adf151662148ceb0f3cc9188fb#[salazo.han-solo.net] https://mail.ostsee-urlaub-portal.de GET /err403.php HTTP/1.1 301 "" ""#
[Wed Apr 15 01:07:29.386667 2026] [log_debug:info] [pid 13758:tid 34443509760] [client 20.48.184.58:65121] #shell2ban.web2ban#9#a12eb9adf151662148ceb0f3cc9188fb#[mail.ostsee-urlaub-portal.de] http://mail.ostsee-urlaub-portal.de GET /aff.php HTTP/1.1 403 "" ""#
[Wed Apr 15 01:07:29.495898 2026] [log_debug:info] [pid 13745:tid 34443511040] [client 20.48.184.58:61830] #shell2ban.web2ban#9#a12eb9adf151662148ceb0f3cc9188fb#[salazo.han-solo.net] https://mail.ostsee-urlaub-portal.de GET /err403.php HTTP/1.1 301 "" ""#
[Wed Apr 15 01:07:29.990694 2026] [log_debug:info] [pid 13758:tid 34443509760] [client 20.48.184.58:65121] #shell2ban.web2ban#9#a12eb9adf151662148ceb0f3cc9188fb#[mail.ostsee-urlaub-portal.de] http://mail.ostsee-urlaub-portal.de GET /asasx.php HTTP/1.1 403 "" ""#
[Wed Apr 15 01:07:30.115050 2026] [log_debug:info] [pid 13745:tid 34443511040] [client 20.48.184.58:61830] #shell2ban.web2ban#9#a12eb9adf151662148ceb0f3cc9188fb#[salazo.han-solo.net] https://mail.ostsee-urlaub-portal.de GET /err403.php HTTP/1.1 301 "" ""#
[Wed Apr 15 01:07:30.134320 2026] [core:notice] [pid 13762:tid 34443523840] AH00113: /usr/local/www/apache24/noexec/ausflugsburgen/.htaccess:10 cannot use a full URL in a 401 ErrorDocument directive --- ignoring!
[Wed Apr 15 01:07:30.223789 2026] [log_debug:info] [pid 13758:tid 34443509760] [client 20.48.184.58:65121] #shell2ban.web2ban#9#a12eb9adf151662148ceb0f3cc9188fb#[mail.ostsee-urlaub-portal.de] http://mail.ostsee-urlaub-portal.de GET /auth.php HTTP/1.1 403 "" ""#
[Wed Apr 15 01:07:30.539991 2026] [log_debug:info] [pid 13745:tid 34443511040] [client 20.48.184.58:61830] #shell2ban.web2ban#9#a12eb9adf151662148ceb0f3cc9188fb#[salazo.han-solo.net] https://mail.ostsee-urlaub-portal.de GET /err403.php HTTP/1.1 301 "" ""#
[Wed Apr 15 01:07:30.648854 2026] [log_debug:info] [pid 13758:tid 34443511040] [client 20.48.184.58:65121] #shell2ban.web2ban#9#a12eb9adf151662148ceb0f3cc9188fb#[mail.ostsee-urlaub-portal.de] http://mail.ostsee-urlaub-portal.de GET /backup/index.php HTTP/1.1 403 "" ""#
[Wed Apr 15 01:07:30.759297 2026] [log_debug:info] [pid 13745:tid 34443511040] [client 20.48.184.58:61830] #shell2ban.web2ban#9#a12eb9adf151662148ceb0f3cc9188fb#[salazo.han-solo.net] https://mail.ostsee-urlaub-portal.de GET /err403.php HTTP/1.1 301 "" ""#
[Wed Apr 15 01:07:30.891166 2026] [log_debug:info] [pid 13758:tid 34443522560] [client 20.48.184.58:65121] #shell2ban.web2ban#9#a12eb9adf151662148ceb0f3cc9188fb#[mail.ostsee-urlaub-portal.de] http://mail.ostsee-urlaub-portal.de GET /cache.php HTTP/1.1 403 "" ""#
[Wed Apr 15 01:07:30.935014 2026] [core:notice] [pid 13759:tid 34443526400] AH00113: /usr/local/www/apache24/noexec/ausflugswissen/.htaccess:10 cannot use a full URL in a 401 ErrorDocument directive --- ignoring!
[Wed Apr 15 01:07:30.939584 2026] [core:notice] [pid 9025:tid 34445871104] AH00113: /usr/local/www/apache24/noexec/ausflugsziele/.htaccess:10 cannot use a full URL in a 401 ErrorDocument directive --- ignoring!
[Wed Apr 15 01:07:30.985958 2026] [core:notice] [pid 13744:tid 34443521280] AH00113: /usr/local/www/apache24/noexec/ausflugsziele/.htaccess:10 cannot use a full URL in a 401 ErrorDocument directive --- ignoring!
[Wed Apr 15 01:07:31.015338 2026] [log_debug:info] [pid 13745:tid 34443511040] [client 20.48.184.58:61830] #shell2ban.web2ban#9#a12eb9adf151662148ceb0f3cc9188fb#[salazo.han-solo.net] https://mail.ostsee-urlaub-portal.de GET /err403.php HTTP/1.1 301 "" ""#
[Wed Apr 15 01:07:31.179401 2026] [core:notice] [pid 13758:tid 34443525120] AH00113: /usr/local/www/apache24/noexec/ausflugsburgen/.htaccess:10 cannot use a full URL in a 401 ErrorDocument directive --- ignoring!
[Wed Apr 15 01:07:31.193563 2026] [log_debug:info] [pid 13758:tid 34443525120] [client 20.48.184.58:65121] #shell2ban.web2ban#9#a12eb9adf151662148ceb0f3cc9188fb#[mail.ostsee-urlaub-portal.de] http://mail.ostsee-urlaub-portal.de GET /class-wp.php HTTP/1.1 403 "" ""#
[Wed Apr 15 01:07:31.484063 2026] [log_debug:info] [pid 13745:tid 34443511040] [client 20.48.184.58:61830] #shell2ban.web2ban#9#a12eb9adf151662148ceb0f3cc9188fb#[salazo.han-solo.net] https://mail.ostsee-urlaub-portal.de GET /err403.php HTTP/1.1 301 "" ""#
[Wed Apr 15 01:07:31.596338 2026] [log_debug:info] [pid 13758:tid 34443525120] [client 20.48.184.58:65121] #shell2ban.web2ban#9#a12eb9adf151662148ceb0f3cc9188fb#[mail.ostsee-urlaub-portal.de] http://mail.ostsee-urlaub-portal.de GET /date.php HTTP/1.1 403 "" ""#
[Wed Apr 15 01:07:31.706035 2026] [log_debug:info] [pid 13745:tid 34443512320] [client 20.48.184.58:61830] #shell2ban.web2ban#9#a12eb9adf151662148ceb0f3cc9188fb#[salazo.han-solo.net] https://mail.ostsee-urlaub-portal.de GET /err403.php HTTP/1.1 301 "" ""#
[Wed Apr 15 01:07:31.752321 2026] [core:notice] [pid 13756:tid 34443520000] AH00113: /usr/local/www/apache24/noexec/ausflugsziele/.htaccess:10 cannot use a full URL in a 401 ErrorDocument directive --- ignoring!
[Wed Apr 15 01:07:31.762788 2026] [core:notice] [pid 13758:tid 34443511040] AH00113: /usr/local/www/apache24/noexec/ausflugsziele/.htaccess:10 cannot use a full URL in a 401 ErrorDocument directive --- ignoring!
[Wed Apr 15 01:07:31.815096 2026] [log_debug:info] [pid 13758:tid 34443509760] [client 20.48.184.58:65121] #shell2ban.web2ban#9#a12eb9adf151662148ceb0f3cc9188fb#[mail.ostsee-urlaub-portal.de] http://mail.ostsee-urlaub-portal.de GET /delpaths.php HTTP/1.1 403 "" ""#
[Wed Apr 15 01:07:31.926969 2026] [log_debug:info] [pid 13745:tid 34443512320] [client 20.48.184.58:61830] #shell2ban.web2ban#9#a12eb9adf151662148ceb0f3cc9188fb#[salazo.han-solo.net] https://mail.ostsee-urlaub-portal.de GET /err403.php HTTP/1.1 301 "" ""#
[Wed Apr 15 01:07:32.041616 2026] [log_debug:info] [pid 13758:tid 34443509760] [client 20.48.184.58:65121] #shell2ban.web2ban#9#a12eb9adf151662148ceb0f3cc9188fb#[mail.ostsee-urlaub-portal.de] http://mail.ostsee-urlaub-portal.de GET /engine.php HTTP/1.1 403 "" ""#
[Wed Apr 15 01:07:32.053088 2026] [core:notice] [pid 13758:tid 34443522560] AH00113: /usr/local/www/apache24/noexec/ausflugswissen/.htaccess:10 cannot use a full URL in a 401 ErrorDocument directive --- ignoring!
[Wed Apr 15 01:07:32.055406 2026] [core:notice] [pid 13745:tid 34443511040] AH00113: /usr/local/www/apache24/noexec/ausflugsziele/.htaccess:10 cannot use a full URL in a 401 ErrorDocument directive --- ignoring!
[Wed Apr 15 01:07:32.179203 2026] [log_debug:info] [pid 13745:tid 34443512320] [client 20.48.184.58:61830] #shell2ban.web2ban#9#a12eb9adf151662148ceb0f3cc9188fb#[salazo.han-solo.net] https://mail.ostsee-urlaub-portal.de GET /err403.php HTTP/1.1 301 "" ""#
[Wed Apr 15 01:07:32.289070 2026] [log_debug:info] [pid 13758:tid 34443522560] [client 20.48.184.58:65121] #shell2ban.web2ban#9#a12eb9adf151662148ceb0f3cc9188fb#[mail.ostsee-urlaub-portal.de] http://mail.ostsee-urlaub-portal.de GET /fix.php HTTP/1.1 403 "" ""#
[Wed Apr 15 01:07:32.398438 2026] [log_debug:info] [pid 13745:tid 34443512320] [client 20.48.184.58:61830] #shell2ban.web2ban#9#a12eb9adf151662148ceb0f3cc9188fb#[salazo.han-solo.net] https://mail.ostsee-urlaub-portal.de GET /err403.php HTTP/1.1 301 "" ""#
[Wed Apr 15 01:07:32.507064 2026] [log_debug:info] [pid 13758:tid 34443511040] [client 20.48.184.58:65121] #shell2ban.web2ban#9#a12eb9adf151662148ceb0f3cc9188fb#[mail.ostsee-urlaub-portal.de] http://mail.ostsee-urlaub-portal.de GET /fonts.php HTTP/1.1 403 "" ""#
[Wed Apr 15 01:07:32.617756 2026] [log_debug:info] [pid 13745:tid 34443512320] [client 20.48.184.58:61830] #shell2ban.web2ban#9#a12eb9adf151662148ceb0f3cc9188fb#[salazo.han-solo.net] https://mail.ostsee-urlaub-portal.de GET /err403.php HTTP/1.1 301 "" ""#
[Wed Apr 15 01:07:32.677948 2026] [core:notice] [pid 13756:tid 34443509760] AH00113: /usr/local/www/apache24/noexec/ausflugsziele/.htaccess:10 cannot use a full URL in a 401 ErrorDocument directive --- ignoring!
[Wed Apr 15 01:07:32.726266 2026] [log_debug:info] [pid 13758:tid 34443511040] [client 20.48.184.58:65121] #shell2ban.web2ban#9#a12eb9adf151662148ceb0f3cc9188fb#[mail.ostsee-urlaub-portal.de] http://mail.ostsee-urlaub-portal.de GET /item.php HTTP/1.1 403 "" ""#
[Wed Apr 15 01:07:32.820214 2026] [core:notice] [pid 13758:tid 34443522560] AH00113: /usr/local/www/apache24/noexec/ausflugswissen/.htaccess:10 cannot use a full URL in a 401 ErrorDocument directive --- ignoring!
[Wed Apr 15 01:07:32.852991 2026] [log_debug:info] [pid 13745:tid 34443512320] [client 20.48.184.58:61830] #shell2ban.web2ban#9#a12eb9adf151662148ceb0f3cc9188fb#[salazo.han-solo.net] https://mail.ostsee-urlaub-portal.de GET /err403.php HTTP/1.1 301 "" ""#
[Wed Apr 15 01:07:32.961625 2026] [log_debug:info] [pid 13758:tid 34443511040] [client 20.48.184.58:65121] #shell2ban.web2ban#9#a12eb9adf151662148ceb0f3cc9188fb#[mail.ostsee-urlaub-portal.de] http://mail.ostsee-urlaub-portal.de GET /man.php7 HTTP/1.1 403 "" ""#
[Wed Apr 15 01:07:33.074678 2026] [log_debug:info] [pid 13745:tid 34443512320] [client 20.48.184.58:61830] #shell2ban.web2ban#9#a12eb9adf151662148ceb0f3cc9188fb#[salazo.han-solo.net] https://mail.ostsee-urlaub-portal.de GET /err403.php HTTP/1.1 301 "" ""#
[Wed Apr 15 01:07:33.183756 2026] [log_debug:info] [pid 13758:tid 34443522560] [client 20.48.184.58:65121] #shell2ban.web2ban#9#a12eb9adf151662148ceb0f3cc9188fb#[mail.ostsee-urlaub-portal.de] http://mail.ostsee-urlaub-portal.de GET /manager.php HTTP/1.1 403 "" ""#
[Wed Apr 15 01:07:33.292310 2026] [log_debug:info] [pid 13745:tid 34443525120] [client 20.48.184.58:61830] #shell2ban.web2ban#9#a12eb9adf151662148ceb0f3cc9188fb#[salazo.han-solo.net] https://mail.ostsee-urlaub-portal.de GET /err403.php HTTP/1.1 301 "" ""#
[Wed Apr 15 01:07:33.402002 2026] [log_debug:info] [pid 13758:tid 34443511040] [client 20.48.184.58:65121] #shell2ban.web2ban#9#a12eb9adf151662148ceb0f3cc9188fb#[mail.ostsee-urlaub-portal.de] http://mail.ostsee-urlaub-portal.de GET /mango.php HTTP/1.1 403 "" ""#
[Wed Apr 15 01:07:33.514169 2026] [log_debug:info] [pid 13745:tid 34445863424] [client 20.48.184.58:61830] #shell2ban.web2ban#9#a12eb9adf151662148ceb0f3cc9188fb#[salazo.han-solo.net] https://mail.ostsee-urlaub-portal.de GET /err403.php HTTP/1.1 301 "" ""#
[Wed Apr 15 01:07:33.853267 2026] [log_debug:info] [pid 13758:tid 34443511040] [client 20.48.184.58:65121] #shell2ban.web2ban#9#a12eb9adf151662148ceb0f3cc9188fb#[mail.ostsee-urlaub-portal.de] http://mail.ostsee-urlaub-portal.de GET /memberfuns.php HTTP/1.1 403 "" ""#
[Wed Apr 15 01:07:33.962300 2026] [log_debug:info] [pid 13745:tid 34443525120] [client 20.48.184.58:61830] #shell2ban.web2ban#9#a12eb9adf151662148ceb0f3cc9188fb#[salazo.han-solo.net] https://mail.ostsee-urlaub-portal.de GET /err403.php HTTP/1.1 301 "" ""#
[Wed Apr 15 01:07:34.072100 2026] [log_debug:info] [pid 13758:tid 34443511040] [client 20.48.184.58:65121] #shell2ban.web2ban#9#a12eb9adf151662148ceb0f3cc9188fb#[mail.ostsee-urlaub-portal.de] http://mail.ostsee-urlaub-portal.de GET /menu-header.php HTTP/1.1 403 "" ""#
[Wed Apr 15 01:07:34.215181 2026] [log_debug:info] [pid 13745:tid 34443525120] [client 20.48.184.58:61830] #shell2ban.web2ban#9#a12eb9adf151662148ceb0f3cc9188fb#[salazo.han-solo.net] https://mail.ostsee-urlaub-portal.de GET /err403.php HTTP/1.1 301 "" ""#
[Wed Apr 15 01:07:34.323808 2026] [log_debug:info] [pid 13758:tid 34443511040] [client 20.48.184.58:65121] #shell2ban.web2ban#9#a12eb9adf151662148ceb0f3cc9188fb#[mail.ostsee-urlaub-portal.de] http://mail.ostsee-urlaub-portal.de GET /network.php HTTP/1.1 403 "" ""#
[Wed Apr 15 01:07:34.434800 2026] [log_debug:info] [pid 13745:tid 34443525120] [client 20.48.184.58:61830] #shell2ban.web2ban#9#a12eb9adf151662148ceb0f3cc9188fb#[salazo.han-solo.net] https://mail.ostsee-urlaub-portal.de GET /err403.php HTTP/1.1 301 "" ""#
[Wed Apr 15 01:07:34.545188 2026] [log_debug:info] [pid 13758:tid 34443511040] [client 20.48.184.58:65121] #shell2ban.web2ban#9#a12eb9adf151662148ceb0f3cc9188fb#[mail.ostsee-urlaub-portal.de] http://mail.ostsee-urlaub-portal.de GET /signup.php HTTP/1.1 403 "" ""#
[Wed Apr 15 01:07:34.761199 2026] [log_debug:info] [pid 13745:tid 34445863424] [client 20.48.184.58:61830] #shell2ban.web2ban#9#a12eb9adf151662148ceb0f3cc9188fb#[salazo.han-solo.net] https://mail.ostsee-urlaub-portal.de GET /err403.php HTTP/1.1 301 "" ""#
[Wed Apr 15 01:07:35.088589 2026] [log_debug:info] [pid 13758:tid 34443511040] [client 20.48.184.58:65121] #shell2ban.web2ban#9#a12eb9adf151662148ceb0f3cc9188fb#[mail.ostsee-urlaub-portal.de] http://mail.ostsee-urlaub-portal.de GET /solevisible.php HTTP/1.1 403 "" ""#
[Wed Apr 15 01:07:35.226375 2026] [log_debug:info] [pid 13745:tid 34443525120] [client 20.48.184.58:61830] #shell2ban.web2ban#9#a12eb9adf151662148ceb0f3cc9188fb#[salazo.han-solo.net] https://mail.ostsee-urlaub-portal.de GET /err403.php HTTP/1.1 301 "" ""#
[Wed Apr 15 01:07:35.338035 2026] [log_debug:info] [pid 13758:tid 34443511040] [client 20.48.184.58:65121] #shell2ban.web2ban#9#a12eb9adf151662148ceb0f3cc9188fb#[mail.ostsee-urlaub-portal.de] http://mail.ostsee-urlaub-portal.de GET /wp-admin/users.php HTTP/1.1 403 "" ""#
[Wed Apr 15 01:07:35.446732 2026] [log_debug:info] [pid 13745:tid 34443525120] [client 20.48.184.58:61830] #shell2ban.web2ban#9#a12eb9adf151662148ceb0f3cc9188fb#[salazo.han-solo.net] https://mail.ostsee-urlaub-portal.de GET /err403.php HTTP/1.1 301 "" ""#
[Wed Apr 15 01:07:35.557276 2026] [log_debug:info] [pid 13758:tid 34443511040] [client 20.48.184.58:65121] #shell2ban.web2ban#9#a12eb9adf151662148ceb0f3cc9188fb#[mail.ostsee-urlaub-portal.de] http://mail.ostsee-urlaub-portal.de GET /wp-setting.php HTTP/1.1 403 "" ""#
[Wed Apr 15 01:07:35.687968 2026] [log_debug:info] [pid 13745:tid 34443525120] [client 20.48.184.58:61830] #shell2ban.web2ban#9#a12eb9adf151662148ceb0f3cc9188fb#[salazo.han-solo.net] https://mail.ostsee-urlaub-portal.de GET /err403.php HTTP/1.1 301 "" ""#
[Wed Apr 15 01:07:35.798464 2026] [log_debug:info] [pid 13758:tid 34443511040] [client 20.48.184.58:65121] #shell2ban.web2ban#9#a12eb9adf151662148ceb0f3cc9188fb#[mail.ostsee-urlaub-portal.de] http://mail.ostsee-urlaub-portal.de GET /wp-comments-pos.php HTTP/1.1 403 "" ""#
[Wed Apr 15 01:07:35.937311 2026] [log_debug:info] [pid 13745:tid 34445863424] [client 20.48.184.58:61830] #shell2ban.web2ban#9#a12eb9adf151662148ceb0f3cc9188fb#[salazo.han-solo.net] https://mail.ostsee-urlaub-portal.de GET /err403.php HTTP/1.1 301 "" ""#
[Wed Apr 15 01:07:36.046733 2026] [log_debug:info] [pid 13758:tid 34443509760] [client 20.48.184.58:65121] #shell2ban.web2ban#9#a12eb9adf151662148ceb0f3cc9188fb#[mail.ostsee-urlaub-portal.de] http://mail.ostsee-urlaub-portal.de GET /wp-link.php HTTP/1.1 403 "" ""#
[Wed Apr 15 01:07:36.295899 2026] [log_debug:info] [pid 13745:tid 34445863424] [client 20.48.184.58:61830] #shell2ban.web2ban#9#a12eb9adf151662148ceb0f3cc9188fb#[salazo.han-solo.net] https://mail.ostsee-urlaub-portal.de GET /err403.php HTTP/1.1 301 "" ""#
[Wed Apr 15 01:07:36.405299 2026] [log_debug:info] [pid 13758:tid 34443511040] [client 20.48.184.58:65121] #shell2ban.web2ban#9#a12eb9adf151662148ceb0f3cc9188fb#[mail.ostsee-urlaub-portal.de] http://mail.ostsee-urlaub-portal.de GET /wp-cro.php HTTP/1.1 403 "" ""#
[Wed Apr 15 01:07:36.554713 2026] [log_debug:info] [pid 13745:tid 34445863424] [client 20.48.184.58:61830] #shell2ban.web2ban#9#a12eb9adf151662148ceb0f3cc9188fb#[salazo.han-solo.net] https://mail.ostsee-urlaub-portal.de GET /err403.php HTTP/1.1 301 "" ""#
[Wed Apr 15 01:07:36.685312 2026] [log_debug:info] [pid 13758:tid 34443511040] [client 20.48.184.58:65121] #shell2ban.web2ban#9#a12eb9adf151662148ceb0f3cc9188fb#[mail.ostsee-urlaub-portal.de] http://mail.ostsee-urlaub-portal.de GET /wp-includes/Requests/abou.php HTTP/1.1 403 "" ""#
[Wed Apr 15 01:07:36.819283 2026] [log_debug:info] [pid 13745:tid 34445863424] [client 20.48.184.58:61830] #shell2ban.web2ban#9#a12eb9adf151662148ceb0f3cc9188fb#[salazo.han-solo.net] https://mail.ostsee-urlaub-portal.de GET /err403.php HTTP/1.1 301 "" ""#
[Wed Apr 15 01:07:36.940944 2026] [log_debug:info] [pid 13758:tid 34443509760] [client 20.48.184.58:65121] #shell2ban.web2ban#9#a12eb9adf151662148ceb0f3cc9188fb#[mail.ostsee-urlaub-portal.de] http://mail.ostsee-urlaub-portal.de GET /map.php HTTP/1.1 403 "" ""#
[Wed Apr 15 01:07:37.054295 2026] [log_debug:info] [pid 13745:tid 34445863424] [client 20.48.184.58:61830] #shell2ban.web2ban#9#a12eb9adf151662148ceb0f3cc9188fb#[salazo.han-solo.net] https://mail.ostsee-urlaub-portal.de GET /err403.php HTTP/1.1 301 "" ""#
[Wed Apr 15 01:07:37.166201 2026] [log_debug:info] [pid 13758:tid 34443509760] [client 20.48.184.58:65121] #shell2ban.web2ban#9#a12eb9adf151662148ceb0f3cc9188fb#[mail.ostsee-urlaub-portal.de] http://mail.ostsee-urlaub-portal.de GET /wp-includes/ioxi-o.php HTTP/1.1 403 "" ""#
[Wed Apr 15 01:07:37.276304 2026] [log_debug:info] [pid 13745:tid 34445863424] [client 20.48.184.58:61830] #shell2ban.web2ban#9#a12eb9adf151662148ceb0f3cc9188fb#[salazo.han-solo.net] https://mail.ostsee-urlaub-portal.de GET /err403.php HTTP/1.1 301 "" ""#
[Wed Apr 15 01:07:37.386766 2026] [log_debug:info] [pid 13758:tid 34443509760] [client 20.48.184.58:65121] #shell2ban.web2ban#9#a12eb9adf151662148ceb0f3cc9188fb#[mail.ostsee-urlaub-portal.de] http://mail.ostsee-urlaub-portal.de GET /wp-mai.php HTTP/1.1 403 "" ""#
[Wed Apr 15 01:07:37.496129 2026] [log_debug:info] [pid 13745:tid 34445863424] [client 20.48.184.58:61830] #shell2ban.web2ban#9#a12eb9adf151662148ceb0f3cc9188fb#[salazo.han-solo.net] https://mail.ostsee-urlaub-portal.de GET /err403.php HTTP/1.1 301 "" ""#
[Wed Apr 15 01:07:37.925470 2026] [log_debug:info] [pid 13758:tid 34443509760] [client 20.48.184.58:65121] #shell2ban.web2ban#9#a12eb9adf151662148ceb0f3cc9188fb#[mail.ostsee-urlaub-portal.de] http://mail.ostsee-urlaub-portal.de GET /wp-taglin.php HTTP/1.1 403 "" ""#
[Wed Apr 15 01:07:38.050226 2026] [log_debug:info] [pid 13745:tid 34445863424] [client 20.48.184.58:61830] #shell2ban.web2ban#9#a12eb9adf151662148ceb0f3cc9188fb#[salazo.han-solo.net] https://mail.ostsee-urlaub-portal.de GET /err403.php HTTP/1.1 301 "" ""#
[Wed Apr 15 01:07:38.169048 2026] [log_debug:info] [pid 13758:tid 34443509760] [client 20.48.184.58:65121] #shell2ban.web2ban#9#a12eb9adf151662148ceb0f3cc9188fb#[mail.ostsee-urlaub-portal.de] http://mail.ostsee-urlaub-portal.de GET /wp-editor.php HTTP/1.1 403 "" ""#
[Wed Apr 15 01:07:38.278032 2026] [log_debug:info] [pid 13745:tid 34443512320] [client 20.48.184.58:61830] #shell2ban.web2ban#9#a12eb9adf151662148ceb0f3cc9188fb#[salazo.han-solo.net] https://mail.ostsee-urlaub-portal.de GET /err403.php HTTP/1.1 301 "" ""#
